{"id":15341,"date":"2019-08-02T09:45:29","date_gmt":"2019-08-02T15:45:29","guid":{"rendered":"https:\/\/itemsind.com\/tienda\/product\/cobertor-para-cabeza-tyvek-deluxe\/"},"modified":"2026-02-23T16:30:23","modified_gmt":"2026-02-23T22:30:23","slug":"cobertor-para-cabeza-tyvek-deluxe","status":"publish","type":"product","link":"https:\/\/itemsind.com\/tienda\/producto\/cobertor-para-cabeza-tyvek-deluxe\/","title":{"rendered":"Cobertor para Cabeza TYVEK &#8211; Deluxe"},"content":{"rendered":"","protected":false},"excerpt":{"rendered":"<p>Capucha Deluxe de doble babero de repuesto con suspensi\u00f3n y tubo inferior<\/p>\n<p>El dise\u00f1o de nuestra exclusiva capucha con doble babero ofrece una protecci\u00f3n a\u00fan mayor para los trabajadores al permitir espacio adicional para un casco.\u00a0Tubo de bajada ligero, resistente y reforzado con conexi\u00f3n giratoria para mayor flexibilidad.\u00a0El dise\u00f1o de canal de aire dividido entrega aire dentro del cap\u00f3 alrededor del \u00e1rea del templo.\u00a0El estilo de doble babero significa una mayor protecci\u00f3n simplemente colocando la capa interna en la ropa protectora.\u00a0N\u00famero de aprobaci\u00f3n de NIOSH TC-19C-409.\u00a0Se ofrece en una amplia variedad de configuraciones que se enumeran a continuaci\u00f3n.<\/p>\n<p><b>NIOSH aprobado.<\/b><\/p>\n","protected":false},"featured_media":15340,"template":"","meta":[],"product_brand":[],"product_cat":[1396,1300,2064,1336],"product_tag":[2030,1450,1472,1473,1664,2201,2280,1892,1665],"class_list":{"0":"post-15341","1":"product","2":"type-product","3":"status-publish","4":"has-post-thumbnail","6":"product_cat-proteccion-de-cabeza","7":"product_cat-categorias-prodcutos","8":"product_cat-proteccion","9":"product_cat-proteccion-ropa","10":"product_tag-bioseguridad","11":"product_tag-cabeza","12":"product_tag-capucha","13":"product_tag-cobertor","14":"product_tag-cobertor-para-cabeza","15":"product_tag-proteccion","16":"product_tag-ropa","17":"product_tag-traje","18":"product_tag-tyvek","21":"onbackorder","22":"taxable","23":"shipping-taxable","24":"product-type-simple"},"yoast_head":"<!-- This site is optimized with the Yoast SEO plugin v27.4 - https:\/\/yoast.com\/product\/yoast-seo-wordpress\/ -->\n<title>Cobertor para Cabeza TYVEK - Deluxe - Items Industriales<\/title>\n<meta name=\"robots\" content=\"index, follow, max-snippet:-1, max-image-preview:large, max-video-preview:-1\" \/>\n<link rel=\"canonical\" href=\"https:\/\/itemsind.com\/tienda\/producto\/cobertor-para-cabeza-tyvek-deluxe\/\" \/>\n<meta property=\"og:locale\" content=\"es_ES\" \/>\n<meta property=\"og:type\" content=\"article\" \/>\n<meta property=\"og:title\" content=\"Cobertor para Cabeza TYVEK - Deluxe - Items Industriales\" \/>\n<meta property=\"og:description\" content=\"Capucha Deluxe de doble babero de repuesto con suspensi\u00f3n y tubo inferior  El dise\u00f1o de nuestra exclusiva capucha con doble babero ofrece una protecci\u00f3n a\u00fan mayor para los trabajadores al permitir espacio adicional para un casco.\u00a0Tubo de bajada ligero, resistente y reforzado con conexi\u00f3n giratoria para mayor flexibilidad.\u00a0El dise\u00f1o de canal de aire dividido entrega aire dentro del cap\u00f3 alrededor del \u00e1rea del templo.\u00a0El estilo de doble babero significa una mayor protecci\u00f3n simplemente colocando la capa interna en la ropa protectora.\u00a0N\u00famero de aprobaci\u00f3n de NIOSH TC-19C-409.\u00a0Se ofrece en una amplia variedad de configuraciones que se enumeran a continuaci\u00f3n.  NIOSH aprobado.\" \/>\n<meta property=\"og:url\" content=\"https:\/\/itemsind.com\/tienda\/producto\/cobertor-para-cabeza-tyvek-deluxe\/\" \/>\n<meta property=\"og:site_name\" content=\"Items Industriales\" \/>\n<meta property=\"article:publisher\" content=\"https:\/\/www.facebook.com\/itemsind\" \/>\n<meta property=\"article:modified_time\" content=\"2026-02-23T22:30:23+00:00\" \/>\n<meta property=\"og:image\" content=\"https:\/\/itemsind.com\/tienda\/wp-content\/uploads\/2019\/08\/2202-thickbox_default-Capucha-TYVEK-e1771885799494.jpg\" \/>\n\t<meta property=\"og:image:width\" content=\"485\" \/>\n\t<meta property=\"og:image:height\" content=\"442\" \/>\n\t<meta property=\"og:image:type\" content=\"image\/jpeg\" \/>\n<meta name=\"twitter:card\" content=\"summary_large_image\" \/>\n<meta name=\"twitter:label1\" content=\"Tiempo de lectura\" \/>\n\t<meta name=\"twitter:data1\" content=\"1 minuto\" \/>\n<script type=\"application\/ld+json\" class=\"yoast-schema-graph\">{\"@context\":\"https:\\\/\\\/schema.org\",\"@graph\":[{\"@type\":\"WebPage\",\"@id\":\"https:\\\/\\\/itemsind.com\\\/tienda\\\/producto\\\/cobertor-para-cabeza-tyvek-deluxe\\\/\",\"url\":\"https:\\\/\\\/itemsind.com\\\/tienda\\\/producto\\\/cobertor-para-cabeza-tyvek-deluxe\\\/\",\"name\":\"Cobertor para Cabeza TYVEK - Deluxe - Items Industriales\",\"isPartOf\":{\"@id\":\"https:\\\/\\\/itemsind.com\\\/tienda\\\/#website\"},\"primaryImageOfPage\":{\"@id\":\"https:\\\/\\\/itemsind.com\\\/tienda\\\/producto\\\/cobertor-para-cabeza-tyvek-deluxe\\\/#primaryimage\"},\"image\":{\"@id\":\"https:\\\/\\\/itemsind.com\\\/tienda\\\/producto\\\/cobertor-para-cabeza-tyvek-deluxe\\\/#primaryimage\"},\"thumbnailUrl\":\"https:\\\/\\\/itemsind.com\\\/tienda\\\/wp-content\\\/uploads\\\/2019\\\/08\\\/2202-thickbox_default-Capucha-TYVEK-e1771885799494.jpg\",\"datePublished\":\"2019-08-02T15:45:29+00:00\",\"dateModified\":\"2026-02-23T22:30:23+00:00\",\"breadcrumb\":{\"@id\":\"https:\\\/\\\/itemsind.com\\\/tienda\\\/producto\\\/cobertor-para-cabeza-tyvek-deluxe\\\/#breadcrumb\"},\"inLanguage\":\"es\",\"potentialAction\":[{\"@type\":\"ReadAction\",\"target\":[\"https:\\\/\\\/itemsind.com\\\/tienda\\\/producto\\\/cobertor-para-cabeza-tyvek-deluxe\\\/\"]}]},{\"@type\":\"ImageObject\",\"inLanguage\":\"es\",\"@id\":\"https:\\\/\\\/itemsind.com\\\/tienda\\\/producto\\\/cobertor-para-cabeza-tyvek-deluxe\\\/#primaryimage\",\"url\":\"https:\\\/\\\/itemsind.com\\\/tienda\\\/wp-content\\\/uploads\\\/2019\\\/08\\\/2202-thickbox_default-Capucha-TYVEK-e1771885799494.jpg\",\"contentUrl\":\"https:\\\/\\\/itemsind.com\\\/tienda\\\/wp-content\\\/uploads\\\/2019\\\/08\\\/2202-thickbox_default-Capucha-TYVEK-e1771885799494.jpg\",\"width\":485,\"height\":442,\"caption\":\"Capucha TYVEK\"},{\"@type\":\"BreadcrumbList\",\"@id\":\"https:\\\/\\\/itemsind.com\\\/tienda\\\/producto\\\/cobertor-para-cabeza-tyvek-deluxe\\\/#breadcrumb\",\"itemListElement\":[{\"@type\":\"ListItem\",\"position\":1,\"name\":\"Portada\",\"item\":\"https:\\\/\\\/itemsind.com\\\/tienda\\\/\"},{\"@type\":\"ListItem\",\"position\":2,\"name\":\"Tienda\",\"item\":\"https:\\\/\\\/itemsind.com\\\/tienda\\\/tienda\\\/\"},{\"@type\":\"ListItem\",\"position\":3,\"name\":\"Cobertor para Cabeza TYVEK &#8211; Deluxe\"}]},{\"@type\":\"WebSite\",\"@id\":\"https:\\\/\\\/itemsind.com\\\/tienda\\\/#website\",\"url\":\"https:\\\/\\\/itemsind.com\\\/tienda\\\/\",\"name\":\"Items Industriales\",\"description\":\"Productos y Servicios para Seguridad Industrial\",\"publisher\":{\"@id\":\"https:\\\/\\\/itemsind.com\\\/tienda\\\/#organization\"},\"potentialAction\":[{\"@type\":\"SearchAction\",\"target\":{\"@type\":\"EntryPoint\",\"urlTemplate\":\"https:\\\/\\\/itemsind.com\\\/tienda\\\/?s={search_term_string}\"},\"query-input\":{\"@type\":\"PropertyValueSpecification\",\"valueRequired\":true,\"valueName\":\"search_term_string\"}}],\"inLanguage\":\"es\"},{\"@type\":\"Organization\",\"@id\":\"https:\\\/\\\/itemsind.com\\\/tienda\\\/#organization\",\"name\":\"Items Industriales\",\"url\":\"https:\\\/\\\/itemsind.com\\\/tienda\\\/\",\"logo\":{\"@type\":\"ImageObject\",\"inLanguage\":\"es\",\"@id\":\"https:\\\/\\\/itemsind.com\\\/tienda\\\/#\\\/schema\\\/logo\\\/image\\\/\",\"url\":\"https:\\\/\\\/itemsind.com\\\/tienda\\\/wp-content\\\/uploads\\\/2023\\\/11\\\/items-logo-principal.jpg\",\"contentUrl\":\"https:\\\/\\\/itemsind.com\\\/tienda\\\/wp-content\\\/uploads\\\/2023\\\/11\\\/items-logo-principal.jpg\",\"width\":2120,\"height\":793,\"caption\":\"Items Industriales\"},\"image\":{\"@id\":\"https:\\\/\\\/itemsind.com\\\/tienda\\\/#\\\/schema\\\/logo\\\/image\\\/\"},\"sameAs\":[\"https:\\\/\\\/www.facebook.com\\\/itemsind\",\"https:\\\/\\\/www.instagram.com\\\/itemsind\\\/\"]}]}<\/script>\n<!-- \/ Yoast SEO plugin. -->","yoast_head_json":{"title":"Cobertor para Cabeza TYVEK - Deluxe - Items Industriales","robots":{"index":"index","follow":"follow","max-snippet":"max-snippet:-1","max-image-preview":"max-image-preview:large","max-video-preview":"max-video-preview:-1"},"canonical":"https:\/\/itemsind.com\/tienda\/producto\/cobertor-para-cabeza-tyvek-deluxe\/","og_locale":"es_ES","og_type":"article","og_title":"Cobertor para Cabeza TYVEK - Deluxe - Items Industriales","og_description":"Capucha Deluxe de doble babero de repuesto con suspensi\u00f3n y tubo inferior  El dise\u00f1o de nuestra exclusiva capucha con doble babero ofrece una protecci\u00f3n a\u00fan mayor para los trabajadores al permitir espacio adicional para un casco.\u00a0Tubo de bajada ligero, resistente y reforzado con conexi\u00f3n giratoria para mayor flexibilidad.\u00a0El dise\u00f1o de canal de aire dividido entrega aire dentro del cap\u00f3 alrededor del \u00e1rea del templo.\u00a0El estilo de doble babero significa una mayor protecci\u00f3n simplemente colocando la capa interna en la ropa protectora.\u00a0N\u00famero de aprobaci\u00f3n de NIOSH TC-19C-409.\u00a0Se ofrece en una amplia variedad de configuraciones que se enumeran a continuaci\u00f3n.  NIOSH aprobado.","og_url":"https:\/\/itemsind.com\/tienda\/producto\/cobertor-para-cabeza-tyvek-deluxe\/","og_site_name":"Items Industriales","article_publisher":"https:\/\/www.facebook.com\/itemsind","article_modified_time":"2026-02-23T22:30:23+00:00","og_image":[{"width":485,"height":442,"url":"https:\/\/itemsind.com\/tienda\/wp-content\/uploads\/2019\/08\/2202-thickbox_default-Capucha-TYVEK-e1771885799494.jpg","type":"image\/jpeg"}],"twitter_card":"summary_large_image","twitter_misc":{"Tiempo de lectura":"1 minuto"},"schema":{"@context":"https:\/\/schema.org","@graph":[{"@type":"WebPage","@id":"https:\/\/itemsind.com\/tienda\/producto\/cobertor-para-cabeza-tyvek-deluxe\/","url":"https:\/\/itemsind.com\/tienda\/producto\/cobertor-para-cabeza-tyvek-deluxe\/","name":"Cobertor para Cabeza TYVEK - Deluxe - Items Industriales","isPartOf":{"@id":"https:\/\/itemsind.com\/tienda\/#website"},"primaryImageOfPage":{"@id":"https:\/\/itemsind.com\/tienda\/producto\/cobertor-para-cabeza-tyvek-deluxe\/#primaryimage"},"image":{"@id":"https:\/\/itemsind.com\/tienda\/producto\/cobertor-para-cabeza-tyvek-deluxe\/#primaryimage"},"thumbnailUrl":"https:\/\/itemsind.com\/tienda\/wp-content\/uploads\/2019\/08\/2202-thickbox_default-Capucha-TYVEK-e1771885799494.jpg","datePublished":"2019-08-02T15:45:29+00:00","dateModified":"2026-02-23T22:30:23+00:00","breadcrumb":{"@id":"https:\/\/itemsind.com\/tienda\/producto\/cobertor-para-cabeza-tyvek-deluxe\/#breadcrumb"},"inLanguage":"es","potentialAction":[{"@type":"ReadAction","target":["https:\/\/itemsind.com\/tienda\/producto\/cobertor-para-cabeza-tyvek-deluxe\/"]}]},{"@type":"ImageObject","inLanguage":"es","@id":"https:\/\/itemsind.com\/tienda\/producto\/cobertor-para-cabeza-tyvek-deluxe\/#primaryimage","url":"https:\/\/itemsind.com\/tienda\/wp-content\/uploads\/2019\/08\/2202-thickbox_default-Capucha-TYVEK-e1771885799494.jpg","contentUrl":"https:\/\/itemsind.com\/tienda\/wp-content\/uploads\/2019\/08\/2202-thickbox_default-Capucha-TYVEK-e1771885799494.jpg","width":485,"height":442,"caption":"Capucha TYVEK"},{"@type":"BreadcrumbList","@id":"https:\/\/itemsind.com\/tienda\/producto\/cobertor-para-cabeza-tyvek-deluxe\/#breadcrumb","itemListElement":[{"@type":"ListItem","position":1,"name":"Portada","item":"https:\/\/itemsind.com\/tienda\/"},{"@type":"ListItem","position":2,"name":"Tienda","item":"https:\/\/itemsind.com\/tienda\/tienda\/"},{"@type":"ListItem","position":3,"name":"Cobertor para Cabeza TYVEK &#8211; Deluxe"}]},{"@type":"WebSite","@id":"https:\/\/itemsind.com\/tienda\/#website","url":"https:\/\/itemsind.com\/tienda\/","name":"Items Industriales","description":"Productos y Servicios para Seguridad Industrial","publisher":{"@id":"https:\/\/itemsind.com\/tienda\/#organization"},"potentialAction":[{"@type":"SearchAction","target":{"@type":"EntryPoint","urlTemplate":"https:\/\/itemsind.com\/tienda\/?s={search_term_string}"},"query-input":{"@type":"PropertyValueSpecification","valueRequired":true,"valueName":"search_term_string"}}],"inLanguage":"es"},{"@type":"Organization","@id":"https:\/\/itemsind.com\/tienda\/#organization","name":"Items Industriales","url":"https:\/\/itemsind.com\/tienda\/","logo":{"@type":"ImageObject","inLanguage":"es","@id":"https:\/\/itemsind.com\/tienda\/#\/schema\/logo\/image\/","url":"https:\/\/itemsind.com\/tienda\/wp-content\/uploads\/2023\/11\/items-logo-principal.jpg","contentUrl":"https:\/\/itemsind.com\/tienda\/wp-content\/uploads\/2023\/11\/items-logo-principal.jpg","width":2120,"height":793,"caption":"Items Industriales"},"image":{"@id":"https:\/\/itemsind.com\/tienda\/#\/schema\/logo\/image\/"},"sameAs":["https:\/\/www.facebook.com\/itemsind","https:\/\/www.instagram.com\/itemsind\/"]}]}},"_links":{"self":[{"href":"https:\/\/itemsind.com\/tienda\/wp-json\/wp\/v2\/product\/15341","targetHints":{"allow":["GET"]}}],"collection":[{"href":"https:\/\/itemsind.com\/tienda\/wp-json\/wp\/v2\/product"}],"about":[{"href":"https:\/\/itemsind.com\/tienda\/wp-json\/wp\/v2\/types\/product"}],"wp:featuredmedia":[{"embeddable":true,"href":"https:\/\/itemsind.com\/tienda\/wp-json\/wp\/v2\/media\/15340"}],"wp:attachment":[{"href":"https:\/\/itemsind.com\/tienda\/wp-json\/wp\/v2\/media?parent=15341"}],"wp:term":[{"taxonomy":"product_brand","embeddable":true,"href":"https:\/\/itemsind.com\/tienda\/wp-json\/wp\/v2\/product_brand?post=15341"},{"taxonomy":"product_cat","embeddable":true,"href":"https:\/\/itemsind.com\/tienda\/wp-json\/wp\/v2\/product_cat?post=15341"},{"taxonomy":"product_tag","embeddable":true,"href":"https:\/\/itemsind.com\/tienda\/wp-json\/wp\/v2\/product_tag?post=15341"}],"curies":[{"name":"wp","href":"https:\/\/api.w.org\/{rel}","templated":true}]}}