{"id":15594,"date":"2019-09-27T14:05:51","date_gmt":"2019-09-27T20:05:51","guid":{"rendered":"https:\/\/itemsind.com\/tienda\/product\/guante-g80-nitrilo-13\/"},"modified":"2026-03-03T12:05:26","modified_gmt":"2026-03-03T18:05:26","slug":"guante-g80-nitrilo-13","status":"publish","type":"product","link":"https:\/\/itemsind.com\/tienda\/producto\/guante-g80-nitrilo-13\/","title":{"rendered":"Guante G80 &#8211; Nitrilo 13&#8243;"},"content":{"rendered":"","protected":false},"excerpt":{"rendered":"<p>Los guantes KleenGuard\u00ae G80 proporcionan protecci\u00f3n contra solventes, combustibles, grasas y sustancias qu\u00edmicas. Las puntas de los dedos texturizadas brindan un mayor agarre en seco y en h\u00famedo. 5 paquetes x 12 pares de guantes (120 en total)<\/p>\n<ul>\n<li>Protecci\u00f3n qu\u00edmica con mejor agarre gracias a puntas de los dedos texturizadas<\/li>\n<li>Mayor comodidad y f\u00e1cil colocaci\u00f3n gracias a flocado interno de algod\u00f3n<\/li>\n<li>Aprobados para manipulaci\u00f3n de alimentos (FDA)<\/li>\n<li>Usos t\u00edpicos: Manipulaci\u00f3n de qu\u00edmicos, Manipulaci\u00f3n de alimentos, Trabajos de pintura, Procesos de limpieza y mantenimiento<\/li>\n<li>Especificaciones: EN 420, EN 388: 4101, EN 374<\/li>\n<\/ul>\n","protected":false},"featured_media":17020,"template":"","meta":[],"product_brand":[2356],"product_cat":[1300,1384,2064],"product_tag":[2207,2225,2398,2235,2206,2201,2234],"class_list":{"0":"post-15594","1":"product","2":"type-product","3":"status-publish","4":"has-post-thumbnail","6":"product_brand-ansell","7":"product_cat-categorias-prodcutos","8":"product_cat-proteccion-de-manos-brazos","9":"product_cat-proteccion","10":"product_tag-brazos","11":"product_tag-guante","12":"product_tag-guante-de-nitrilo","13":"product_tag-liquidos","14":"product_tag-manos","15":"product_tag-proteccion","16":"product_tag-quimicos","19":"instock","20":"taxable","21":"shipping-taxable","22":"product-type-simple"},"yoast_head":"<!-- This site is optimized with the Yoast SEO plugin v27.4 - https:\/\/yoast.com\/product\/yoast-seo-wordpress\/ -->\n<title>Guante G80 - Nitrilo 13&quot; - Items Industriales<\/title>\n<meta name=\"robots\" content=\"index, follow, max-snippet:-1, max-image-preview:large, max-video-preview:-1\" \/>\n<link rel=\"canonical\" href=\"https:\/\/itemsind.com\/tienda\/producto\/guante-g80-nitrilo-13\/\" \/>\n<meta property=\"og:locale\" content=\"es_ES\" \/>\n<meta property=\"og:type\" content=\"article\" \/>\n<meta property=\"og:title\" content=\"Guante G80 - Nitrilo 13&quot; - Items Industriales\" \/>\n<meta property=\"og:description\" content=\"Los guantes KleenGuard\u00ae G80 proporcionan protecci\u00f3n contra solventes, combustibles, grasas y sustancias qu\u00edmicas. Las puntas de los dedos texturizadas brindan un mayor agarre en seco y en h\u00famedo. 5 paquetes x 12 pares de guantes (120 en total)   Protecci\u00f3n qu\u00edmica con mejor agarre gracias a puntas de los dedos texturizadas  Mayor comodidad y f\u00e1cil colocaci\u00f3n gracias a flocado interno de algod\u00f3n  Aprobados para manipulaci\u00f3n de alimentos (FDA)  Usos t\u00edpicos: Manipulaci\u00f3n de qu\u00edmicos, Manipulaci\u00f3n de alimentos, Trabajos de pintura, Procesos de limpieza y mantenimiento  Especificaciones: EN 420, EN 388: 4101, EN 374\" \/>\n<meta property=\"og:url\" content=\"https:\/\/itemsind.com\/tienda\/producto\/guante-g80-nitrilo-13\/\" \/>\n<meta property=\"og:site_name\" content=\"Items Industriales\" \/>\n<meta property=\"article:publisher\" content=\"https:\/\/www.facebook.com\/itemsind\" \/>\n<meta property=\"article:modified_time\" content=\"2026-03-03T18:05:26+00:00\" \/>\n<meta property=\"og:image\" content=\"https:\/\/itemsind.com\/tienda\/wp-content\/uploads\/2019\/09\/KleenGuard\u00ae-Guante-de-proteccion-quimica-G80-Nitrilo-13-30207867.jpg\" \/>\n\t<meta property=\"og:image:width\" content=\"1000\" \/>\n\t<meta property=\"og:image:height\" content=\"1000\" \/>\n\t<meta property=\"og:image:type\" content=\"image\/jpeg\" \/>\n<meta name=\"twitter:card\" content=\"summary_large_image\" \/>\n<meta name=\"twitter:label1\" content=\"Tiempo de lectura\" \/>\n\t<meta name=\"twitter:data1\" content=\"1 minuto\" \/>\n<script type=\"application\/ld+json\" class=\"yoast-schema-graph\">{\"@context\":\"https:\\\/\\\/schema.org\",\"@graph\":[{\"@type\":\"WebPage\",\"@id\":\"https:\\\/\\\/itemsind.com\\\/tienda\\\/producto\\\/guante-g80-nitrilo-13\\\/\",\"url\":\"https:\\\/\\\/itemsind.com\\\/tienda\\\/producto\\\/guante-g80-nitrilo-13\\\/\",\"name\":\"Guante G80 - Nitrilo 13\\\" - Items Industriales\",\"isPartOf\":{\"@id\":\"https:\\\/\\\/itemsind.com\\\/tienda\\\/#website\"},\"primaryImageOfPage\":{\"@id\":\"https:\\\/\\\/itemsind.com\\\/tienda\\\/producto\\\/guante-g80-nitrilo-13\\\/#primaryimage\"},\"image\":{\"@id\":\"https:\\\/\\\/itemsind.com\\\/tienda\\\/producto\\\/guante-g80-nitrilo-13\\\/#primaryimage\"},\"thumbnailUrl\":\"https:\\\/\\\/itemsind.com\\\/tienda\\\/wp-content\\\/uploads\\\/2019\\\/09\\\/KleenGuard\u00ae-Guante-de-proteccion-quimica-G80-Nitrilo-13-30207867.jpg\",\"datePublished\":\"2019-09-27T20:05:51+00:00\",\"dateModified\":\"2026-03-03T18:05:26+00:00\",\"breadcrumb\":{\"@id\":\"https:\\\/\\\/itemsind.com\\\/tienda\\\/producto\\\/guante-g80-nitrilo-13\\\/#breadcrumb\"},\"inLanguage\":\"es\",\"potentialAction\":[{\"@type\":\"ReadAction\",\"target\":[\"https:\\\/\\\/itemsind.com\\\/tienda\\\/producto\\\/guante-g80-nitrilo-13\\\/\"]}]},{\"@type\":\"ImageObject\",\"inLanguage\":\"es\",\"@id\":\"https:\\\/\\\/itemsind.com\\\/tienda\\\/producto\\\/guante-g80-nitrilo-13\\\/#primaryimage\",\"url\":\"https:\\\/\\\/itemsind.com\\\/tienda\\\/wp-content\\\/uploads\\\/2019\\\/09\\\/KleenGuard\u00ae-Guante-de-proteccion-quimica-G80-Nitrilo-13-30207867.jpg\",\"contentUrl\":\"https:\\\/\\\/itemsind.com\\\/tienda\\\/wp-content\\\/uploads\\\/2019\\\/09\\\/KleenGuard\u00ae-Guante-de-proteccion-quimica-G80-Nitrilo-13-30207867.jpg\",\"width\":1000,\"height\":1000},{\"@type\":\"BreadcrumbList\",\"@id\":\"https:\\\/\\\/itemsind.com\\\/tienda\\\/producto\\\/guante-g80-nitrilo-13\\\/#breadcrumb\",\"itemListElement\":[{\"@type\":\"ListItem\",\"position\":1,\"name\":\"Portada\",\"item\":\"https:\\\/\\\/itemsind.com\\\/tienda\\\/\"},{\"@type\":\"ListItem\",\"position\":2,\"name\":\"Tienda\",\"item\":\"https:\\\/\\\/itemsind.com\\\/tienda\\\/tienda\\\/\"},{\"@type\":\"ListItem\",\"position\":3,\"name\":\"Guante G80 &#8211; Nitrilo 13&#8243;\"}]},{\"@type\":\"WebSite\",\"@id\":\"https:\\\/\\\/itemsind.com\\\/tienda\\\/#website\",\"url\":\"https:\\\/\\\/itemsind.com\\\/tienda\\\/\",\"name\":\"Items Industriales\",\"description\":\"Productos y Servicios para Seguridad Industrial\",\"publisher\":{\"@id\":\"https:\\\/\\\/itemsind.com\\\/tienda\\\/#organization\"},\"potentialAction\":[{\"@type\":\"SearchAction\",\"target\":{\"@type\":\"EntryPoint\",\"urlTemplate\":\"https:\\\/\\\/itemsind.com\\\/tienda\\\/?s={search_term_string}\"},\"query-input\":{\"@type\":\"PropertyValueSpecification\",\"valueRequired\":true,\"valueName\":\"search_term_string\"}}],\"inLanguage\":\"es\"},{\"@type\":\"Organization\",\"@id\":\"https:\\\/\\\/itemsind.com\\\/tienda\\\/#organization\",\"name\":\"Items Industriales\",\"url\":\"https:\\\/\\\/itemsind.com\\\/tienda\\\/\",\"logo\":{\"@type\":\"ImageObject\",\"inLanguage\":\"es\",\"@id\":\"https:\\\/\\\/itemsind.com\\\/tienda\\\/#\\\/schema\\\/logo\\\/image\\\/\",\"url\":\"https:\\\/\\\/itemsind.com\\\/tienda\\\/wp-content\\\/uploads\\\/2023\\\/11\\\/items-logo-principal.jpg\",\"contentUrl\":\"https:\\\/\\\/itemsind.com\\\/tienda\\\/wp-content\\\/uploads\\\/2023\\\/11\\\/items-logo-principal.jpg\",\"width\":2120,\"height\":793,\"caption\":\"Items Industriales\"},\"image\":{\"@id\":\"https:\\\/\\\/itemsind.com\\\/tienda\\\/#\\\/schema\\\/logo\\\/image\\\/\"},\"sameAs\":[\"https:\\\/\\\/www.facebook.com\\\/itemsind\",\"https:\\\/\\\/www.instagram.com\\\/itemsind\\\/\"]}]}<\/script>\n<!-- \/ Yoast SEO plugin. -->","yoast_head_json":{"title":"Guante G80 - Nitrilo 13\" - Items Industriales","robots":{"index":"index","follow":"follow","max-snippet":"max-snippet:-1","max-image-preview":"max-image-preview:large","max-video-preview":"max-video-preview:-1"},"canonical":"https:\/\/itemsind.com\/tienda\/producto\/guante-g80-nitrilo-13\/","og_locale":"es_ES","og_type":"article","og_title":"Guante G80 - Nitrilo 13\" - Items Industriales","og_description":"Los guantes KleenGuard\u00ae G80 proporcionan protecci\u00f3n contra solventes, combustibles, grasas y sustancias qu\u00edmicas. Las puntas de los dedos texturizadas brindan un mayor agarre en seco y en h\u00famedo. 5 paquetes x 12 pares de guantes (120 en total)   Protecci\u00f3n qu\u00edmica con mejor agarre gracias a puntas de los dedos texturizadas  Mayor comodidad y f\u00e1cil colocaci\u00f3n gracias a flocado interno de algod\u00f3n  Aprobados para manipulaci\u00f3n de alimentos (FDA)  Usos t\u00edpicos: Manipulaci\u00f3n de qu\u00edmicos, Manipulaci\u00f3n de alimentos, Trabajos de pintura, Procesos de limpieza y mantenimiento  Especificaciones: EN 420, EN 388: 4101, EN 374","og_url":"https:\/\/itemsind.com\/tienda\/producto\/guante-g80-nitrilo-13\/","og_site_name":"Items Industriales","article_publisher":"https:\/\/www.facebook.com\/itemsind","article_modified_time":"2026-03-03T18:05:26+00:00","og_image":[{"width":1000,"height":1000,"url":"https:\/\/itemsind.com\/tienda\/wp-content\/uploads\/2019\/09\/KleenGuard\u00ae-Guante-de-proteccion-quimica-G80-Nitrilo-13-30207867.jpg","type":"image\/jpeg"}],"twitter_card":"summary_large_image","twitter_misc":{"Tiempo de lectura":"1 minuto"},"schema":{"@context":"https:\/\/schema.org","@graph":[{"@type":"WebPage","@id":"https:\/\/itemsind.com\/tienda\/producto\/guante-g80-nitrilo-13\/","url":"https:\/\/itemsind.com\/tienda\/producto\/guante-g80-nitrilo-13\/","name":"Guante G80 - Nitrilo 13\" - Items Industriales","isPartOf":{"@id":"https:\/\/itemsind.com\/tienda\/#website"},"primaryImageOfPage":{"@id":"https:\/\/itemsind.com\/tienda\/producto\/guante-g80-nitrilo-13\/#primaryimage"},"image":{"@id":"https:\/\/itemsind.com\/tienda\/producto\/guante-g80-nitrilo-13\/#primaryimage"},"thumbnailUrl":"https:\/\/itemsind.com\/tienda\/wp-content\/uploads\/2019\/09\/KleenGuard\u00ae-Guante-de-proteccion-quimica-G80-Nitrilo-13-30207867.jpg","datePublished":"2019-09-27T20:05:51+00:00","dateModified":"2026-03-03T18:05:26+00:00","breadcrumb":{"@id":"https:\/\/itemsind.com\/tienda\/producto\/guante-g80-nitrilo-13\/#breadcrumb"},"inLanguage":"es","potentialAction":[{"@type":"ReadAction","target":["https:\/\/itemsind.com\/tienda\/producto\/guante-g80-nitrilo-13\/"]}]},{"@type":"ImageObject","inLanguage":"es","@id":"https:\/\/itemsind.com\/tienda\/producto\/guante-g80-nitrilo-13\/#primaryimage","url":"https:\/\/itemsind.com\/tienda\/wp-content\/uploads\/2019\/09\/KleenGuard\u00ae-Guante-de-proteccion-quimica-G80-Nitrilo-13-30207867.jpg","contentUrl":"https:\/\/itemsind.com\/tienda\/wp-content\/uploads\/2019\/09\/KleenGuard\u00ae-Guante-de-proteccion-quimica-G80-Nitrilo-13-30207867.jpg","width":1000,"height":1000},{"@type":"BreadcrumbList","@id":"https:\/\/itemsind.com\/tienda\/producto\/guante-g80-nitrilo-13\/#breadcrumb","itemListElement":[{"@type":"ListItem","position":1,"name":"Portada","item":"https:\/\/itemsind.com\/tienda\/"},{"@type":"ListItem","position":2,"name":"Tienda","item":"https:\/\/itemsind.com\/tienda\/tienda\/"},{"@type":"ListItem","position":3,"name":"Guante G80 &#8211; Nitrilo 13&#8243;"}]},{"@type":"WebSite","@id":"https:\/\/itemsind.com\/tienda\/#website","url":"https:\/\/itemsind.com\/tienda\/","name":"Items Industriales","description":"Productos y Servicios para Seguridad Industrial","publisher":{"@id":"https:\/\/itemsind.com\/tienda\/#organization"},"potentialAction":[{"@type":"SearchAction","target":{"@type":"EntryPoint","urlTemplate":"https:\/\/itemsind.com\/tienda\/?s={search_term_string}"},"query-input":{"@type":"PropertyValueSpecification","valueRequired":true,"valueName":"search_term_string"}}],"inLanguage":"es"},{"@type":"Organization","@id":"https:\/\/itemsind.com\/tienda\/#organization","name":"Items Industriales","url":"https:\/\/itemsind.com\/tienda\/","logo":{"@type":"ImageObject","inLanguage":"es","@id":"https:\/\/itemsind.com\/tienda\/#\/schema\/logo\/image\/","url":"https:\/\/itemsind.com\/tienda\/wp-content\/uploads\/2023\/11\/items-logo-principal.jpg","contentUrl":"https:\/\/itemsind.com\/tienda\/wp-content\/uploads\/2023\/11\/items-logo-principal.jpg","width":2120,"height":793,"caption":"Items Industriales"},"image":{"@id":"https:\/\/itemsind.com\/tienda\/#\/schema\/logo\/image\/"},"sameAs":["https:\/\/www.facebook.com\/itemsind","https:\/\/www.instagram.com\/itemsind\/"]}]}},"_links":{"self":[{"href":"https:\/\/itemsind.com\/tienda\/wp-json\/wp\/v2\/product\/15594","targetHints":{"allow":["GET"]}}],"collection":[{"href":"https:\/\/itemsind.com\/tienda\/wp-json\/wp\/v2\/product"}],"about":[{"href":"https:\/\/itemsind.com\/tienda\/wp-json\/wp\/v2\/types\/product"}],"wp:featuredmedia":[{"embeddable":true,"href":"https:\/\/itemsind.com\/tienda\/wp-json\/wp\/v2\/media\/17020"}],"wp:attachment":[{"href":"https:\/\/itemsind.com\/tienda\/wp-json\/wp\/v2\/media?parent=15594"}],"wp:term":[{"taxonomy":"product_brand","embeddable":true,"href":"https:\/\/itemsind.com\/tienda\/wp-json\/wp\/v2\/product_brand?post=15594"},{"taxonomy":"product_cat","embeddable":true,"href":"https:\/\/itemsind.com\/tienda\/wp-json\/wp\/v2\/product_cat?post=15594"},{"taxonomy":"product_tag","embeddable":true,"href":"https:\/\/itemsind.com\/tienda\/wp-json\/wp\/v2\/product_tag?post=15594"}],"curies":[{"name":"wp","href":"https:\/\/api.w.org\/{rel}","templated":true}]}}