{"id":17108,"date":"2025-09-08T10:05:12","date_gmt":"2025-09-08T16:05:12","guid":{"rendered":"https:\/\/itemsind.com\/tienda\/?post_type=product&#038;p=17108"},"modified":"2026-03-06T12:09:21","modified_gmt":"2026-03-06T18:09:21","slug":"equipo-de-respiracion-autonomo-g1-216psi30min10217295","status":"publish","type":"product","link":"https:\/\/itemsind.com\/tienda\/producto\/equipo-de-respiracion-autonomo-g1-216psi30min10217295\/","title":{"rendered":"Equipo de respiraci\u00f3n aut\u00f3nomo G1-2216PSI,30min,10217295"},"content":{"rendered":"","protected":false},"excerpt":{"rendered":"<div>Este aparato de respiraci\u00f3n aut\u00f3nomo (SCBA) G1<br \/>\nIndustrial contienemuchas caracter\u00edsticas de dise\u00f1o<br \/>\n\u00fanicas, reduce el estr\u00e9s y la fatiga mientras mejora<br \/>\nla seguridad y el rendimiento.<\/div>\n<div><\/div>\n<div class=\"pdp-redesign--section-heading\"><strong>Puntos destacados<\/strong><\/div>\n<div class=\"pdp-redesign--section-content\">\n<ul>\n<li>La m\u00e1scara es liviana y compacta: no se necesita ning\u00fan componente electr\u00f3nico.<\/li>\n<li>Amplio campo visual de |180\u00b0<\/li>\n<li>Previene la contaminaci\u00f3n cruzada al no permitir el contacto de la exhalaci\u00f3n con el regulador de segunda etapa<\/li>\n<li>Su dise\u00f1o de puerto abierto permite una m\u00ednima resistencia a la exhalaci\u00f3n<\/li>\n<li>Cuenta con Pads removibles para una f\u00e1cil\u00a0 limpieza y desinfecci\u00f3n<\/li>\n<li>Correas recubiertas con nanoesferas, provee mayor resistencia al agua y a agentes contaminantes<\/li>\n<li>Las correas tienen un dise\u00f1o altamente comfortable al ser de mayor superficie y mejor acolchado, no se enreda<\/li>\n<li>Disponible en versi\u00f3n para cilindro roscado o cilindro de conexi\u00f3n r\u00e1pida<\/li>\n<\/ul>\n<\/div>\n","protected":false},"featured_media":17110,"template":"","meta":[],"product_brand":[2359],"product_cat":[2252,2064,1353],"product_tag":[2360,2361],"class_list":{"0":"post-17108","1":"product","2":"type-product","3":"status-publish","4":"has-post-thumbnail","6":"product_brand-msa","7":"product_cat-equipo","8":"product_cat-proteccion","9":"product_cat-proteccion-respiratoria","10":"product_tag-equipo-de-autocontenido","11":"product_tag-equipo-de-respiracion-autonoma","14":"instock","15":"taxable","16":"shipping-taxable","17":"product-type-simple"},"yoast_head":"<!-- This site is optimized with the Yoast SEO plugin v27.1.1 - https:\/\/yoast.com\/product\/yoast-seo-wordpress\/ -->\n<title>Equipo de respiraci\u00f3n aut\u00f3nomo G1-2216PSI,30min,10217295 - Items Industriales<\/title>\n<meta name=\"robots\" content=\"index, follow, max-snippet:-1, max-image-preview:large, max-video-preview:-1\" \/>\n<link rel=\"canonical\" href=\"https:\/\/itemsind.com\/tienda\/producto\/equipo-de-respiracion-autonomo-g1-216psi30min10217295\/\" \/>\n<meta property=\"og:locale\" content=\"es_ES\" \/>\n<meta property=\"og:type\" content=\"article\" \/>\n<meta property=\"og:title\" content=\"Equipo de respiraci\u00f3n aut\u00f3nomo G1-2216PSI,30min,10217295 - Items Industriales\" \/>\n<meta property=\"og:description\" content=\"Este aparato de respiraci\u00f3n aut\u00f3nomo (SCBA) G1 Industrial contienemuchas caracter\u00edsticas de dise\u00f1o \u00fanicas, reduce el estr\u00e9s y la fatiga mientras mejora la seguridad y el rendimiento.  Puntos destacados    La m\u00e1scara es liviana y compacta: no se necesita ning\u00fan componente electr\u00f3nico.  Amplio campo visual de |180\u00b0  Previene la contaminaci\u00f3n cruzada al no permitir el contacto de la exhalaci\u00f3n con el regulador de segunda etapa  Su dise\u00f1o de puerto abierto permite una m\u00ednima resistencia a la exhalaci\u00f3n  Cuenta con Pads removibles para una f\u00e1cil\u00a0 limpieza y desinfecci\u00f3n  Correas recubiertas con nanoesferas, provee mayor resistencia al agua y a agentes contaminantes  Las correas tienen un dise\u00f1o altamente comfortable al ser de mayor superficie y mejor acolchado, no se enreda  Disponible en versi\u00f3n para cilindro roscado o cilindro de conexi\u00f3n r\u00e1pida\" \/>\n<meta property=\"og:url\" content=\"https:\/\/itemsind.com\/tienda\/producto\/equipo-de-respiracion-autonomo-g1-216psi30min10217295\/\" \/>\n<meta property=\"og:site_name\" content=\"Items Industriales\" \/>\n<meta property=\"article:publisher\" content=\"https:\/\/www.facebook.com\/itemsind\" \/>\n<meta property=\"article:modified_time\" content=\"2026-03-06T18:09:21+00:00\" \/>\n<meta property=\"og:image\" content=\"https:\/\/itemsind.com\/tienda\/wp-content\/uploads\/2025\/09\/equipo-de-respiracion-autonoma-g1.jpg\" \/>\n\t<meta property=\"og:image:width\" content=\"600\" \/>\n\t<meta property=\"og:image:height\" content=\"600\" \/>\n\t<meta property=\"og:image:type\" content=\"image\/jpeg\" \/>\n<meta name=\"twitter:card\" content=\"summary_large_image\" \/>\n<meta name=\"twitter:label1\" content=\"Tiempo de lectura\" \/>\n\t<meta name=\"twitter:data1\" content=\"1 minuto\" \/>\n<script type=\"application\/ld+json\" class=\"yoast-schema-graph\">{\"@context\":\"https:\/\/schema.org\",\"@graph\":[{\"@type\":\"WebPage\",\"@id\":\"https:\/\/itemsind.com\/tienda\/producto\/equipo-de-respiracion-autonomo-g1-216psi30min10217295\/\",\"url\":\"https:\/\/itemsind.com\/tienda\/producto\/equipo-de-respiracion-autonomo-g1-216psi30min10217295\/\",\"name\":\"Equipo de respiraci\u00f3n aut\u00f3nomo G1-2216PSI,30min,10217295 - Items Industriales\",\"isPartOf\":{\"@id\":\"https:\/\/itemsind.com\/tienda\/#website\"},\"primaryImageOfPage\":{\"@id\":\"https:\/\/itemsind.com\/tienda\/producto\/equipo-de-respiracion-autonomo-g1-216psi30min10217295\/#primaryimage\"},\"image\":{\"@id\":\"https:\/\/itemsind.com\/tienda\/producto\/equipo-de-respiracion-autonomo-g1-216psi30min10217295\/#primaryimage\"},\"thumbnailUrl\":\"https:\/\/itemsind.com\/tienda\/wp-content\/uploads\/2025\/09\/equipo-de-respiracion-autonoma-g1.jpg\",\"datePublished\":\"2025-09-08T16:05:12+00:00\",\"dateModified\":\"2026-03-06T18:09:21+00:00\",\"breadcrumb\":{\"@id\":\"https:\/\/itemsind.com\/tienda\/producto\/equipo-de-respiracion-autonomo-g1-216psi30min10217295\/#breadcrumb\"},\"inLanguage\":\"es\",\"potentialAction\":[{\"@type\":\"ReadAction\",\"target\":[\"https:\/\/itemsind.com\/tienda\/producto\/equipo-de-respiracion-autonomo-g1-216psi30min10217295\/\"]}]},{\"@type\":\"ImageObject\",\"inLanguage\":\"es\",\"@id\":\"https:\/\/itemsind.com\/tienda\/producto\/equipo-de-respiracion-autonomo-g1-216psi30min10217295\/#primaryimage\",\"url\":\"https:\/\/itemsind.com\/tienda\/wp-content\/uploads\/2025\/09\/equipo-de-respiracion-autonoma-g1.jpg\",\"contentUrl\":\"https:\/\/itemsind.com\/tienda\/wp-content\/uploads\/2025\/09\/equipo-de-respiracion-autonoma-g1.jpg\",\"width\":600,\"height\":600},{\"@type\":\"BreadcrumbList\",\"@id\":\"https:\/\/itemsind.com\/tienda\/producto\/equipo-de-respiracion-autonomo-g1-216psi30min10217295\/#breadcrumb\",\"itemListElement\":[{\"@type\":\"ListItem\",\"position\":1,\"name\":\"Portada\",\"item\":\"https:\/\/itemsind.com\/tienda\/\"},{\"@type\":\"ListItem\",\"position\":2,\"name\":\"Tienda\",\"item\":\"https:\/\/itemsind.com\/tienda\/tienda\/\"},{\"@type\":\"ListItem\",\"position\":3,\"name\":\"Equipo de respiraci\u00f3n aut\u00f3nomo G1-2216PSI,30min,10217295\"}]},{\"@type\":\"WebSite\",\"@id\":\"https:\/\/itemsind.com\/tienda\/#website\",\"url\":\"https:\/\/itemsind.com\/tienda\/\",\"name\":\"Items Industriales\",\"description\":\"Productos y Servicios para Seguridad Industrial\",\"publisher\":{\"@id\":\"https:\/\/itemsind.com\/tienda\/#organization\"},\"potentialAction\":[{\"@type\":\"SearchAction\",\"target\":{\"@type\":\"EntryPoint\",\"urlTemplate\":\"https:\/\/itemsind.com\/tienda\/?s={search_term_string}\"},\"query-input\":{\"@type\":\"PropertyValueSpecification\",\"valueRequired\":true,\"valueName\":\"search_term_string\"}}],\"inLanguage\":\"es\"},{\"@type\":\"Organization\",\"@id\":\"https:\/\/itemsind.com\/tienda\/#organization\",\"name\":\"Items Industriales\",\"url\":\"https:\/\/itemsind.com\/tienda\/\",\"logo\":{\"@type\":\"ImageObject\",\"inLanguage\":\"es\",\"@id\":\"https:\/\/itemsind.com\/tienda\/#\/schema\/logo\/image\/\",\"url\":\"https:\/\/itemsind.com\/tienda\/wp-content\/uploads\/2023\/11\/items-logo-principal.jpg\",\"contentUrl\":\"https:\/\/itemsind.com\/tienda\/wp-content\/uploads\/2023\/11\/items-logo-principal.jpg\",\"width\":2120,\"height\":793,\"caption\":\"Items Industriales\"},\"image\":{\"@id\":\"https:\/\/itemsind.com\/tienda\/#\/schema\/logo\/image\/\"},\"sameAs\":[\"https:\/\/www.facebook.com\/itemsind\",\"https:\/\/www.instagram.com\/itemsind\/\"]}]}<\/script>\n<!-- \/ Yoast SEO plugin. -->","yoast_head_json":{"title":"Equipo de respiraci\u00f3n aut\u00f3nomo G1-2216PSI,30min,10217295 - Items Industriales","robots":{"index":"index","follow":"follow","max-snippet":"max-snippet:-1","max-image-preview":"max-image-preview:large","max-video-preview":"max-video-preview:-1"},"canonical":"https:\/\/itemsind.com\/tienda\/producto\/equipo-de-respiracion-autonomo-g1-216psi30min10217295\/","og_locale":"es_ES","og_type":"article","og_title":"Equipo de respiraci\u00f3n aut\u00f3nomo G1-2216PSI,30min,10217295 - Items Industriales","og_description":"Este aparato de respiraci\u00f3n aut\u00f3nomo (SCBA) G1 Industrial contienemuchas caracter\u00edsticas de dise\u00f1o \u00fanicas, reduce el estr\u00e9s y la fatiga mientras mejora la seguridad y el rendimiento.  Puntos destacados    La m\u00e1scara es liviana y compacta: no se necesita ning\u00fan componente electr\u00f3nico.  Amplio campo visual de |180\u00b0  Previene la contaminaci\u00f3n cruzada al no permitir el contacto de la exhalaci\u00f3n con el regulador de segunda etapa  Su dise\u00f1o de puerto abierto permite una m\u00ednima resistencia a la exhalaci\u00f3n  Cuenta con Pads removibles para una f\u00e1cil\u00a0 limpieza y desinfecci\u00f3n  Correas recubiertas con nanoesferas, provee mayor resistencia al agua y a agentes contaminantes  Las correas tienen un dise\u00f1o altamente comfortable al ser de mayor superficie y mejor acolchado, no se enreda  Disponible en versi\u00f3n para cilindro roscado o cilindro de conexi\u00f3n r\u00e1pida","og_url":"https:\/\/itemsind.com\/tienda\/producto\/equipo-de-respiracion-autonomo-g1-216psi30min10217295\/","og_site_name":"Items Industriales","article_publisher":"https:\/\/www.facebook.com\/itemsind","article_modified_time":"2026-03-06T18:09:21+00:00","og_image":[{"width":600,"height":600,"url":"https:\/\/itemsind.com\/tienda\/wp-content\/uploads\/2025\/09\/equipo-de-respiracion-autonoma-g1.jpg","type":"image\/jpeg"}],"twitter_card":"summary_large_image","twitter_misc":{"Tiempo de lectura":"1 minuto"},"schema":{"@context":"https:\/\/schema.org","@graph":[{"@type":"WebPage","@id":"https:\/\/itemsind.com\/tienda\/producto\/equipo-de-respiracion-autonomo-g1-216psi30min10217295\/","url":"https:\/\/itemsind.com\/tienda\/producto\/equipo-de-respiracion-autonomo-g1-216psi30min10217295\/","name":"Equipo de respiraci\u00f3n aut\u00f3nomo G1-2216PSI,30min,10217295 - Items Industriales","isPartOf":{"@id":"https:\/\/itemsind.com\/tienda\/#website"},"primaryImageOfPage":{"@id":"https:\/\/itemsind.com\/tienda\/producto\/equipo-de-respiracion-autonomo-g1-216psi30min10217295\/#primaryimage"},"image":{"@id":"https:\/\/itemsind.com\/tienda\/producto\/equipo-de-respiracion-autonomo-g1-216psi30min10217295\/#primaryimage"},"thumbnailUrl":"https:\/\/itemsind.com\/tienda\/wp-content\/uploads\/2025\/09\/equipo-de-respiracion-autonoma-g1.jpg","datePublished":"2025-09-08T16:05:12+00:00","dateModified":"2026-03-06T18:09:21+00:00","breadcrumb":{"@id":"https:\/\/itemsind.com\/tienda\/producto\/equipo-de-respiracion-autonomo-g1-216psi30min10217295\/#breadcrumb"},"inLanguage":"es","potentialAction":[{"@type":"ReadAction","target":["https:\/\/itemsind.com\/tienda\/producto\/equipo-de-respiracion-autonomo-g1-216psi30min10217295\/"]}]},{"@type":"ImageObject","inLanguage":"es","@id":"https:\/\/itemsind.com\/tienda\/producto\/equipo-de-respiracion-autonomo-g1-216psi30min10217295\/#primaryimage","url":"https:\/\/itemsind.com\/tienda\/wp-content\/uploads\/2025\/09\/equipo-de-respiracion-autonoma-g1.jpg","contentUrl":"https:\/\/itemsind.com\/tienda\/wp-content\/uploads\/2025\/09\/equipo-de-respiracion-autonoma-g1.jpg","width":600,"height":600},{"@type":"BreadcrumbList","@id":"https:\/\/itemsind.com\/tienda\/producto\/equipo-de-respiracion-autonomo-g1-216psi30min10217295\/#breadcrumb","itemListElement":[{"@type":"ListItem","position":1,"name":"Portada","item":"https:\/\/itemsind.com\/tienda\/"},{"@type":"ListItem","position":2,"name":"Tienda","item":"https:\/\/itemsind.com\/tienda\/tienda\/"},{"@type":"ListItem","position":3,"name":"Equipo de respiraci\u00f3n aut\u00f3nomo G1-2216PSI,30min,10217295"}]},{"@type":"WebSite","@id":"https:\/\/itemsind.com\/tienda\/#website","url":"https:\/\/itemsind.com\/tienda\/","name":"Items Industriales","description":"Productos y Servicios para Seguridad Industrial","publisher":{"@id":"https:\/\/itemsind.com\/tienda\/#organization"},"potentialAction":[{"@type":"SearchAction","target":{"@type":"EntryPoint","urlTemplate":"https:\/\/itemsind.com\/tienda\/?s={search_term_string}"},"query-input":{"@type":"PropertyValueSpecification","valueRequired":true,"valueName":"search_term_string"}}],"inLanguage":"es"},{"@type":"Organization","@id":"https:\/\/itemsind.com\/tienda\/#organization","name":"Items Industriales","url":"https:\/\/itemsind.com\/tienda\/","logo":{"@type":"ImageObject","inLanguage":"es","@id":"https:\/\/itemsind.com\/tienda\/#\/schema\/logo\/image\/","url":"https:\/\/itemsind.com\/tienda\/wp-content\/uploads\/2023\/11\/items-logo-principal.jpg","contentUrl":"https:\/\/itemsind.com\/tienda\/wp-content\/uploads\/2023\/11\/items-logo-principal.jpg","width":2120,"height":793,"caption":"Items Industriales"},"image":{"@id":"https:\/\/itemsind.com\/tienda\/#\/schema\/logo\/image\/"},"sameAs":["https:\/\/www.facebook.com\/itemsind","https:\/\/www.instagram.com\/itemsind\/"]}]}},"_links":{"self":[{"href":"https:\/\/itemsind.com\/tienda\/wp-json\/wp\/v2\/product\/17108","targetHints":{"allow":["GET"]}}],"collection":[{"href":"https:\/\/itemsind.com\/tienda\/wp-json\/wp\/v2\/product"}],"about":[{"href":"https:\/\/itemsind.com\/tienda\/wp-json\/wp\/v2\/types\/product"}],"wp:featuredmedia":[{"embeddable":true,"href":"https:\/\/itemsind.com\/tienda\/wp-json\/wp\/v2\/media\/17110"}],"wp:attachment":[{"href":"https:\/\/itemsind.com\/tienda\/wp-json\/wp\/v2\/media?parent=17108"}],"wp:term":[{"taxonomy":"product_brand","embeddable":true,"href":"https:\/\/itemsind.com\/tienda\/wp-json\/wp\/v2\/product_brand?post=17108"},{"taxonomy":"product_cat","embeddable":true,"href":"https:\/\/itemsind.com\/tienda\/wp-json\/wp\/v2\/product_cat?post=17108"},{"taxonomy":"product_tag","embeddable":true,"href":"https:\/\/itemsind.com\/tienda\/wp-json\/wp\/v2\/product_tag?post=17108"}],"curies":[{"name":"wp","href":"https:\/\/api.w.org\/{rel}","templated":true}]}}