{"id":17410,"date":"2026-02-18T16:28:16","date_gmt":"2026-02-18T22:28:16","guid":{"rendered":"https:\/\/itemsind.com\/tienda\/?post_type=product&#038;p=17410"},"modified":"2026-03-05T07:50:01","modified_gmt":"2026-03-05T13:50:01","slug":"trafitambo-naranja-86x55cms-con-cintas-reflectivas","status":"publish","type":"product","link":"https:\/\/itemsind.com\/tienda\/producto\/trafitambo-naranja-86x55cms-con-cintas-reflectivas\/","title":{"rendered":"Trafitambo naranja 86x55cms con cintas reflectivas"},"content":{"rendered":"<p>Dispositivo cil\u00edndrico que se utiliza para marcar y delimitar zonas de construcci\u00f3n o trabajos viales en las carreteras y v\u00edas urbanas, su dise\u00f1o es especialmente \u00fatil para garantizar la seguridad de los conductores, peatones y trabajadores de las obras.<\/p>\n<p>Caracter\u00edsticas:<\/p>\n<ul>\n<li>Fabricado de polietileno de alta densidad<\/li>\n<li>Estabilidad, f\u00e1cil almacenamiento con bajo costo de transportaci\u00f3n<\/li>\n<li>Ranuras para sujetar l\u00e1mparas<\/li>\n<li>Producto fabricado por medio de rotomoldeo<\/li>\n<li>Ideal para obras viales<\/li>\n<li>Pl\u00e1stico 100% reciclable despu\u00e9s de su uso<\/li>\n<li>2 tiras reflejantes dentro de la NOM-034-SCT2-20 11<\/li>\n<\/ul>\n","protected":false},"excerpt":{"rendered":"<p>Dispositivo cil\u00edndrico que se utiliza para marcar y delimitar zonas de construcci\u00f3n o trabajos viales en las carreteras y v\u00edas urbanas, su dise\u00f1o es especialmente \u00fatil para garantizar la seguridad de los conductores, peatones y trabajadores de las obras. Caracter\u00edsticas: Fabricado de polietileno de alta densidad Estabilidad, f\u00e1cil almacenamiento con bajo costo de transportaci\u00f3n Ranuras &hellip; <a href=\"https:\/\/itemsind.com\/tienda\/producto\/trafitambo-naranja-86x55cms-con-cintas-reflectivas\/\" class=\"more-link\">Continue reading <span class=\"screen-reader-text\">Trafitambo naranja 86x55cms con cintas reflectivas<\/span><\/a><\/p>\n","protected":false},"featured_media":17695,"template":"","meta":[],"product_brand":[2379],"product_cat":[1300,1317],"product_tag":[2417,2143],"class_list":{"0":"post-17410","1":"product","2":"type-product","3":"status-publish","4":"has-post-thumbnail","6":"product_brand-apmascarillas","7":"product_cat-categorias-prodcutos","8":"product_cat-trafico-y-senalizacion","9":"product_tag-seguridad-vial","10":"product_tag-trafitambo","13":"instock","14":"taxable","15":"shipping-taxable","16":"product-type-simple"},"yoast_head":"<!-- This site is optimized with the Yoast SEO plugin v27.1.1 - https:\/\/yoast.com\/product\/yoast-seo-wordpress\/ -->\n<title>Trafitambo naranja 86x55cms con cintas reflectivas - Items Industriales<\/title>\n<meta name=\"robots\" content=\"index, follow, max-snippet:-1, max-image-preview:large, max-video-preview:-1\" \/>\n<link rel=\"canonical\" href=\"https:\/\/itemsind.com\/tienda\/producto\/trafitambo-naranja-86x55cms-con-cintas-reflectivas\/\" \/>\n<meta property=\"og:locale\" content=\"es_ES\" \/>\n<meta property=\"og:type\" content=\"article\" \/>\n<meta property=\"og:title\" content=\"Trafitambo naranja 86x55cms con cintas reflectivas - Items Industriales\" \/>\n<meta property=\"og:description\" content=\"Dispositivo cil\u00edndrico que se utiliza para marcar y delimitar zonas de construcci\u00f3n o trabajos viales en las carreteras y v\u00edas urbanas, su dise\u00f1o es especialmente \u00fatil para garantizar la seguridad de los conductores, peatones y trabajadores de las obras. Caracter\u00edsticas: Fabricado de polietileno de alta densidad Estabilidad, f\u00e1cil almacenamiento con bajo costo de transportaci\u00f3n Ranuras &hellip; Continue reading Trafitambo naranja 86x55cms con cintas reflectivas\" \/>\n<meta property=\"og:url\" content=\"https:\/\/itemsind.com\/tienda\/producto\/trafitambo-naranja-86x55cms-con-cintas-reflectivas\/\" \/>\n<meta property=\"og:site_name\" content=\"Items Industriales\" \/>\n<meta property=\"article:publisher\" content=\"https:\/\/www.facebook.com\/itemsind\" \/>\n<meta property=\"article:modified_time\" content=\"2026-03-05T13:50:01+00:00\" \/>\n<meta property=\"og:image\" content=\"https:\/\/itemsind.com\/tienda\/wp-content\/uploads\/2026\/02\/plantilla-productos-WEBSITE-40.png\" \/>\n\t<meta property=\"og:image:width\" content=\"1080\" \/>\n\t<meta property=\"og:image:height\" content=\"1080\" \/>\n\t<meta property=\"og:image:type\" content=\"image\/png\" \/>\n<meta name=\"twitter:card\" content=\"summary_large_image\" \/>\n<meta name=\"twitter:label1\" content=\"Tiempo de lectura\" \/>\n\t<meta name=\"twitter:data1\" content=\"1 minuto\" \/>\n<script type=\"application\/ld+json\" class=\"yoast-schema-graph\">{\"@context\":\"https:\/\/schema.org\",\"@graph\":[{\"@type\":\"WebPage\",\"@id\":\"https:\/\/itemsind.com\/tienda\/producto\/trafitambo-naranja-86x55cms-con-cintas-reflectivas\/\",\"url\":\"https:\/\/itemsind.com\/tienda\/producto\/trafitambo-naranja-86x55cms-con-cintas-reflectivas\/\",\"name\":\"Trafitambo naranja 86x55cms con cintas reflectivas - Items Industriales\",\"isPartOf\":{\"@id\":\"https:\/\/itemsind.com\/tienda\/#website\"},\"primaryImageOfPage\":{\"@id\":\"https:\/\/itemsind.com\/tienda\/producto\/trafitambo-naranja-86x55cms-con-cintas-reflectivas\/#primaryimage\"},\"image\":{\"@id\":\"https:\/\/itemsind.com\/tienda\/producto\/trafitambo-naranja-86x55cms-con-cintas-reflectivas\/#primaryimage\"},\"thumbnailUrl\":\"https:\/\/itemsind.com\/tienda\/wp-content\/uploads\/2026\/02\/plantilla-productos-WEBSITE-40.png\",\"datePublished\":\"2026-02-18T22:28:16+00:00\",\"dateModified\":\"2026-03-05T13:50:01+00:00\",\"breadcrumb\":{\"@id\":\"https:\/\/itemsind.com\/tienda\/producto\/trafitambo-naranja-86x55cms-con-cintas-reflectivas\/#breadcrumb\"},\"inLanguage\":\"es\",\"potentialAction\":[{\"@type\":\"ReadAction\",\"target\":[\"https:\/\/itemsind.com\/tienda\/producto\/trafitambo-naranja-86x55cms-con-cintas-reflectivas\/\"]}]},{\"@type\":\"ImageObject\",\"inLanguage\":\"es\",\"@id\":\"https:\/\/itemsind.com\/tienda\/producto\/trafitambo-naranja-86x55cms-con-cintas-reflectivas\/#primaryimage\",\"url\":\"https:\/\/itemsind.com\/tienda\/wp-content\/uploads\/2026\/02\/plantilla-productos-WEBSITE-40.png\",\"contentUrl\":\"https:\/\/itemsind.com\/tienda\/wp-content\/uploads\/2026\/02\/plantilla-productos-WEBSITE-40.png\",\"width\":1080,\"height\":1080},{\"@type\":\"BreadcrumbList\",\"@id\":\"https:\/\/itemsind.com\/tienda\/producto\/trafitambo-naranja-86x55cms-con-cintas-reflectivas\/#breadcrumb\",\"itemListElement\":[{\"@type\":\"ListItem\",\"position\":1,\"name\":\"Portada\",\"item\":\"https:\/\/itemsind.com\/tienda\/\"},{\"@type\":\"ListItem\",\"position\":2,\"name\":\"Tienda\",\"item\":\"https:\/\/itemsind.com\/tienda\/tienda\/\"},{\"@type\":\"ListItem\",\"position\":3,\"name\":\"Trafitambo naranja 86x55cms con cintas reflectivas\"}]},{\"@type\":\"WebSite\",\"@id\":\"https:\/\/itemsind.com\/tienda\/#website\",\"url\":\"https:\/\/itemsind.com\/tienda\/\",\"name\":\"Items Industriales\",\"description\":\"Productos y Servicios para Seguridad Industrial\",\"publisher\":{\"@id\":\"https:\/\/itemsind.com\/tienda\/#organization\"},\"potentialAction\":[{\"@type\":\"SearchAction\",\"target\":{\"@type\":\"EntryPoint\",\"urlTemplate\":\"https:\/\/itemsind.com\/tienda\/?s={search_term_string}\"},\"query-input\":{\"@type\":\"PropertyValueSpecification\",\"valueRequired\":true,\"valueName\":\"search_term_string\"}}],\"inLanguage\":\"es\"},{\"@type\":\"Organization\",\"@id\":\"https:\/\/itemsind.com\/tienda\/#organization\",\"name\":\"Items Industriales\",\"url\":\"https:\/\/itemsind.com\/tienda\/\",\"logo\":{\"@type\":\"ImageObject\",\"inLanguage\":\"es\",\"@id\":\"https:\/\/itemsind.com\/tienda\/#\/schema\/logo\/image\/\",\"url\":\"https:\/\/itemsind.com\/tienda\/wp-content\/uploads\/2023\/11\/items-logo-principal.jpg\",\"contentUrl\":\"https:\/\/itemsind.com\/tienda\/wp-content\/uploads\/2023\/11\/items-logo-principal.jpg\",\"width\":2120,\"height\":793,\"caption\":\"Items Industriales\"},\"image\":{\"@id\":\"https:\/\/itemsind.com\/tienda\/#\/schema\/logo\/image\/\"},\"sameAs\":[\"https:\/\/www.facebook.com\/itemsind\",\"https:\/\/www.instagram.com\/itemsind\/\"]}]}<\/script>\n<!-- \/ Yoast SEO plugin. -->","yoast_head_json":{"title":"Trafitambo naranja 86x55cms con cintas reflectivas - Items Industriales","robots":{"index":"index","follow":"follow","max-snippet":"max-snippet:-1","max-image-preview":"max-image-preview:large","max-video-preview":"max-video-preview:-1"},"canonical":"https:\/\/itemsind.com\/tienda\/producto\/trafitambo-naranja-86x55cms-con-cintas-reflectivas\/","og_locale":"es_ES","og_type":"article","og_title":"Trafitambo naranja 86x55cms con cintas reflectivas - Items Industriales","og_description":"Dispositivo cil\u00edndrico que se utiliza para marcar y delimitar zonas de construcci\u00f3n o trabajos viales en las carreteras y v\u00edas urbanas, su dise\u00f1o es especialmente \u00fatil para garantizar la seguridad de los conductores, peatones y trabajadores de las obras. Caracter\u00edsticas: Fabricado de polietileno de alta densidad Estabilidad, f\u00e1cil almacenamiento con bajo costo de transportaci\u00f3n Ranuras &hellip; Continue reading Trafitambo naranja 86x55cms con cintas reflectivas","og_url":"https:\/\/itemsind.com\/tienda\/producto\/trafitambo-naranja-86x55cms-con-cintas-reflectivas\/","og_site_name":"Items Industriales","article_publisher":"https:\/\/www.facebook.com\/itemsind","article_modified_time":"2026-03-05T13:50:01+00:00","og_image":[{"width":1080,"height":1080,"url":"https:\/\/itemsind.com\/tienda\/wp-content\/uploads\/2026\/02\/plantilla-productos-WEBSITE-40.png","type":"image\/png"}],"twitter_card":"summary_large_image","twitter_misc":{"Tiempo de lectura":"1 minuto"},"schema":{"@context":"https:\/\/schema.org","@graph":[{"@type":"WebPage","@id":"https:\/\/itemsind.com\/tienda\/producto\/trafitambo-naranja-86x55cms-con-cintas-reflectivas\/","url":"https:\/\/itemsind.com\/tienda\/producto\/trafitambo-naranja-86x55cms-con-cintas-reflectivas\/","name":"Trafitambo naranja 86x55cms con cintas reflectivas - Items Industriales","isPartOf":{"@id":"https:\/\/itemsind.com\/tienda\/#website"},"primaryImageOfPage":{"@id":"https:\/\/itemsind.com\/tienda\/producto\/trafitambo-naranja-86x55cms-con-cintas-reflectivas\/#primaryimage"},"image":{"@id":"https:\/\/itemsind.com\/tienda\/producto\/trafitambo-naranja-86x55cms-con-cintas-reflectivas\/#primaryimage"},"thumbnailUrl":"https:\/\/itemsind.com\/tienda\/wp-content\/uploads\/2026\/02\/plantilla-productos-WEBSITE-40.png","datePublished":"2026-02-18T22:28:16+00:00","dateModified":"2026-03-05T13:50:01+00:00","breadcrumb":{"@id":"https:\/\/itemsind.com\/tienda\/producto\/trafitambo-naranja-86x55cms-con-cintas-reflectivas\/#breadcrumb"},"inLanguage":"es","potentialAction":[{"@type":"ReadAction","target":["https:\/\/itemsind.com\/tienda\/producto\/trafitambo-naranja-86x55cms-con-cintas-reflectivas\/"]}]},{"@type":"ImageObject","inLanguage":"es","@id":"https:\/\/itemsind.com\/tienda\/producto\/trafitambo-naranja-86x55cms-con-cintas-reflectivas\/#primaryimage","url":"https:\/\/itemsind.com\/tienda\/wp-content\/uploads\/2026\/02\/plantilla-productos-WEBSITE-40.png","contentUrl":"https:\/\/itemsind.com\/tienda\/wp-content\/uploads\/2026\/02\/plantilla-productos-WEBSITE-40.png","width":1080,"height":1080},{"@type":"BreadcrumbList","@id":"https:\/\/itemsind.com\/tienda\/producto\/trafitambo-naranja-86x55cms-con-cintas-reflectivas\/#breadcrumb","itemListElement":[{"@type":"ListItem","position":1,"name":"Portada","item":"https:\/\/itemsind.com\/tienda\/"},{"@type":"ListItem","position":2,"name":"Tienda","item":"https:\/\/itemsind.com\/tienda\/tienda\/"},{"@type":"ListItem","position":3,"name":"Trafitambo naranja 86x55cms con cintas reflectivas"}]},{"@type":"WebSite","@id":"https:\/\/itemsind.com\/tienda\/#website","url":"https:\/\/itemsind.com\/tienda\/","name":"Items Industriales","description":"Productos y Servicios para Seguridad Industrial","publisher":{"@id":"https:\/\/itemsind.com\/tienda\/#organization"},"potentialAction":[{"@type":"SearchAction","target":{"@type":"EntryPoint","urlTemplate":"https:\/\/itemsind.com\/tienda\/?s={search_term_string}"},"query-input":{"@type":"PropertyValueSpecification","valueRequired":true,"valueName":"search_term_string"}}],"inLanguage":"es"},{"@type":"Organization","@id":"https:\/\/itemsind.com\/tienda\/#organization","name":"Items Industriales","url":"https:\/\/itemsind.com\/tienda\/","logo":{"@type":"ImageObject","inLanguage":"es","@id":"https:\/\/itemsind.com\/tienda\/#\/schema\/logo\/image\/","url":"https:\/\/itemsind.com\/tienda\/wp-content\/uploads\/2023\/11\/items-logo-principal.jpg","contentUrl":"https:\/\/itemsind.com\/tienda\/wp-content\/uploads\/2023\/11\/items-logo-principal.jpg","width":2120,"height":793,"caption":"Items Industriales"},"image":{"@id":"https:\/\/itemsind.com\/tienda\/#\/schema\/logo\/image\/"},"sameAs":["https:\/\/www.facebook.com\/itemsind","https:\/\/www.instagram.com\/itemsind\/"]}]}},"_links":{"self":[{"href":"https:\/\/itemsind.com\/tienda\/wp-json\/wp\/v2\/product\/17410","targetHints":{"allow":["GET"]}}],"collection":[{"href":"https:\/\/itemsind.com\/tienda\/wp-json\/wp\/v2\/product"}],"about":[{"href":"https:\/\/itemsind.com\/tienda\/wp-json\/wp\/v2\/types\/product"}],"wp:featuredmedia":[{"embeddable":true,"href":"https:\/\/itemsind.com\/tienda\/wp-json\/wp\/v2\/media\/17695"}],"wp:attachment":[{"href":"https:\/\/itemsind.com\/tienda\/wp-json\/wp\/v2\/media?parent=17410"}],"wp:term":[{"taxonomy":"product_brand","embeddable":true,"href":"https:\/\/itemsind.com\/tienda\/wp-json\/wp\/v2\/product_brand?post=17410"},{"taxonomy":"product_cat","embeddable":true,"href":"https:\/\/itemsind.com\/tienda\/wp-json\/wp\/v2\/product_cat?post=17410"},{"taxonomy":"product_tag","embeddable":true,"href":"https:\/\/itemsind.com\/tienda\/wp-json\/wp\/v2\/product_tag?post=17410"}],"curies":[{"name":"wp","href":"https:\/\/api.w.org\/{rel}","templated":true}]}}