{"id":17473,"date":"2026-02-24T16:28:40","date_gmt":"2026-02-24T22:28:40","guid":{"rendered":"https:\/\/itemsind.com\/tienda\/?post_type=product&#038;p=17473"},"modified":"2026-02-24T16:28:40","modified_gmt":"2026-02-24T22:28:40","slug":"guante-hyflex-74-301-tejido-resistente-al-corte","status":"publish","type":"product","link":"https:\/\/itemsind.com\/tienda\/producto\/guante-hyflex-74-301-tejido-resistente-al-corte\/","title":{"rendered":"Guante HyFlex\u00ae 74-301 tejido resistente al corte"},"content":{"rendered":"<h3><span dir=\"auto\">Caracter\u00edsticas y beneficios clave<\/span><\/h3>\n<ul>\n<li><span dir=\"auto\">Los hilos contienen tres hebras de acero inoxidable para una protecci\u00f3n contra cortes excepcionalmente alta.<\/span><\/li>\n<li><span dir=\"auto\">Excelente protecci\u00f3n contra cortes que cumple con la norma ANSI\/ISEA 105-2024 CUT A8<\/span><\/li>\n<li><span dir=\"auto\">Guante pesado sin costuras que irriten las manos.<\/span><\/li>\n<li><span dir=\"auto\">Viene con 12 forros de guantes para mayor comodidad.<\/span><\/li>\n<li><span dir=\"auto\">Reversible, por lo que se puede usar en cualquier mano.<\/span><\/li>\n<\/ul>\n<div class=\"ans-accordion-item\">\n<div class=\"ans-accordion-body d-xl-block\">\n<div class=\"ans-accordion-body-content\">\n<h3 class=\"d-none d-xl-block\"><span dir=\"auto\">Descripci\u00f3n<\/span><\/h3>\n<ul>\n<li><span dir=\"auto\">Los guantes HyFlex ofrecen un alto nivel de protecci\u00f3n contra cortes, son c\u00f3modos y ligeros, y brindan una destreza superior, pudiendo usarse como forro debajo de otro guante.<\/span><\/li>\n<\/ul>\n<\/div>\n<\/div>\n<\/div>\n<div class=\"ans-accordion-item\">\n<div class=\"ans-accordion-body d-xl-block\">\n<div class=\"ans-accordion-body-content\">\n<h3 class=\"d-none d-xl-block\"><span dir=\"auto\">Recomendado para<\/span><\/h3>\n<ul>\n<li><span dir=\"auto\">Limpieza de cortadoras de fiambres<\/span><\/li>\n<li><span dir=\"auto\">Cortar comida<\/span><\/li>\n<li><span dir=\"auto\">Empaquetado de carne<\/span><\/li>\n<\/ul>\n<\/div>\n<\/div>\n<\/div>\n<div class=\"ans-accordion-item\">\n<div class=\"ans-accordion-body d-xl-block\">\n<div class=\"ans-accordion-body-content\">\n<h3 class=\"d-none d-xl-block\"><span dir=\"auto\">Industrias primarias<\/span><\/h3>\n<ul>\n<li><strong><span dir=\"auto\">Procesamiento de alimentos<\/span><\/strong><\/li>\n<\/ul>\n<\/div>\n<\/div>\n<\/div>\n","protected":false},"excerpt":{"rendered":"<p>Caracter\u00edsticas y beneficios clave Los hilos contienen tres hebras de acero inoxidable para una protecci\u00f3n contra cortes excepcionalmente alta. Excelente protecci\u00f3n contra cortes que cumple con la norma ANSI\/ISEA 105-2024 CUT A8 Guante pesado sin costuras que irriten las manos. Viene con 12 forros de guantes para mayor comodidad. Reversible, por lo que se puede &hellip; <a href=\"https:\/\/itemsind.com\/tienda\/producto\/guante-hyflex-74-301-tejido-resistente-al-corte\/\" class=\"more-link\">Continue reading <span class=\"screen-reader-text\">Guante HyFlex\u00ae 74-301 tejido resistente al corte<\/span><\/a><\/p>\n","protected":false},"featured_media":17474,"template":"","meta":[],"product_brand":[2356],"product_cat":[1384,2064],"product_tag":[2272],"class_list":{"0":"post-17473","1":"product","2":"type-product","3":"status-publish","4":"has-post-thumbnail","6":"product_brand-ansell","7":"product_cat-proteccion-de-manos-brazos","8":"product_cat-proteccion","9":"product_tag-guantes","12":"instock","13":"taxable","14":"shipping-taxable","15":"product-type-simple"},"yoast_head":"<!-- This site is optimized with the Yoast SEO plugin v27.4 - https:\/\/yoast.com\/product\/yoast-seo-wordpress\/ -->\n<title>Guante HyFlex\u00ae 74-301 tejido resistente al corte - Items Industriales<\/title>\n<meta name=\"robots\" content=\"index, follow, max-snippet:-1, max-image-preview:large, max-video-preview:-1\" \/>\n<link rel=\"canonical\" href=\"https:\/\/itemsind.com\/tienda\/producto\/guante-hyflex-74-301-tejido-resistente-al-corte\/\" \/>\n<meta property=\"og:locale\" content=\"es_ES\" \/>\n<meta property=\"og:type\" content=\"article\" \/>\n<meta property=\"og:title\" content=\"Guante HyFlex\u00ae 74-301 tejido resistente al corte - Items Industriales\" \/>\n<meta property=\"og:description\" content=\"Caracter\u00edsticas y beneficios clave Los hilos contienen tres hebras de acero inoxidable para una protecci\u00f3n contra cortes excepcionalmente alta. Excelente protecci\u00f3n contra cortes que cumple con la norma ANSI\/ISEA 105-2024 CUT A8 Guante pesado sin costuras que irriten las manos. Viene con 12 forros de guantes para mayor comodidad. Reversible, por lo que se puede &hellip; Continue reading Guante HyFlex\u00ae 74-301 tejido resistente al corte\" \/>\n<meta property=\"og:url\" content=\"https:\/\/itemsind.com\/tienda\/producto\/guante-hyflex-74-301-tejido-resistente-al-corte\/\" \/>\n<meta property=\"og:site_name\" content=\"Items Industriales\" \/>\n<meta property=\"article:publisher\" content=\"https:\/\/www.facebook.com\/itemsind\" \/>\n<meta property=\"og:image\" content=\"https:\/\/itemsind.com\/tienda\/wp-content\/uploads\/2026\/02\/HyFlex-74-301-White-Product-NA-Front.jpg\" \/>\n\t<meta property=\"og:image:width\" content=\"800\" \/>\n\t<meta property=\"og:image:height\" content=\"800\" \/>\n\t<meta property=\"og:image:type\" content=\"image\/jpeg\" \/>\n<meta name=\"twitter:card\" content=\"summary_large_image\" \/>\n<meta name=\"twitter:label1\" content=\"Tiempo de lectura\" \/>\n\t<meta name=\"twitter:data1\" content=\"1 minuto\" \/>\n<script type=\"application\/ld+json\" class=\"yoast-schema-graph\">{\"@context\":\"https:\\\/\\\/schema.org\",\"@graph\":[{\"@type\":\"WebPage\",\"@id\":\"https:\\\/\\\/itemsind.com\\\/tienda\\\/producto\\\/guante-hyflex-74-301-tejido-resistente-al-corte\\\/\",\"url\":\"https:\\\/\\\/itemsind.com\\\/tienda\\\/producto\\\/guante-hyflex-74-301-tejido-resistente-al-corte\\\/\",\"name\":\"Guante HyFlex\u00ae 74-301 tejido resistente al corte - Items Industriales\",\"isPartOf\":{\"@id\":\"https:\\\/\\\/itemsind.com\\\/tienda\\\/#website\"},\"primaryImageOfPage\":{\"@id\":\"https:\\\/\\\/itemsind.com\\\/tienda\\\/producto\\\/guante-hyflex-74-301-tejido-resistente-al-corte\\\/#primaryimage\"},\"image\":{\"@id\":\"https:\\\/\\\/itemsind.com\\\/tienda\\\/producto\\\/guante-hyflex-74-301-tejido-resistente-al-corte\\\/#primaryimage\"},\"thumbnailUrl\":\"https:\\\/\\\/itemsind.com\\\/tienda\\\/wp-content\\\/uploads\\\/2026\\\/02\\\/HyFlex-74-301-White-Product-NA-Front.jpg\",\"datePublished\":\"2026-02-24T22:28:40+00:00\",\"breadcrumb\":{\"@id\":\"https:\\\/\\\/itemsind.com\\\/tienda\\\/producto\\\/guante-hyflex-74-301-tejido-resistente-al-corte\\\/#breadcrumb\"},\"inLanguage\":\"es\",\"potentialAction\":[{\"@type\":\"ReadAction\",\"target\":[\"https:\\\/\\\/itemsind.com\\\/tienda\\\/producto\\\/guante-hyflex-74-301-tejido-resistente-al-corte\\\/\"]}]},{\"@type\":\"ImageObject\",\"inLanguage\":\"es\",\"@id\":\"https:\\\/\\\/itemsind.com\\\/tienda\\\/producto\\\/guante-hyflex-74-301-tejido-resistente-al-corte\\\/#primaryimage\",\"url\":\"https:\\\/\\\/itemsind.com\\\/tienda\\\/wp-content\\\/uploads\\\/2026\\\/02\\\/HyFlex-74-301-White-Product-NA-Front.jpg\",\"contentUrl\":\"https:\\\/\\\/itemsind.com\\\/tienda\\\/wp-content\\\/uploads\\\/2026\\\/02\\\/HyFlex-74-301-White-Product-NA-Front.jpg\",\"width\":800,\"height\":800},{\"@type\":\"BreadcrumbList\",\"@id\":\"https:\\\/\\\/itemsind.com\\\/tienda\\\/producto\\\/guante-hyflex-74-301-tejido-resistente-al-corte\\\/#breadcrumb\",\"itemListElement\":[{\"@type\":\"ListItem\",\"position\":1,\"name\":\"Portada\",\"item\":\"https:\\\/\\\/itemsind.com\\\/tienda\\\/\"},{\"@type\":\"ListItem\",\"position\":2,\"name\":\"Tienda\",\"item\":\"https:\\\/\\\/itemsind.com\\\/tienda\\\/tienda\\\/\"},{\"@type\":\"ListItem\",\"position\":3,\"name\":\"Guante HyFlex\u00ae 74-301 tejido resistente al corte\"}]},{\"@type\":\"WebSite\",\"@id\":\"https:\\\/\\\/itemsind.com\\\/tienda\\\/#website\",\"url\":\"https:\\\/\\\/itemsind.com\\\/tienda\\\/\",\"name\":\"Items Industriales\",\"description\":\"Productos y Servicios para Seguridad Industrial\",\"publisher\":{\"@id\":\"https:\\\/\\\/itemsind.com\\\/tienda\\\/#organization\"},\"potentialAction\":[{\"@type\":\"SearchAction\",\"target\":{\"@type\":\"EntryPoint\",\"urlTemplate\":\"https:\\\/\\\/itemsind.com\\\/tienda\\\/?s={search_term_string}\"},\"query-input\":{\"@type\":\"PropertyValueSpecification\",\"valueRequired\":true,\"valueName\":\"search_term_string\"}}],\"inLanguage\":\"es\"},{\"@type\":\"Organization\",\"@id\":\"https:\\\/\\\/itemsind.com\\\/tienda\\\/#organization\",\"name\":\"Items Industriales\",\"url\":\"https:\\\/\\\/itemsind.com\\\/tienda\\\/\",\"logo\":{\"@type\":\"ImageObject\",\"inLanguage\":\"es\",\"@id\":\"https:\\\/\\\/itemsind.com\\\/tienda\\\/#\\\/schema\\\/logo\\\/image\\\/\",\"url\":\"https:\\\/\\\/itemsind.com\\\/tienda\\\/wp-content\\\/uploads\\\/2023\\\/11\\\/items-logo-principal.jpg\",\"contentUrl\":\"https:\\\/\\\/itemsind.com\\\/tienda\\\/wp-content\\\/uploads\\\/2023\\\/11\\\/items-logo-principal.jpg\",\"width\":2120,\"height\":793,\"caption\":\"Items Industriales\"},\"image\":{\"@id\":\"https:\\\/\\\/itemsind.com\\\/tienda\\\/#\\\/schema\\\/logo\\\/image\\\/\"},\"sameAs\":[\"https:\\\/\\\/www.facebook.com\\\/itemsind\",\"https:\\\/\\\/www.instagram.com\\\/itemsind\\\/\"]}]}<\/script>\n<!-- \/ Yoast SEO plugin. -->","yoast_head_json":{"title":"Guante HyFlex\u00ae 74-301 tejido resistente al corte - Items Industriales","robots":{"index":"index","follow":"follow","max-snippet":"max-snippet:-1","max-image-preview":"max-image-preview:large","max-video-preview":"max-video-preview:-1"},"canonical":"https:\/\/itemsind.com\/tienda\/producto\/guante-hyflex-74-301-tejido-resistente-al-corte\/","og_locale":"es_ES","og_type":"article","og_title":"Guante HyFlex\u00ae 74-301 tejido resistente al corte - Items Industriales","og_description":"Caracter\u00edsticas y beneficios clave Los hilos contienen tres hebras de acero inoxidable para una protecci\u00f3n contra cortes excepcionalmente alta. Excelente protecci\u00f3n contra cortes que cumple con la norma ANSI\/ISEA 105-2024 CUT A8 Guante pesado sin costuras que irriten las manos. Viene con 12 forros de guantes para mayor comodidad. Reversible, por lo que se puede &hellip; Continue reading Guante HyFlex\u00ae 74-301 tejido resistente al corte","og_url":"https:\/\/itemsind.com\/tienda\/producto\/guante-hyflex-74-301-tejido-resistente-al-corte\/","og_site_name":"Items Industriales","article_publisher":"https:\/\/www.facebook.com\/itemsind","og_image":[{"width":800,"height":800,"url":"https:\/\/itemsind.com\/tienda\/wp-content\/uploads\/2026\/02\/HyFlex-74-301-White-Product-NA-Front.jpg","type":"image\/jpeg"}],"twitter_card":"summary_large_image","twitter_misc":{"Tiempo de lectura":"1 minuto"},"schema":{"@context":"https:\/\/schema.org","@graph":[{"@type":"WebPage","@id":"https:\/\/itemsind.com\/tienda\/producto\/guante-hyflex-74-301-tejido-resistente-al-corte\/","url":"https:\/\/itemsind.com\/tienda\/producto\/guante-hyflex-74-301-tejido-resistente-al-corte\/","name":"Guante HyFlex\u00ae 74-301 tejido resistente al corte - Items Industriales","isPartOf":{"@id":"https:\/\/itemsind.com\/tienda\/#website"},"primaryImageOfPage":{"@id":"https:\/\/itemsind.com\/tienda\/producto\/guante-hyflex-74-301-tejido-resistente-al-corte\/#primaryimage"},"image":{"@id":"https:\/\/itemsind.com\/tienda\/producto\/guante-hyflex-74-301-tejido-resistente-al-corte\/#primaryimage"},"thumbnailUrl":"https:\/\/itemsind.com\/tienda\/wp-content\/uploads\/2026\/02\/HyFlex-74-301-White-Product-NA-Front.jpg","datePublished":"2026-02-24T22:28:40+00:00","breadcrumb":{"@id":"https:\/\/itemsind.com\/tienda\/producto\/guante-hyflex-74-301-tejido-resistente-al-corte\/#breadcrumb"},"inLanguage":"es","potentialAction":[{"@type":"ReadAction","target":["https:\/\/itemsind.com\/tienda\/producto\/guante-hyflex-74-301-tejido-resistente-al-corte\/"]}]},{"@type":"ImageObject","inLanguage":"es","@id":"https:\/\/itemsind.com\/tienda\/producto\/guante-hyflex-74-301-tejido-resistente-al-corte\/#primaryimage","url":"https:\/\/itemsind.com\/tienda\/wp-content\/uploads\/2026\/02\/HyFlex-74-301-White-Product-NA-Front.jpg","contentUrl":"https:\/\/itemsind.com\/tienda\/wp-content\/uploads\/2026\/02\/HyFlex-74-301-White-Product-NA-Front.jpg","width":800,"height":800},{"@type":"BreadcrumbList","@id":"https:\/\/itemsind.com\/tienda\/producto\/guante-hyflex-74-301-tejido-resistente-al-corte\/#breadcrumb","itemListElement":[{"@type":"ListItem","position":1,"name":"Portada","item":"https:\/\/itemsind.com\/tienda\/"},{"@type":"ListItem","position":2,"name":"Tienda","item":"https:\/\/itemsind.com\/tienda\/tienda\/"},{"@type":"ListItem","position":3,"name":"Guante HyFlex\u00ae 74-301 tejido resistente al corte"}]},{"@type":"WebSite","@id":"https:\/\/itemsind.com\/tienda\/#website","url":"https:\/\/itemsind.com\/tienda\/","name":"Items Industriales","description":"Productos y Servicios para Seguridad Industrial","publisher":{"@id":"https:\/\/itemsind.com\/tienda\/#organization"},"potentialAction":[{"@type":"SearchAction","target":{"@type":"EntryPoint","urlTemplate":"https:\/\/itemsind.com\/tienda\/?s={search_term_string}"},"query-input":{"@type":"PropertyValueSpecification","valueRequired":true,"valueName":"search_term_string"}}],"inLanguage":"es"},{"@type":"Organization","@id":"https:\/\/itemsind.com\/tienda\/#organization","name":"Items Industriales","url":"https:\/\/itemsind.com\/tienda\/","logo":{"@type":"ImageObject","inLanguage":"es","@id":"https:\/\/itemsind.com\/tienda\/#\/schema\/logo\/image\/","url":"https:\/\/itemsind.com\/tienda\/wp-content\/uploads\/2023\/11\/items-logo-principal.jpg","contentUrl":"https:\/\/itemsind.com\/tienda\/wp-content\/uploads\/2023\/11\/items-logo-principal.jpg","width":2120,"height":793,"caption":"Items Industriales"},"image":{"@id":"https:\/\/itemsind.com\/tienda\/#\/schema\/logo\/image\/"},"sameAs":["https:\/\/www.facebook.com\/itemsind","https:\/\/www.instagram.com\/itemsind\/"]}]}},"_links":{"self":[{"href":"https:\/\/itemsind.com\/tienda\/wp-json\/wp\/v2\/product\/17473","targetHints":{"allow":["GET"]}}],"collection":[{"href":"https:\/\/itemsind.com\/tienda\/wp-json\/wp\/v2\/product"}],"about":[{"href":"https:\/\/itemsind.com\/tienda\/wp-json\/wp\/v2\/types\/product"}],"wp:featuredmedia":[{"embeddable":true,"href":"https:\/\/itemsind.com\/tienda\/wp-json\/wp\/v2\/media\/17474"}],"wp:attachment":[{"href":"https:\/\/itemsind.com\/tienda\/wp-json\/wp\/v2\/media?parent=17473"}],"wp:term":[{"taxonomy":"product_brand","embeddable":true,"href":"https:\/\/itemsind.com\/tienda\/wp-json\/wp\/v2\/product_brand?post=17473"},{"taxonomy":"product_cat","embeddable":true,"href":"https:\/\/itemsind.com\/tienda\/wp-json\/wp\/v2\/product_cat?post=17473"},{"taxonomy":"product_tag","embeddable":true,"href":"https:\/\/itemsind.com\/tienda\/wp-json\/wp\/v2\/product_tag?post=17473"}],"curies":[{"name":"wp","href":"https:\/\/api.w.org\/{rel}","templated":true}]}}