{"id":17516,"date":"2026-02-25T11:47:01","date_gmt":"2026-02-25T17:47:01","guid":{"rendered":"https:\/\/itemsind.com\/tienda\/?post_type=product&#038;p=17516"},"modified":"2026-02-25T11:47:02","modified_gmt":"2026-02-25T17:47:02","slug":"guantes-activarmr-aislantes-electricos-clase-2-rig214b-17kvac-14largo","status":"publish","type":"product","link":"https:\/\/itemsind.com\/tienda\/producto\/guantes-activarmr-aislantes-electricos-clase-2-rig214b-17kvac-14largo\/","title":{"rendered":"Guantes ActivArmr aislantes el\u00e9ctricos Clase 2 &#8211; RIG214B 17kV(AC)-14&#8243;largo."},"content":{"rendered":"<h3>Caracter\u00edsticas y ventajas claves<\/h3>\n<ul>\n<li style=\"list-style-type: none;\">\n<ul>\n<li><strong>Formulaci\u00f3n de l\u00e1tex de caucho natural:<\/strong>\u00a0durabilidad y flexibilidad inherentes<\/li>\n<li><strong>Dise\u00f1o ergon\u00f3mico:<\/strong>\u00a0Para guantes de seguridad que minimizan la fatiga de las manos<\/li>\n<li><strong>Pu\u00f1o acampanado generoso:<\/strong>\u00a0Espacio ideal tanto para la ventilaci\u00f3n como para la ropa<\/li>\n<\/ul>\n<\/li>\n<\/ul>\n<p><sup>*Certificaci\u00f3n de arco el\u00e9ctrico seg\u00fan las normas IEC 614821-2:2014 y ASTM F2675:2021.<\/sup><\/p>\n<div class=\"ans-accordion-item\">\n<div class=\"ans-accordion-body d-xl-block\">\n<div class=\"ans-accordion-body-content\">\n<h3 class=\"d-none d-xl-block\">Aplicaciones ideales<\/h3>\n<ul>\n<li>Aplicaciones con riesgo de tensi\u00f3n de contacto<\/li>\n<li>Contratistas el\u00e9ctricos<\/li>\n<li>Fabricaci\u00f3n y reparaci\u00f3n de motores h\u00edbridos<\/li>\n<li>Mantenimiento, reparaciones y operaciones (MRO) en todos los sectores de la industria<\/li>\n<li>Reparaci\u00f3n y mantenimiento en transporte p\u00fablico<\/li>\n<li>Mantenimiento, reparaci\u00f3n y transmisi\u00f3n el\u00e9ctrica<\/li>\n<li>Reparaci\u00f3n de telecomunicaciones cerca de cables el\u00e9ctricos<\/li>\n<\/ul>\n<\/div>\n<\/div>\n<\/div>\n<div class=\"ans-accordion-item\">\n<div class=\"ans-accordion-body d-xl-block\">\n<div class=\"ans-accordion-body-content\">\n<h3 class=\"d-none d-xl-block\">Industrias primarias<\/h3>\n<ul>\n<li><strong>Automotriz<\/strong><\/li>\n<li><strong>El\u00e9ctrico<\/strong><\/li>\n<li><strong>Construcci\u00f3n<\/strong><\/li>\n<li><strong>Miner\u00eda<\/strong><\/li>\n<li><strong>Maquinaria y Equipo<\/strong><\/li>\n<\/ul>\n<\/div>\n<\/div>\n<\/div>\n","protected":false},"excerpt":{"rendered":"<p>Caracter\u00edsticas y ventajas claves Formulaci\u00f3n de l\u00e1tex de caucho natural:\u00a0durabilidad y flexibilidad inherentes Dise\u00f1o ergon\u00f3mico:\u00a0Para guantes de seguridad que minimizan la fatiga de las manos Pu\u00f1o acampanado generoso:\u00a0Espacio ideal tanto para la ventilaci\u00f3n como para la ropa *Certificaci\u00f3n de arco el\u00e9ctrico seg\u00fan las normas IEC 614821-2:2014 y ASTM F2675:2021. Aplicaciones ideales Aplicaciones con riesgo de &hellip; <a href=\"https:\/\/itemsind.com\/tienda\/producto\/guantes-activarmr-aislantes-electricos-clase-2-rig214b-17kvac-14largo\/\" class=\"more-link\">Continue reading <span class=\"screen-reader-text\">Guantes ActivArmr aislantes el\u00e9ctricos Clase 2 &#8211; RIG214B 17kV(AC)-14&#8243;largo.<\/span><\/a><\/p>\n","protected":false},"featured_media":17517,"template":"","meta":[],"product_brand":[2356],"product_cat":[1384,2064],"product_tag":[2390],"class_list":{"0":"post-17516","1":"product","2":"type-product","3":"status-publish","4":"has-post-thumbnail","6":"product_brand-ansell","7":"product_cat-proteccion-de-manos-brazos","8":"product_cat-proteccion","9":"product_tag-guantes-proteccion-electrica","12":"instock","13":"taxable","14":"shipping-taxable","15":"product-type-simple"},"yoast_head":"<!-- This site is optimized with the Yoast SEO plugin v27.4 - https:\/\/yoast.com\/product\/yoast-seo-wordpress\/ -->\n<title>Guantes ActivArmr aislantes el\u00e9ctricos Clase 2 - RIG214B 17kV(AC)-14&quot;largo. - Items Industriales<\/title>\n<meta name=\"robots\" content=\"index, follow, max-snippet:-1, max-image-preview:large, max-video-preview:-1\" \/>\n<link rel=\"canonical\" href=\"https:\/\/itemsind.com\/tienda\/producto\/guantes-activarmr-aislantes-electricos-clase-2-rig214b-17kvac-14largo\/\" \/>\n<meta property=\"og:locale\" content=\"es_ES\" \/>\n<meta property=\"og:type\" content=\"article\" \/>\n<meta property=\"og:title\" content=\"Guantes ActivArmr aislantes el\u00e9ctricos Clase 2 - RIG214B 17kV(AC)-14&quot;largo. - Items Industriales\" \/>\n<meta property=\"og:description\" content=\"Caracter\u00edsticas y ventajas claves Formulaci\u00f3n de l\u00e1tex de caucho natural:\u00a0durabilidad y flexibilidad inherentes Dise\u00f1o ergon\u00f3mico:\u00a0Para guantes de seguridad que minimizan la fatiga de las manos Pu\u00f1o acampanado generoso:\u00a0Espacio ideal tanto para la ventilaci\u00f3n como para la ropa *Certificaci\u00f3n de arco el\u00e9ctrico seg\u00fan las normas IEC 614821-2:2014 y ASTM F2675:2021. Aplicaciones ideales Aplicaciones con riesgo de &hellip; Continue reading Guantes ActivArmr aislantes el\u00e9ctricos Clase 2 &#8211; RIG214B 17kV(AC)-14&#8243;largo.\" \/>\n<meta property=\"og:url\" content=\"https:\/\/itemsind.com\/tienda\/producto\/guantes-activarmr-aislantes-electricos-clase-2-rig214b-17kvac-14largo\/\" \/>\n<meta property=\"og:site_name\" content=\"Items Industriales\" \/>\n<meta property=\"article:publisher\" content=\"https:\/\/www.facebook.com\/itemsind\" \/>\n<meta property=\"article:modified_time\" content=\"2026-02-25T17:47:02+00:00\" \/>\n<meta property=\"og:image\" content=\"https:\/\/itemsind.com\/tienda\/wp-content\/uploads\/2026\/02\/ActivArmr-RIG-CL2-Black-RIG214B-Product-Frontr.png\" \/>\n\t<meta property=\"og:image:width\" content=\"608\" \/>\n\t<meta property=\"og:image:height\" content=\"872\" \/>\n\t<meta property=\"og:image:type\" content=\"image\/png\" \/>\n<meta name=\"twitter:card\" content=\"summary_large_image\" \/>\n<meta name=\"twitter:label1\" content=\"Tiempo de lectura\" \/>\n\t<meta name=\"twitter:data1\" content=\"1 minuto\" \/>\n<script type=\"application\/ld+json\" class=\"yoast-schema-graph\">{\"@context\":\"https:\\\/\\\/schema.org\",\"@graph\":[{\"@type\":\"WebPage\",\"@id\":\"https:\\\/\\\/itemsind.com\\\/tienda\\\/producto\\\/guantes-activarmr-aislantes-electricos-clase-2-rig214b-17kvac-14largo\\\/\",\"url\":\"https:\\\/\\\/itemsind.com\\\/tienda\\\/producto\\\/guantes-activarmr-aislantes-electricos-clase-2-rig214b-17kvac-14largo\\\/\",\"name\":\"Guantes ActivArmr aislantes el\u00e9ctricos Clase 2 - RIG214B 17kV(AC)-14\\\"largo. - Items Industriales\",\"isPartOf\":{\"@id\":\"https:\\\/\\\/itemsind.com\\\/tienda\\\/#website\"},\"primaryImageOfPage\":{\"@id\":\"https:\\\/\\\/itemsind.com\\\/tienda\\\/producto\\\/guantes-activarmr-aislantes-electricos-clase-2-rig214b-17kvac-14largo\\\/#primaryimage\"},\"image\":{\"@id\":\"https:\\\/\\\/itemsind.com\\\/tienda\\\/producto\\\/guantes-activarmr-aislantes-electricos-clase-2-rig214b-17kvac-14largo\\\/#primaryimage\"},\"thumbnailUrl\":\"https:\\\/\\\/itemsind.com\\\/tienda\\\/wp-content\\\/uploads\\\/2026\\\/02\\\/ActivArmr-RIG-CL2-Black-RIG214B-Product-Frontr.png\",\"datePublished\":\"2026-02-25T17:47:01+00:00\",\"dateModified\":\"2026-02-25T17:47:02+00:00\",\"breadcrumb\":{\"@id\":\"https:\\\/\\\/itemsind.com\\\/tienda\\\/producto\\\/guantes-activarmr-aislantes-electricos-clase-2-rig214b-17kvac-14largo\\\/#breadcrumb\"},\"inLanguage\":\"es\",\"potentialAction\":[{\"@type\":\"ReadAction\",\"target\":[\"https:\\\/\\\/itemsind.com\\\/tienda\\\/producto\\\/guantes-activarmr-aislantes-electricos-clase-2-rig214b-17kvac-14largo\\\/\"]}]},{\"@type\":\"ImageObject\",\"inLanguage\":\"es\",\"@id\":\"https:\\\/\\\/itemsind.com\\\/tienda\\\/producto\\\/guantes-activarmr-aislantes-electricos-clase-2-rig214b-17kvac-14largo\\\/#primaryimage\",\"url\":\"https:\\\/\\\/itemsind.com\\\/tienda\\\/wp-content\\\/uploads\\\/2026\\\/02\\\/ActivArmr-RIG-CL2-Black-RIG214B-Product-Frontr.png\",\"contentUrl\":\"https:\\\/\\\/itemsind.com\\\/tienda\\\/wp-content\\\/uploads\\\/2026\\\/02\\\/ActivArmr-RIG-CL2-Black-RIG214B-Product-Frontr.png\",\"width\":608,\"height\":872},{\"@type\":\"BreadcrumbList\",\"@id\":\"https:\\\/\\\/itemsind.com\\\/tienda\\\/producto\\\/guantes-activarmr-aislantes-electricos-clase-2-rig214b-17kvac-14largo\\\/#breadcrumb\",\"itemListElement\":[{\"@type\":\"ListItem\",\"position\":1,\"name\":\"Portada\",\"item\":\"https:\\\/\\\/itemsind.com\\\/tienda\\\/\"},{\"@type\":\"ListItem\",\"position\":2,\"name\":\"Tienda\",\"item\":\"https:\\\/\\\/itemsind.com\\\/tienda\\\/tienda\\\/\"},{\"@type\":\"ListItem\",\"position\":3,\"name\":\"Guantes ActivArmr aislantes el\u00e9ctricos Clase 2 &#8211; RIG214B 17kV(AC)-14&#8243;largo.\"}]},{\"@type\":\"WebSite\",\"@id\":\"https:\\\/\\\/itemsind.com\\\/tienda\\\/#website\",\"url\":\"https:\\\/\\\/itemsind.com\\\/tienda\\\/\",\"name\":\"Items Industriales\",\"description\":\"Productos y Servicios para Seguridad Industrial\",\"publisher\":{\"@id\":\"https:\\\/\\\/itemsind.com\\\/tienda\\\/#organization\"},\"potentialAction\":[{\"@type\":\"SearchAction\",\"target\":{\"@type\":\"EntryPoint\",\"urlTemplate\":\"https:\\\/\\\/itemsind.com\\\/tienda\\\/?s={search_term_string}\"},\"query-input\":{\"@type\":\"PropertyValueSpecification\",\"valueRequired\":true,\"valueName\":\"search_term_string\"}}],\"inLanguage\":\"es\"},{\"@type\":\"Organization\",\"@id\":\"https:\\\/\\\/itemsind.com\\\/tienda\\\/#organization\",\"name\":\"Items Industriales\",\"url\":\"https:\\\/\\\/itemsind.com\\\/tienda\\\/\",\"logo\":{\"@type\":\"ImageObject\",\"inLanguage\":\"es\",\"@id\":\"https:\\\/\\\/itemsind.com\\\/tienda\\\/#\\\/schema\\\/logo\\\/image\\\/\",\"url\":\"https:\\\/\\\/itemsind.com\\\/tienda\\\/wp-content\\\/uploads\\\/2023\\\/11\\\/items-logo-principal.jpg\",\"contentUrl\":\"https:\\\/\\\/itemsind.com\\\/tienda\\\/wp-content\\\/uploads\\\/2023\\\/11\\\/items-logo-principal.jpg\",\"width\":2120,\"height\":793,\"caption\":\"Items Industriales\"},\"image\":{\"@id\":\"https:\\\/\\\/itemsind.com\\\/tienda\\\/#\\\/schema\\\/logo\\\/image\\\/\"},\"sameAs\":[\"https:\\\/\\\/www.facebook.com\\\/itemsind\",\"https:\\\/\\\/www.instagram.com\\\/itemsind\\\/\"]}]}<\/script>\n<!-- \/ Yoast SEO plugin. -->","yoast_head_json":{"title":"Guantes ActivArmr aislantes el\u00e9ctricos Clase 2 - RIG214B 17kV(AC)-14\"largo. - Items Industriales","robots":{"index":"index","follow":"follow","max-snippet":"max-snippet:-1","max-image-preview":"max-image-preview:large","max-video-preview":"max-video-preview:-1"},"canonical":"https:\/\/itemsind.com\/tienda\/producto\/guantes-activarmr-aislantes-electricos-clase-2-rig214b-17kvac-14largo\/","og_locale":"es_ES","og_type":"article","og_title":"Guantes ActivArmr aislantes el\u00e9ctricos Clase 2 - RIG214B 17kV(AC)-14\"largo. - Items Industriales","og_description":"Caracter\u00edsticas y ventajas claves Formulaci\u00f3n de l\u00e1tex de caucho natural:\u00a0durabilidad y flexibilidad inherentes Dise\u00f1o ergon\u00f3mico:\u00a0Para guantes de seguridad que minimizan la fatiga de las manos Pu\u00f1o acampanado generoso:\u00a0Espacio ideal tanto para la ventilaci\u00f3n como para la ropa *Certificaci\u00f3n de arco el\u00e9ctrico seg\u00fan las normas IEC 614821-2:2014 y ASTM F2675:2021. Aplicaciones ideales Aplicaciones con riesgo de &hellip; Continue reading Guantes ActivArmr aislantes el\u00e9ctricos Clase 2 &#8211; RIG214B 17kV(AC)-14&#8243;largo.","og_url":"https:\/\/itemsind.com\/tienda\/producto\/guantes-activarmr-aislantes-electricos-clase-2-rig214b-17kvac-14largo\/","og_site_name":"Items Industriales","article_publisher":"https:\/\/www.facebook.com\/itemsind","article_modified_time":"2026-02-25T17:47:02+00:00","og_image":[{"width":608,"height":872,"url":"https:\/\/itemsind.com\/tienda\/wp-content\/uploads\/2026\/02\/ActivArmr-RIG-CL2-Black-RIG214B-Product-Frontr.png","type":"image\/png"}],"twitter_card":"summary_large_image","twitter_misc":{"Tiempo de lectura":"1 minuto"},"schema":{"@context":"https:\/\/schema.org","@graph":[{"@type":"WebPage","@id":"https:\/\/itemsind.com\/tienda\/producto\/guantes-activarmr-aislantes-electricos-clase-2-rig214b-17kvac-14largo\/","url":"https:\/\/itemsind.com\/tienda\/producto\/guantes-activarmr-aislantes-electricos-clase-2-rig214b-17kvac-14largo\/","name":"Guantes ActivArmr aislantes el\u00e9ctricos Clase 2 - RIG214B 17kV(AC)-14\"largo. - Items Industriales","isPartOf":{"@id":"https:\/\/itemsind.com\/tienda\/#website"},"primaryImageOfPage":{"@id":"https:\/\/itemsind.com\/tienda\/producto\/guantes-activarmr-aislantes-electricos-clase-2-rig214b-17kvac-14largo\/#primaryimage"},"image":{"@id":"https:\/\/itemsind.com\/tienda\/producto\/guantes-activarmr-aislantes-electricos-clase-2-rig214b-17kvac-14largo\/#primaryimage"},"thumbnailUrl":"https:\/\/itemsind.com\/tienda\/wp-content\/uploads\/2026\/02\/ActivArmr-RIG-CL2-Black-RIG214B-Product-Frontr.png","datePublished":"2026-02-25T17:47:01+00:00","dateModified":"2026-02-25T17:47:02+00:00","breadcrumb":{"@id":"https:\/\/itemsind.com\/tienda\/producto\/guantes-activarmr-aislantes-electricos-clase-2-rig214b-17kvac-14largo\/#breadcrumb"},"inLanguage":"es","potentialAction":[{"@type":"ReadAction","target":["https:\/\/itemsind.com\/tienda\/producto\/guantes-activarmr-aislantes-electricos-clase-2-rig214b-17kvac-14largo\/"]}]},{"@type":"ImageObject","inLanguage":"es","@id":"https:\/\/itemsind.com\/tienda\/producto\/guantes-activarmr-aislantes-electricos-clase-2-rig214b-17kvac-14largo\/#primaryimage","url":"https:\/\/itemsind.com\/tienda\/wp-content\/uploads\/2026\/02\/ActivArmr-RIG-CL2-Black-RIG214B-Product-Frontr.png","contentUrl":"https:\/\/itemsind.com\/tienda\/wp-content\/uploads\/2026\/02\/ActivArmr-RIG-CL2-Black-RIG214B-Product-Frontr.png","width":608,"height":872},{"@type":"BreadcrumbList","@id":"https:\/\/itemsind.com\/tienda\/producto\/guantes-activarmr-aislantes-electricos-clase-2-rig214b-17kvac-14largo\/#breadcrumb","itemListElement":[{"@type":"ListItem","position":1,"name":"Portada","item":"https:\/\/itemsind.com\/tienda\/"},{"@type":"ListItem","position":2,"name":"Tienda","item":"https:\/\/itemsind.com\/tienda\/tienda\/"},{"@type":"ListItem","position":3,"name":"Guantes ActivArmr aislantes el\u00e9ctricos Clase 2 &#8211; RIG214B 17kV(AC)-14&#8243;largo."}]},{"@type":"WebSite","@id":"https:\/\/itemsind.com\/tienda\/#website","url":"https:\/\/itemsind.com\/tienda\/","name":"Items Industriales","description":"Productos y Servicios para Seguridad Industrial","publisher":{"@id":"https:\/\/itemsind.com\/tienda\/#organization"},"potentialAction":[{"@type":"SearchAction","target":{"@type":"EntryPoint","urlTemplate":"https:\/\/itemsind.com\/tienda\/?s={search_term_string}"},"query-input":{"@type":"PropertyValueSpecification","valueRequired":true,"valueName":"search_term_string"}}],"inLanguage":"es"},{"@type":"Organization","@id":"https:\/\/itemsind.com\/tienda\/#organization","name":"Items Industriales","url":"https:\/\/itemsind.com\/tienda\/","logo":{"@type":"ImageObject","inLanguage":"es","@id":"https:\/\/itemsind.com\/tienda\/#\/schema\/logo\/image\/","url":"https:\/\/itemsind.com\/tienda\/wp-content\/uploads\/2023\/11\/items-logo-principal.jpg","contentUrl":"https:\/\/itemsind.com\/tienda\/wp-content\/uploads\/2023\/11\/items-logo-principal.jpg","width":2120,"height":793,"caption":"Items Industriales"},"image":{"@id":"https:\/\/itemsind.com\/tienda\/#\/schema\/logo\/image\/"},"sameAs":["https:\/\/www.facebook.com\/itemsind","https:\/\/www.instagram.com\/itemsind\/"]}]}},"_links":{"self":[{"href":"https:\/\/itemsind.com\/tienda\/wp-json\/wp\/v2\/product\/17516","targetHints":{"allow":["GET"]}}],"collection":[{"href":"https:\/\/itemsind.com\/tienda\/wp-json\/wp\/v2\/product"}],"about":[{"href":"https:\/\/itemsind.com\/tienda\/wp-json\/wp\/v2\/types\/product"}],"wp:featuredmedia":[{"embeddable":true,"href":"https:\/\/itemsind.com\/tienda\/wp-json\/wp\/v2\/media\/17517"}],"wp:attachment":[{"href":"https:\/\/itemsind.com\/tienda\/wp-json\/wp\/v2\/media?parent=17516"}],"wp:term":[{"taxonomy":"product_brand","embeddable":true,"href":"https:\/\/itemsind.com\/tienda\/wp-json\/wp\/v2\/product_brand?post=17516"},{"taxonomy":"product_cat","embeddable":true,"href":"https:\/\/itemsind.com\/tienda\/wp-json\/wp\/v2\/product_cat?post=17516"},{"taxonomy":"product_tag","embeddable":true,"href":"https:\/\/itemsind.com\/tienda\/wp-json\/wp\/v2\/product_tag?post=17516"}],"curies":[{"name":"wp","href":"https:\/\/api.w.org\/{rel}","templated":true}]}}