{"id":17645,"date":"2026-03-03T15:36:54","date_gmt":"2026-03-03T21:36:54","guid":{"rendered":"https:\/\/itemsind.com\/tienda\/?post_type=product&#038;p=17645"},"modified":"2026-03-03T15:37:12","modified_gmt":"2026-03-03T21:37:12","slug":"gabacha-alphatec-56-801","status":"publish","type":"product","link":"https:\/\/itemsind.com\/tienda\/producto\/gabacha-alphatec-56-801\/","title":{"rendered":"Gabacha AlphaTec\u00ae 56-801"},"content":{"rendered":"<div class=\"intro\">\n<p>Mandiles AlphaTec<sup>\u00ae<\/sup><\/p>\n<\/div>\n<div class=\"details\">\n<h3>Caracter\u00edsticas y ventajas claves<\/h3>\n<p><strong>Protecci\u00f3n confiable\u00a0<\/strong><\/p>\n<ul>\n<li>Dondequiera que aceite, grasa y qu\u00edmicos est\u00e9n presentes, los mandiles Ansell ayudan a los trabajadores a mantenerse limpios y protegidos del contacto da\u00f1ino<\/li>\n<li>Estos mandiles son excepcionalmente resistentes a la abrasi\u00f3n, qu\u00edmicos, aceites y grasas<\/li>\n<\/ul>\n<p><strong>Durable<\/strong><\/p>\n<ul>\n<li>La construcci\u00f3n de poliuretano es fuerte, resistente y ofrece resistencia sobresaliente al desgarro, perforaci\u00f3n\u00a0 y a\u00fan as\u00ed permanece flexible en temperaturas fr\u00edas<\/li>\n<li>Las cintas del cuello y cintura est\u00e1n selladas diel\u00e9ctricamente y son f\u00e1ciles de mantener limpias, resisten el desgarro mientras que las cintas del cuello presentan una hebilla de pl\u00e1stico no corrosiva, no absorbente para un ajuste m\u00e1s c\u00f3modo<\/li>\n<\/ul>\n<p><strong>Comodidad y selecci\u00f3n<\/strong><\/p>\n<ul>\n<li>Los estilos de peto en dos tallas con lazos ajustables aseguran un ajuste \u00f3ptimo para una amplia variedad de usuarios<\/li>\n<li>Estos mandiles son suaves, c\u00f3modos y f\u00e1ciles de limpiar<\/li>\n<\/ul>\n<div class=\"ans-accordion-item\">\n<div class=\"ans-accordion-body d-xl-block\">\n<div class=\"ans-accordion-body-content\">\n<h3 class=\"d-none d-xl-block\">Aplicaciones ideales<\/h3>\n<ul>\n<li>Empacado de filetes y carne picada<\/li>\n<li>Enlatado<\/li>\n<li>Embotellado<\/li>\n<li>Almacenamiento\u2009y transporte<\/li>\n<li>Mantenimiento y reparaci\u00f3n de equipos<\/li>\n<li>Desinfecci\u00f3n y saneamiento de plantas<\/li>\n<li>Transferencia de l\u00edquidos<\/li>\n<\/ul>\n<\/div>\n<\/div>\n<\/div>\n<div class=\"ans-accordion-item\">\n<div class=\"ans-accordion-body d-xl-block\">\n<div class=\"ans-accordion-body-content\">\n<h3 class=\"d-none d-xl-block\">Industrias primarias<\/h3>\n<ul>\n<li><strong>Procesamiento de alimentos<\/strong><\/li>\n<li><strong>Ciencias de la Vida<\/strong><\/li>\n<\/ul>\n<\/div>\n<\/div>\n<\/div>\n<\/div>\n","protected":false},"excerpt":{"rendered":"<p>Mandiles AlphaTec\u00ae Caracter\u00edsticas y ventajas claves Protecci\u00f3n confiable\u00a0 Dondequiera que aceite, grasa y qu\u00edmicos est\u00e9n presentes, los mandiles Ansell ayudan a los trabajadores a mantenerse limpios y protegidos del contacto da\u00f1ino Estos mandiles son excepcionalmente resistentes a la abrasi\u00f3n, qu\u00edmicos, aceites y grasas Durable La construcci\u00f3n de poliuretano es fuerte, resistente y ofrece resistencia sobresaliente &hellip; <a href=\"https:\/\/itemsind.com\/tienda\/producto\/gabacha-alphatec-56-801\/\" class=\"more-link\">Continue reading <span class=\"screen-reader-text\">Gabacha AlphaTec\u00ae 56-801<\/span><\/a><\/p>\n","protected":false},"featured_media":17647,"template":"","meta":[],"product_brand":[2356],"product_cat":[1300,2064,1336],"product_tag":[2282],"class_list":{"0":"post-17645","1":"product","2":"type-product","3":"status-publish","4":"has-post-thumbnail","6":"product_brand-ansell","7":"product_cat-categorias-prodcutos","8":"product_cat-proteccion","9":"product_cat-proteccion-ropa","10":"product_tag-gabacha","13":"instock","14":"taxable","15":"shipping-taxable","16":"product-type-simple"},"yoast_head":"<!-- This site is optimized with the Yoast SEO plugin v27.4 - https:\/\/yoast.com\/product\/yoast-seo-wordpress\/ -->\n<title>Gabacha AlphaTec\u00ae 56-801 - Items Industriales<\/title>\n<meta name=\"robots\" content=\"index, follow, max-snippet:-1, max-image-preview:large, max-video-preview:-1\" \/>\n<link rel=\"canonical\" href=\"https:\/\/itemsind.com\/tienda\/producto\/gabacha-alphatec-56-801\/\" \/>\n<meta property=\"og:locale\" content=\"es_ES\" \/>\n<meta property=\"og:type\" content=\"article\" \/>\n<meta property=\"og:title\" content=\"Gabacha AlphaTec\u00ae 56-801 - Items Industriales\" \/>\n<meta property=\"og:description\" content=\"Mandiles AlphaTec\u00ae Caracter\u00edsticas y ventajas claves Protecci\u00f3n confiable\u00a0 Dondequiera que aceite, grasa y qu\u00edmicos est\u00e9n presentes, los mandiles Ansell ayudan a los trabajadores a mantenerse limpios y protegidos del contacto da\u00f1ino Estos mandiles son excepcionalmente resistentes a la abrasi\u00f3n, qu\u00edmicos, aceites y grasas Durable La construcci\u00f3n de poliuretano es fuerte, resistente y ofrece resistencia sobresaliente &hellip; Continue reading Gabacha AlphaTec\u00ae 56-801\" \/>\n<meta property=\"og:url\" content=\"https:\/\/itemsind.com\/tienda\/producto\/gabacha-alphatec-56-801\/\" \/>\n<meta property=\"og:site_name\" content=\"Items Industriales\" \/>\n<meta property=\"article:publisher\" content=\"https:\/\/www.facebook.com\/itemsind\" \/>\n<meta property=\"article:modified_time\" content=\"2026-03-03T21:37:12+00:00\" \/>\n<meta property=\"og:image\" content=\"https:\/\/itemsind.com\/tienda\/wp-content\/uploads\/2026\/03\/plantilla-productos-WEBSITE-24.png\" \/>\n\t<meta property=\"og:image:width\" content=\"1080\" \/>\n\t<meta property=\"og:image:height\" content=\"1080\" \/>\n\t<meta property=\"og:image:type\" content=\"image\/png\" \/>\n<meta name=\"twitter:card\" content=\"summary_large_image\" \/>\n<meta name=\"twitter:label1\" content=\"Tiempo de lectura\" \/>\n\t<meta name=\"twitter:data1\" content=\"1 minuto\" \/>\n<script type=\"application\/ld+json\" class=\"yoast-schema-graph\">{\"@context\":\"https:\\\/\\\/schema.org\",\"@graph\":[{\"@type\":\"WebPage\",\"@id\":\"https:\\\/\\\/itemsind.com\\\/tienda\\\/producto\\\/gabacha-alphatec-56-801\\\/\",\"url\":\"https:\\\/\\\/itemsind.com\\\/tienda\\\/producto\\\/gabacha-alphatec-56-801\\\/\",\"name\":\"Gabacha AlphaTec\u00ae 56-801 - Items Industriales\",\"isPartOf\":{\"@id\":\"https:\\\/\\\/itemsind.com\\\/tienda\\\/#website\"},\"primaryImageOfPage\":{\"@id\":\"https:\\\/\\\/itemsind.com\\\/tienda\\\/producto\\\/gabacha-alphatec-56-801\\\/#primaryimage\"},\"image\":{\"@id\":\"https:\\\/\\\/itemsind.com\\\/tienda\\\/producto\\\/gabacha-alphatec-56-801\\\/#primaryimage\"},\"thumbnailUrl\":\"https:\\\/\\\/itemsind.com\\\/tienda\\\/wp-content\\\/uploads\\\/2026\\\/03\\\/plantilla-productos-WEBSITE-24.png\",\"datePublished\":\"2026-03-03T21:36:54+00:00\",\"dateModified\":\"2026-03-03T21:37:12+00:00\",\"breadcrumb\":{\"@id\":\"https:\\\/\\\/itemsind.com\\\/tienda\\\/producto\\\/gabacha-alphatec-56-801\\\/#breadcrumb\"},\"inLanguage\":\"es\",\"potentialAction\":[{\"@type\":\"ReadAction\",\"target\":[\"https:\\\/\\\/itemsind.com\\\/tienda\\\/producto\\\/gabacha-alphatec-56-801\\\/\"]}]},{\"@type\":\"ImageObject\",\"inLanguage\":\"es\",\"@id\":\"https:\\\/\\\/itemsind.com\\\/tienda\\\/producto\\\/gabacha-alphatec-56-801\\\/#primaryimage\",\"url\":\"https:\\\/\\\/itemsind.com\\\/tienda\\\/wp-content\\\/uploads\\\/2026\\\/03\\\/plantilla-productos-WEBSITE-24.png\",\"contentUrl\":\"https:\\\/\\\/itemsind.com\\\/tienda\\\/wp-content\\\/uploads\\\/2026\\\/03\\\/plantilla-productos-WEBSITE-24.png\",\"width\":1080,\"height\":1080},{\"@type\":\"BreadcrumbList\",\"@id\":\"https:\\\/\\\/itemsind.com\\\/tienda\\\/producto\\\/gabacha-alphatec-56-801\\\/#breadcrumb\",\"itemListElement\":[{\"@type\":\"ListItem\",\"position\":1,\"name\":\"Portada\",\"item\":\"https:\\\/\\\/itemsind.com\\\/tienda\\\/\"},{\"@type\":\"ListItem\",\"position\":2,\"name\":\"Tienda\",\"item\":\"https:\\\/\\\/itemsind.com\\\/tienda\\\/tienda\\\/\"},{\"@type\":\"ListItem\",\"position\":3,\"name\":\"Gabacha AlphaTec\u00ae 56-801\"}]},{\"@type\":\"WebSite\",\"@id\":\"https:\\\/\\\/itemsind.com\\\/tienda\\\/#website\",\"url\":\"https:\\\/\\\/itemsind.com\\\/tienda\\\/\",\"name\":\"Items Industriales\",\"description\":\"Productos y Servicios para Seguridad Industrial\",\"publisher\":{\"@id\":\"https:\\\/\\\/itemsind.com\\\/tienda\\\/#organization\"},\"potentialAction\":[{\"@type\":\"SearchAction\",\"target\":{\"@type\":\"EntryPoint\",\"urlTemplate\":\"https:\\\/\\\/itemsind.com\\\/tienda\\\/?s={search_term_string}\"},\"query-input\":{\"@type\":\"PropertyValueSpecification\",\"valueRequired\":true,\"valueName\":\"search_term_string\"}}],\"inLanguage\":\"es\"},{\"@type\":\"Organization\",\"@id\":\"https:\\\/\\\/itemsind.com\\\/tienda\\\/#organization\",\"name\":\"Items Industriales\",\"url\":\"https:\\\/\\\/itemsind.com\\\/tienda\\\/\",\"logo\":{\"@type\":\"ImageObject\",\"inLanguage\":\"es\",\"@id\":\"https:\\\/\\\/itemsind.com\\\/tienda\\\/#\\\/schema\\\/logo\\\/image\\\/\",\"url\":\"https:\\\/\\\/itemsind.com\\\/tienda\\\/wp-content\\\/uploads\\\/2023\\\/11\\\/items-logo-principal.jpg\",\"contentUrl\":\"https:\\\/\\\/itemsind.com\\\/tienda\\\/wp-content\\\/uploads\\\/2023\\\/11\\\/items-logo-principal.jpg\",\"width\":2120,\"height\":793,\"caption\":\"Items Industriales\"},\"image\":{\"@id\":\"https:\\\/\\\/itemsind.com\\\/tienda\\\/#\\\/schema\\\/logo\\\/image\\\/\"},\"sameAs\":[\"https:\\\/\\\/www.facebook.com\\\/itemsind\",\"https:\\\/\\\/www.instagram.com\\\/itemsind\\\/\"]}]}<\/script>\n<!-- \/ Yoast SEO plugin. -->","yoast_head_json":{"title":"Gabacha AlphaTec\u00ae 56-801 - Items Industriales","robots":{"index":"index","follow":"follow","max-snippet":"max-snippet:-1","max-image-preview":"max-image-preview:large","max-video-preview":"max-video-preview:-1"},"canonical":"https:\/\/itemsind.com\/tienda\/producto\/gabacha-alphatec-56-801\/","og_locale":"es_ES","og_type":"article","og_title":"Gabacha AlphaTec\u00ae 56-801 - Items Industriales","og_description":"Mandiles AlphaTec\u00ae Caracter\u00edsticas y ventajas claves Protecci\u00f3n confiable\u00a0 Dondequiera que aceite, grasa y qu\u00edmicos est\u00e9n presentes, los mandiles Ansell ayudan a los trabajadores a mantenerse limpios y protegidos del contacto da\u00f1ino Estos mandiles son excepcionalmente resistentes a la abrasi\u00f3n, qu\u00edmicos, aceites y grasas Durable La construcci\u00f3n de poliuretano es fuerte, resistente y ofrece resistencia sobresaliente &hellip; Continue reading Gabacha AlphaTec\u00ae 56-801","og_url":"https:\/\/itemsind.com\/tienda\/producto\/gabacha-alphatec-56-801\/","og_site_name":"Items Industriales","article_publisher":"https:\/\/www.facebook.com\/itemsind","article_modified_time":"2026-03-03T21:37:12+00:00","og_image":[{"width":1080,"height":1080,"url":"https:\/\/itemsind.com\/tienda\/wp-content\/uploads\/2026\/03\/plantilla-productos-WEBSITE-24.png","type":"image\/png"}],"twitter_card":"summary_large_image","twitter_misc":{"Tiempo de lectura":"1 minuto"},"schema":{"@context":"https:\/\/schema.org","@graph":[{"@type":"WebPage","@id":"https:\/\/itemsind.com\/tienda\/producto\/gabacha-alphatec-56-801\/","url":"https:\/\/itemsind.com\/tienda\/producto\/gabacha-alphatec-56-801\/","name":"Gabacha AlphaTec\u00ae 56-801 - Items Industriales","isPartOf":{"@id":"https:\/\/itemsind.com\/tienda\/#website"},"primaryImageOfPage":{"@id":"https:\/\/itemsind.com\/tienda\/producto\/gabacha-alphatec-56-801\/#primaryimage"},"image":{"@id":"https:\/\/itemsind.com\/tienda\/producto\/gabacha-alphatec-56-801\/#primaryimage"},"thumbnailUrl":"https:\/\/itemsind.com\/tienda\/wp-content\/uploads\/2026\/03\/plantilla-productos-WEBSITE-24.png","datePublished":"2026-03-03T21:36:54+00:00","dateModified":"2026-03-03T21:37:12+00:00","breadcrumb":{"@id":"https:\/\/itemsind.com\/tienda\/producto\/gabacha-alphatec-56-801\/#breadcrumb"},"inLanguage":"es","potentialAction":[{"@type":"ReadAction","target":["https:\/\/itemsind.com\/tienda\/producto\/gabacha-alphatec-56-801\/"]}]},{"@type":"ImageObject","inLanguage":"es","@id":"https:\/\/itemsind.com\/tienda\/producto\/gabacha-alphatec-56-801\/#primaryimage","url":"https:\/\/itemsind.com\/tienda\/wp-content\/uploads\/2026\/03\/plantilla-productos-WEBSITE-24.png","contentUrl":"https:\/\/itemsind.com\/tienda\/wp-content\/uploads\/2026\/03\/plantilla-productos-WEBSITE-24.png","width":1080,"height":1080},{"@type":"BreadcrumbList","@id":"https:\/\/itemsind.com\/tienda\/producto\/gabacha-alphatec-56-801\/#breadcrumb","itemListElement":[{"@type":"ListItem","position":1,"name":"Portada","item":"https:\/\/itemsind.com\/tienda\/"},{"@type":"ListItem","position":2,"name":"Tienda","item":"https:\/\/itemsind.com\/tienda\/tienda\/"},{"@type":"ListItem","position":3,"name":"Gabacha AlphaTec\u00ae 56-801"}]},{"@type":"WebSite","@id":"https:\/\/itemsind.com\/tienda\/#website","url":"https:\/\/itemsind.com\/tienda\/","name":"Items Industriales","description":"Productos y Servicios para Seguridad Industrial","publisher":{"@id":"https:\/\/itemsind.com\/tienda\/#organization"},"potentialAction":[{"@type":"SearchAction","target":{"@type":"EntryPoint","urlTemplate":"https:\/\/itemsind.com\/tienda\/?s={search_term_string}"},"query-input":{"@type":"PropertyValueSpecification","valueRequired":true,"valueName":"search_term_string"}}],"inLanguage":"es"},{"@type":"Organization","@id":"https:\/\/itemsind.com\/tienda\/#organization","name":"Items Industriales","url":"https:\/\/itemsind.com\/tienda\/","logo":{"@type":"ImageObject","inLanguage":"es","@id":"https:\/\/itemsind.com\/tienda\/#\/schema\/logo\/image\/","url":"https:\/\/itemsind.com\/tienda\/wp-content\/uploads\/2023\/11\/items-logo-principal.jpg","contentUrl":"https:\/\/itemsind.com\/tienda\/wp-content\/uploads\/2023\/11\/items-logo-principal.jpg","width":2120,"height":793,"caption":"Items Industriales"},"image":{"@id":"https:\/\/itemsind.com\/tienda\/#\/schema\/logo\/image\/"},"sameAs":["https:\/\/www.facebook.com\/itemsind","https:\/\/www.instagram.com\/itemsind\/"]}]}},"_links":{"self":[{"href":"https:\/\/itemsind.com\/tienda\/wp-json\/wp\/v2\/product\/17645","targetHints":{"allow":["GET"]}}],"collection":[{"href":"https:\/\/itemsind.com\/tienda\/wp-json\/wp\/v2\/product"}],"about":[{"href":"https:\/\/itemsind.com\/tienda\/wp-json\/wp\/v2\/types\/product"}],"wp:featuredmedia":[{"embeddable":true,"href":"https:\/\/itemsind.com\/tienda\/wp-json\/wp\/v2\/media\/17647"}],"wp:attachment":[{"href":"https:\/\/itemsind.com\/tienda\/wp-json\/wp\/v2\/media?parent=17645"}],"wp:term":[{"taxonomy":"product_brand","embeddable":true,"href":"https:\/\/itemsind.com\/tienda\/wp-json\/wp\/v2\/product_brand?post=17645"},{"taxonomy":"product_cat","embeddable":true,"href":"https:\/\/itemsind.com\/tienda\/wp-json\/wp\/v2\/product_cat?post=17645"},{"taxonomy":"product_tag","embeddable":true,"href":"https:\/\/itemsind.com\/tienda\/wp-json\/wp\/v2\/product_tag?post=17645"}],"curies":[{"name":"wp","href":"https:\/\/api.w.org\/{rel}","templated":true}]}}