{"id":17671,"date":"2026-03-04T11:02:29","date_gmt":"2026-03-04T17:02:29","guid":{"rendered":"https:\/\/itemsind.com\/tienda\/?post_type=product&#038;p=17671"},"modified":"2026-03-04T11:03:31","modified_gmt":"2026-03-04T17:03:31","slug":"mascarilla-kn95","status":"publish","type":"product","link":"https:\/\/itemsind.com\/tienda\/producto\/mascarilla-kn95\/","title":{"rendered":"Mascarilla KN95"},"content":{"rendered":"<p>05 CAPAS PARA EL FILTRADO DEL 95% DE PART\u00cdCULAS DEL AIRE<br \/>\nEst\u00e1 aprobada la eficiencia del filtrado contra part\u00edculas s\u00f3lidas y l\u00edquidas como polvo, hongos, bacterias y virus en un 95%, excluyendo las part\u00edculas aceitosas. \u00dasese en todo tipo de ambientes, en especial en ambientes calurosos, h\u00famedos y polvorientos, libres de aceite.<\/p>\n<p>MAYOR COMODIDAD, MAYOR PRODUCTIVIDAD<br \/>\nLa ergonom\u00eda de la mascarilla brinda mayor comodidad en el transcurso del d\u00eda, lo que signi\ufb01ca mayor cumplimiento de labores y menor distracci\u00f3n. Disponible en un \u00fanico tama\u00f1o. Aseg\u00farese de cubrir por completo la boca y nariz; en el caso de las personas con vello facial, es recomendable llevarlo muy corto o afeitado por completo, para evitar espacios e impedir el ingreso de part\u00edculas por los lados. Las bandas el\u00e1sticas est\u00e1n termoselladas a la mascarilla y el clip nasal asegura la zona para evitar el ingreso de part\u00edculas.<\/p>\n<p>RESPIRADOR DE USO PERSONAL<br \/>\nRespirador de libre mantenimiento. Evitar el uso y almacenamiento despu\u00e9s de contacto con alg\u00fan fluido corporal o ruptura, por tales motivos se recomienda desecharla, preferiblemente, en un lugar sellado. Adem\u00e1s, al retirarla del rostro, es importante no tocar la parte delantera y lavarse las manos, para evitar cualquier tipo de contagio.<\/p>\n","protected":false},"excerpt":{"rendered":"<p>05 CAPAS PARA EL FILTRADO DEL 95% DE PART\u00cdCULAS DEL AIRE Est\u00e1 aprobada la eficiencia del filtrado contra part\u00edculas s\u00f3lidas y l\u00edquidas como polvo, hongos, bacterias y virus en un 95%, excluyendo las part\u00edculas aceitosas. \u00dasese en todo tipo de ambientes, en especial en ambientes calurosos, h\u00famedos y polvorientos, libres de aceite. MAYOR COMODIDAD, MAYOR &hellip; <a href=\"https:\/\/itemsind.com\/tienda\/producto\/mascarilla-kn95\/\" class=\"more-link\">Continue reading <span class=\"screen-reader-text\">Mascarilla KN95<\/span><\/a><\/p>\n","protected":false},"featured_media":17672,"template":"","meta":[],"product_brand":[2379],"product_cat":[1300,2064,1353],"product_tag":[1455,2406],"class_list":{"0":"post-17671","1":"product","2":"type-product","3":"status-publish","4":"has-post-thumbnail","6":"product_brand-apmascarillas","7":"product_cat-categorias-prodcutos","8":"product_cat-proteccion","9":"product_cat-proteccion-respiratoria","10":"product_tag-mascarilla","11":"product_tag-mascarilla-kn95","14":"instock","15":"taxable","16":"shipping-taxable","17":"product-type-simple"},"yoast_head":"<!-- This site is optimized with the Yoast SEO plugin v27.4 - https:\/\/yoast.com\/product\/yoast-seo-wordpress\/ -->\n<title>Mascarilla KN95 - Items Industriales<\/title>\n<meta name=\"robots\" content=\"index, follow, max-snippet:-1, max-image-preview:large, max-video-preview:-1\" \/>\n<link rel=\"canonical\" href=\"https:\/\/itemsind.com\/tienda\/producto\/mascarilla-kn95\/\" \/>\n<meta property=\"og:locale\" content=\"es_ES\" \/>\n<meta property=\"og:type\" content=\"article\" \/>\n<meta property=\"og:title\" content=\"Mascarilla KN95 - Items Industriales\" \/>\n<meta property=\"og:description\" content=\"05 CAPAS PARA EL FILTRADO DEL 95% DE PART\u00cdCULAS DEL AIRE Est\u00e1 aprobada la eficiencia del filtrado contra part\u00edculas s\u00f3lidas y l\u00edquidas como polvo, hongos, bacterias y virus en un 95%, excluyendo las part\u00edculas aceitosas. \u00dasese en todo tipo de ambientes, en especial en ambientes calurosos, h\u00famedos y polvorientos, libres de aceite. MAYOR COMODIDAD, MAYOR &hellip; Continue reading Mascarilla KN95\" \/>\n<meta property=\"og:url\" content=\"https:\/\/itemsind.com\/tienda\/producto\/mascarilla-kn95\/\" \/>\n<meta property=\"og:site_name\" content=\"Items Industriales\" \/>\n<meta property=\"article:publisher\" content=\"https:\/\/www.facebook.com\/itemsind\" \/>\n<meta property=\"article:modified_time\" content=\"2026-03-04T17:03:31+00:00\" \/>\n<meta property=\"og:image\" content=\"https:\/\/itemsind.com\/tienda\/wp-content\/uploads\/2026\/03\/plantilla-productos-WEBSITE-33.png\" \/>\n\t<meta property=\"og:image:width\" content=\"1080\" \/>\n\t<meta property=\"og:image:height\" content=\"1080\" \/>\n\t<meta property=\"og:image:type\" content=\"image\/png\" \/>\n<meta name=\"twitter:card\" content=\"summary_large_image\" \/>\n<meta name=\"twitter:label1\" content=\"Tiempo de lectura\" \/>\n\t<meta name=\"twitter:data1\" content=\"2 minutos\" \/>\n<script type=\"application\/ld+json\" class=\"yoast-schema-graph\">{\"@context\":\"https:\\\/\\\/schema.org\",\"@graph\":[{\"@type\":\"WebPage\",\"@id\":\"https:\\\/\\\/itemsind.com\\\/tienda\\\/producto\\\/mascarilla-kn95\\\/\",\"url\":\"https:\\\/\\\/itemsind.com\\\/tienda\\\/producto\\\/mascarilla-kn95\\\/\",\"name\":\"Mascarilla KN95 - Items Industriales\",\"isPartOf\":{\"@id\":\"https:\\\/\\\/itemsind.com\\\/tienda\\\/#website\"},\"primaryImageOfPage\":{\"@id\":\"https:\\\/\\\/itemsind.com\\\/tienda\\\/producto\\\/mascarilla-kn95\\\/#primaryimage\"},\"image\":{\"@id\":\"https:\\\/\\\/itemsind.com\\\/tienda\\\/producto\\\/mascarilla-kn95\\\/#primaryimage\"},\"thumbnailUrl\":\"https:\\\/\\\/itemsind.com\\\/tienda\\\/wp-content\\\/uploads\\\/2026\\\/03\\\/plantilla-productos-WEBSITE-33.png\",\"datePublished\":\"2026-03-04T17:02:29+00:00\",\"dateModified\":\"2026-03-04T17:03:31+00:00\",\"breadcrumb\":{\"@id\":\"https:\\\/\\\/itemsind.com\\\/tienda\\\/producto\\\/mascarilla-kn95\\\/#breadcrumb\"},\"inLanguage\":\"es\",\"potentialAction\":[{\"@type\":\"ReadAction\",\"target\":[\"https:\\\/\\\/itemsind.com\\\/tienda\\\/producto\\\/mascarilla-kn95\\\/\"]}]},{\"@type\":\"ImageObject\",\"inLanguage\":\"es\",\"@id\":\"https:\\\/\\\/itemsind.com\\\/tienda\\\/producto\\\/mascarilla-kn95\\\/#primaryimage\",\"url\":\"https:\\\/\\\/itemsind.com\\\/tienda\\\/wp-content\\\/uploads\\\/2026\\\/03\\\/plantilla-productos-WEBSITE-33.png\",\"contentUrl\":\"https:\\\/\\\/itemsind.com\\\/tienda\\\/wp-content\\\/uploads\\\/2026\\\/03\\\/plantilla-productos-WEBSITE-33.png\",\"width\":1080,\"height\":1080},{\"@type\":\"BreadcrumbList\",\"@id\":\"https:\\\/\\\/itemsind.com\\\/tienda\\\/producto\\\/mascarilla-kn95\\\/#breadcrumb\",\"itemListElement\":[{\"@type\":\"ListItem\",\"position\":1,\"name\":\"Portada\",\"item\":\"https:\\\/\\\/itemsind.com\\\/tienda\\\/\"},{\"@type\":\"ListItem\",\"position\":2,\"name\":\"Tienda\",\"item\":\"https:\\\/\\\/itemsind.com\\\/tienda\\\/tienda\\\/\"},{\"@type\":\"ListItem\",\"position\":3,\"name\":\"Mascarilla KN95\"}]},{\"@type\":\"WebSite\",\"@id\":\"https:\\\/\\\/itemsind.com\\\/tienda\\\/#website\",\"url\":\"https:\\\/\\\/itemsind.com\\\/tienda\\\/\",\"name\":\"Items Industriales\",\"description\":\"Productos y Servicios para Seguridad Industrial\",\"publisher\":{\"@id\":\"https:\\\/\\\/itemsind.com\\\/tienda\\\/#organization\"},\"potentialAction\":[{\"@type\":\"SearchAction\",\"target\":{\"@type\":\"EntryPoint\",\"urlTemplate\":\"https:\\\/\\\/itemsind.com\\\/tienda\\\/?s={search_term_string}\"},\"query-input\":{\"@type\":\"PropertyValueSpecification\",\"valueRequired\":true,\"valueName\":\"search_term_string\"}}],\"inLanguage\":\"es\"},{\"@type\":\"Organization\",\"@id\":\"https:\\\/\\\/itemsind.com\\\/tienda\\\/#organization\",\"name\":\"Items Industriales\",\"url\":\"https:\\\/\\\/itemsind.com\\\/tienda\\\/\",\"logo\":{\"@type\":\"ImageObject\",\"inLanguage\":\"es\",\"@id\":\"https:\\\/\\\/itemsind.com\\\/tienda\\\/#\\\/schema\\\/logo\\\/image\\\/\",\"url\":\"https:\\\/\\\/itemsind.com\\\/tienda\\\/wp-content\\\/uploads\\\/2023\\\/11\\\/items-logo-principal.jpg\",\"contentUrl\":\"https:\\\/\\\/itemsind.com\\\/tienda\\\/wp-content\\\/uploads\\\/2023\\\/11\\\/items-logo-principal.jpg\",\"width\":2120,\"height\":793,\"caption\":\"Items Industriales\"},\"image\":{\"@id\":\"https:\\\/\\\/itemsind.com\\\/tienda\\\/#\\\/schema\\\/logo\\\/image\\\/\"},\"sameAs\":[\"https:\\\/\\\/www.facebook.com\\\/itemsind\",\"https:\\\/\\\/www.instagram.com\\\/itemsind\\\/\"]}]}<\/script>\n<!-- \/ Yoast SEO plugin. -->","yoast_head_json":{"title":"Mascarilla KN95 - Items Industriales","robots":{"index":"index","follow":"follow","max-snippet":"max-snippet:-1","max-image-preview":"max-image-preview:large","max-video-preview":"max-video-preview:-1"},"canonical":"https:\/\/itemsind.com\/tienda\/producto\/mascarilla-kn95\/","og_locale":"es_ES","og_type":"article","og_title":"Mascarilla KN95 - Items Industriales","og_description":"05 CAPAS PARA EL FILTRADO DEL 95% DE PART\u00cdCULAS DEL AIRE Est\u00e1 aprobada la eficiencia del filtrado contra part\u00edculas s\u00f3lidas y l\u00edquidas como polvo, hongos, bacterias y virus en un 95%, excluyendo las part\u00edculas aceitosas. \u00dasese en todo tipo de ambientes, en especial en ambientes calurosos, h\u00famedos y polvorientos, libres de aceite. MAYOR COMODIDAD, MAYOR &hellip; Continue reading Mascarilla KN95","og_url":"https:\/\/itemsind.com\/tienda\/producto\/mascarilla-kn95\/","og_site_name":"Items Industriales","article_publisher":"https:\/\/www.facebook.com\/itemsind","article_modified_time":"2026-03-04T17:03:31+00:00","og_image":[{"width":1080,"height":1080,"url":"https:\/\/itemsind.com\/tienda\/wp-content\/uploads\/2026\/03\/plantilla-productos-WEBSITE-33.png","type":"image\/png"}],"twitter_card":"summary_large_image","twitter_misc":{"Tiempo de lectura":"2 minutos"},"schema":{"@context":"https:\/\/schema.org","@graph":[{"@type":"WebPage","@id":"https:\/\/itemsind.com\/tienda\/producto\/mascarilla-kn95\/","url":"https:\/\/itemsind.com\/tienda\/producto\/mascarilla-kn95\/","name":"Mascarilla KN95 - Items Industriales","isPartOf":{"@id":"https:\/\/itemsind.com\/tienda\/#website"},"primaryImageOfPage":{"@id":"https:\/\/itemsind.com\/tienda\/producto\/mascarilla-kn95\/#primaryimage"},"image":{"@id":"https:\/\/itemsind.com\/tienda\/producto\/mascarilla-kn95\/#primaryimage"},"thumbnailUrl":"https:\/\/itemsind.com\/tienda\/wp-content\/uploads\/2026\/03\/plantilla-productos-WEBSITE-33.png","datePublished":"2026-03-04T17:02:29+00:00","dateModified":"2026-03-04T17:03:31+00:00","breadcrumb":{"@id":"https:\/\/itemsind.com\/tienda\/producto\/mascarilla-kn95\/#breadcrumb"},"inLanguage":"es","potentialAction":[{"@type":"ReadAction","target":["https:\/\/itemsind.com\/tienda\/producto\/mascarilla-kn95\/"]}]},{"@type":"ImageObject","inLanguage":"es","@id":"https:\/\/itemsind.com\/tienda\/producto\/mascarilla-kn95\/#primaryimage","url":"https:\/\/itemsind.com\/tienda\/wp-content\/uploads\/2026\/03\/plantilla-productos-WEBSITE-33.png","contentUrl":"https:\/\/itemsind.com\/tienda\/wp-content\/uploads\/2026\/03\/plantilla-productos-WEBSITE-33.png","width":1080,"height":1080},{"@type":"BreadcrumbList","@id":"https:\/\/itemsind.com\/tienda\/producto\/mascarilla-kn95\/#breadcrumb","itemListElement":[{"@type":"ListItem","position":1,"name":"Portada","item":"https:\/\/itemsind.com\/tienda\/"},{"@type":"ListItem","position":2,"name":"Tienda","item":"https:\/\/itemsind.com\/tienda\/tienda\/"},{"@type":"ListItem","position":3,"name":"Mascarilla KN95"}]},{"@type":"WebSite","@id":"https:\/\/itemsind.com\/tienda\/#website","url":"https:\/\/itemsind.com\/tienda\/","name":"Items Industriales","description":"Productos y Servicios para Seguridad Industrial","publisher":{"@id":"https:\/\/itemsind.com\/tienda\/#organization"},"potentialAction":[{"@type":"SearchAction","target":{"@type":"EntryPoint","urlTemplate":"https:\/\/itemsind.com\/tienda\/?s={search_term_string}"},"query-input":{"@type":"PropertyValueSpecification","valueRequired":true,"valueName":"search_term_string"}}],"inLanguage":"es"},{"@type":"Organization","@id":"https:\/\/itemsind.com\/tienda\/#organization","name":"Items Industriales","url":"https:\/\/itemsind.com\/tienda\/","logo":{"@type":"ImageObject","inLanguage":"es","@id":"https:\/\/itemsind.com\/tienda\/#\/schema\/logo\/image\/","url":"https:\/\/itemsind.com\/tienda\/wp-content\/uploads\/2023\/11\/items-logo-principal.jpg","contentUrl":"https:\/\/itemsind.com\/tienda\/wp-content\/uploads\/2023\/11\/items-logo-principal.jpg","width":2120,"height":793,"caption":"Items Industriales"},"image":{"@id":"https:\/\/itemsind.com\/tienda\/#\/schema\/logo\/image\/"},"sameAs":["https:\/\/www.facebook.com\/itemsind","https:\/\/www.instagram.com\/itemsind\/"]}]}},"_links":{"self":[{"href":"https:\/\/itemsind.com\/tienda\/wp-json\/wp\/v2\/product\/17671","targetHints":{"allow":["GET"]}}],"collection":[{"href":"https:\/\/itemsind.com\/tienda\/wp-json\/wp\/v2\/product"}],"about":[{"href":"https:\/\/itemsind.com\/tienda\/wp-json\/wp\/v2\/types\/product"}],"wp:featuredmedia":[{"embeddable":true,"href":"https:\/\/itemsind.com\/tienda\/wp-json\/wp\/v2\/media\/17672"}],"wp:attachment":[{"href":"https:\/\/itemsind.com\/tienda\/wp-json\/wp\/v2\/media?parent=17671"}],"wp:term":[{"taxonomy":"product_brand","embeddable":true,"href":"https:\/\/itemsind.com\/tienda\/wp-json\/wp\/v2\/product_brand?post=17671"},{"taxonomy":"product_cat","embeddable":true,"href":"https:\/\/itemsind.com\/tienda\/wp-json\/wp\/v2\/product_cat?post=17671"},{"taxonomy":"product_tag","embeddable":true,"href":"https:\/\/itemsind.com\/tienda\/wp-json\/wp\/v2\/product_tag?post=17671"}],"curies":[{"name":"wp","href":"https:\/\/api.w.org\/{rel}","templated":true}]}}