{"id":17705,"date":"2026-03-05T09:40:29","date_gmt":"2026-03-05T15:40:29","guid":{"rendered":"https:\/\/itemsind.com\/tienda\/?post_type=product&#038;p=17705"},"modified":"2026-03-05T09:44:15","modified_gmt":"2026-03-05T15:44:15","slug":"alcoholimetro-digital-ca10fs","status":"publish","type":"product","link":"https:\/\/itemsind.com\/tienda\/producto\/alcoholimetro-digital-ca10fs\/","title":{"rendered":"Alcohol\u00edmetro digital &#8211; CA10FS"},"content":{"rendered":"<p><span dir=\"auto\">El CA10FS es la \u00faltima incorporaci\u00f3n a nuestra gama de alcohol\u00edmetros equipados con un sensor electroqu\u00edmico. Esto garantiza que siempre pueda realizar una prueba de alcoholemia precisa en cuesti\u00f3n de segundos. El dispositivo se adapta perfectamente a la mano gracias a su dise\u00f1o compacto.<\/span><\/p>\n<p><a title=\"Boquillas para CA10FS por 20\" href=\"https:\/\/www.alcosafe.be\/products\/mondstukken-voor-ca10fs-per-20\"><span dir=\"auto\">Solicite boquillas adicionales para este producto ahora.<\/span><\/a><\/p>\n<p><span dir=\"auto\">Caracter\u00edsticas especiales:<\/span><\/p>\n<table border=\"0\" cellspacing=\"0\" cellpadding=\"0\">\n<colgroup>\n<col width=\"235\" \/>\n<col width=\"413\" \/><\/colgroup>\n<tbody>\n<tr>\n<td class=\"oa1\" width=\"235\" height=\"39\"><span dir=\"auto\">Sensor<\/span><\/td>\n<td class=\"oa1\" width=\"413\"><span dir=\"auto\">Sensor electroqu\u00edmico inteligente<\/span><\/td>\n<\/tr>\n<tr>\n<td class=\"oa1\" width=\"235\" height=\"39\"><span dir=\"auto\">Exactitud<\/span><\/td>\n<td class=\"oa1\" width=\"413\"><span dir=\"auto\">\u00b10,005 % de alcohol en sangre al 0,050 % de alcohol en sangre<\/span><\/td>\n<\/tr>\n<tr>\n<td class=\"oa1\" width=\"235\" height=\"39\"><span dir=\"auto\">Rango de medici\u00f3n<\/span><\/td>\n<td class=\"oa1\" width=\"413\"><span dir=\"auto\">0,00 ~ 2,00 mg\/l BrAC \/ 0,00 ~ 4,00 \u2030 Promilo<\/span><\/td>\n<\/tr>\n<tr>\n<td class=\"oa1\" width=\"235\" height=\"43\"><span dir=\"auto\">Tiempo de calentamiento<\/span><\/td>\n<td class=\"oa1\" width=\"413\"><span dir=\"auto\">15 ~ 35 segundos<\/span><\/td>\n<\/tr>\n<tr>\n<td class=\"oa1\" width=\"235\" height=\"38\"><span dir=\"auto\">Tiempo de an\u00e1lisis<\/span><\/td>\n<td class=\"oa1\" width=\"413\"><span dir=\"auto\">3 ~ 22 segundos<\/span><\/td>\n<\/tr>\n<tr>\n<td class=\"oa1\" width=\"235\" height=\"38\"><span dir=\"auto\">Dimensiones<\/span><\/td>\n<td class=\"oa1\" width=\"413\"><span dir=\"auto\">114 mm x 47 mm x 24 mm<\/span><\/td>\n<\/tr>\n<tr>\n<td class=\"oa1\" width=\"235\" height=\"40\"><span dir=\"auto\">Peso<\/span><\/td>\n<td class=\"oa1\" width=\"413\"><span dir=\"auto\">61,5 g (84 g, bater\u00eda incluida)<\/span><\/td>\n<\/tr>\n<tr>\n<td class=\"oa1\" width=\"235\" height=\"39\"><span dir=\"auto\">Fuente de alimentaci\u00f3n<\/span><\/td>\n<td class=\"oa1\" width=\"413\"><span dir=\"auto\">Dos pilas alcalinas \u201cAAA\u201d de 1,5 V<\/span><\/td>\n<\/tr>\n<tr>\n<td class=\"oa1\" width=\"235\" height=\"39\"><span dir=\"auto\">Temperatura de funcionamiento.<\/span><\/td>\n<td class=\"oa1\" width=\"413\"><span dir=\"auto\">5\u2103~40\u2103<\/span><\/td>\n<\/tr>\n<tr>\n<td class=\"oa1\" width=\"235\" height=\"43\"><span dir=\"auto\">Temperatura de almacenamiento.<\/span><\/td>\n<td class=\"oa1\" width=\"413\"><span dir=\"auto\">0\u2103~40\u2103<\/span><\/td>\n<\/tr>\n<tr>\n<td class=\"oa1\" width=\"235\" height=\"39\"><span dir=\"auto\">Calibraci\u00f3n<\/span><\/td>\n<td class=\"oa1\" width=\"413\"><span dir=\"auto\">Una vez al a\u00f1o o despu\u00e9s de 500 pruebas.<\/span><\/td>\n<\/tr>\n<\/tbody>\n<\/table>\n<p>&nbsp;<\/p>\n<table id=\"product-attribute-specs-table\" class=\"data-table\">\n<tbody>\n<tr class=\"even\">\n<th class=\"label\"><span dir=\"auto\">Usuarios recomendados<\/span><\/th>\n<td class=\"data last\"><span dir=\"auto\">Empresas y pymes, cafeter\u00edas y restaurantes, conductores, discotecas, m\u00e9dicos, bares, festivales, p\u00fablico en general, hospitales y cl\u00ednicas, movimientos juveniles, centros m\u00e9dicos, organizadores, padres, uso personal, trabajadores de la prevenci\u00f3n, particulares de todos los tama\u00f1os, conductores profesionales, autoescuelas, escuelas, sector del transporte, particulares exigentes, autotest<\/span><\/td>\n<\/tr>\n<\/tbody>\n<\/table>\n<table id=\"product-attribute-specs-table\" class=\"data-table\">\n<tbody>\n<tr class=\"even\">\n<th class=\"label\"><span dir=\"auto\">BAC (Concentraci\u00f3n de alcohol en sangre)<\/span><\/th>\n<td class=\"data last\"><span dir=\"auto\">0,00 &#8211; 2,00 mg\/l BrAC \/ 0,00 &#8211; 4,00 \u2030 por mil<\/span><\/td>\n<\/tr>\n<tr class=\"odd\">\n<th class=\"label\"><span dir=\"auto\">Exactitud<\/span><\/th>\n<td class=\"data last\"><span dir=\"auto\">+\/- 0,005% a 0,050% BAC<\/span><\/td>\n<\/tr>\n<tr class=\"even\">\n<th class=\"label\"><span dir=\"auto\">Tiempo de soplado<\/span><\/th>\n<td class=\"data last\"><span dir=\"auto\">3 segundos<\/span><\/td>\n<\/tr>\n<tr class=\"odd\">\n<th class=\"label\"><span dir=\"auto\">Nivel de alerta<\/span><\/th>\n<td class=\"data last\"><span dir=\"auto\">establecido en 0,5 \u2030<\/span><\/td>\n<\/tr>\n<tr class=\"even\">\n<th class=\"label\"><span dir=\"auto\">Se\u00f1al de alarma<\/span><\/th>\n<td class=\"data last\"><span dir=\"auto\">Se\u00f1al audible, Pantalla intermitente, LED rojo intermitente, Decoloraci\u00f3n visual<\/span><\/td>\n<\/tr>\n<tr class=\"odd\">\n<th class=\"label\"><span dir=\"auto\">Certificado<\/span><\/th>\n<td class=\"data last\"><span dir=\"auto\">CE<\/span><\/td>\n<\/tr>\n<\/tbody>\n<\/table>\n<p>&nbsp;<\/p>\n<table id=\"product-attribute-specs-table\" class=\"data-table\">\n<tbody>\n<tr class=\"odd\">\n<th class=\"label\"><span dir=\"auto\">Tipo de sensor<\/span><\/th>\n<td class=\"data last\"><span dir=\"auto\">Sensor de pila de combustible electroqu\u00edmico<\/span><\/td>\n<\/tr>\n<\/tbody>\n<\/table>\n<table id=\"product-attribute-specs-table\" class=\"data-table\">\n<tbody>\n<tr class=\"odd\">\n<th class=\"label\"><span dir=\"auto\">Apagado autom\u00e1tico<\/span><\/th>\n<td class=\"data last\"><span dir=\"auto\">S\u00ed<\/span><\/td>\n<\/tr>\n<tr class=\"even\">\n<th class=\"label\"><span dir=\"auto\">Fuente de alimentaci\u00f3n<\/span><\/th>\n<td class=\"data last\"><span dir=\"auto\">2 pilas alcalinas AAA<\/span><\/td>\n<\/tr>\n<tr class=\"odd\">\n<th class=\"label\"><span dir=\"auto\">Pre-entrenamiento<\/span><\/th>\n<td class=\"data last\"><span dir=\"auto\">15 &#8211; 35 segundos<\/span><\/td>\n<\/tr>\n<tr class=\"even\">\n<th class=\"label\"><span dir=\"auto\">Pilas incluidas<\/span><\/th>\n<td class=\"data last\"><span dir=\"auto\">S\u00ed<\/span><\/td>\n<\/tr>\n<tr class=\"odd\">\n<th class=\"label\"><span dir=\"auto\">Indicaci\u00f3n de bater\u00eda baja<\/span><\/th>\n<td class=\"data last\"><span dir=\"auto\">S\u00ed<\/span><\/td>\n<\/tr>\n<tr class=\"even\">\n<th class=\"label\"><span dir=\"auto\">Pantalla<\/span><\/th>\n<td class=\"data last\"><span dir=\"auto\">CONDUJO<\/span><\/td>\n<\/tr>\n<tr class=\"odd\">\n<th class=\"label\"><span dir=\"auto\">Calibraci\u00f3n<\/span><\/th>\n<td class=\"data last\"><span dir=\"auto\">Recomendado despu\u00e9s de 500 pruebas \/ una vez al a\u00f1o \/ con recordatorio<\/span><\/td>\n<\/tr>\n<tr class=\"even\">\n<th class=\"label\"><span dir=\"auto\">Dimensiones<\/span><\/th>\n<td class=\"data last\"><span dir=\"auto\">114 mm x 47 mm x 24 mm<\/span><\/td>\n<\/tr>\n<tr class=\"odd\">\n<th class=\"label\"><span dir=\"auto\">Se suministran boquillas gratuitas<\/span><\/th>\n<td class=\"data last\"><span dir=\"auto\">3<\/span><\/td>\n<\/tr>\n<tr class=\"even\">\n<th class=\"label\"><span dir=\"auto\">Hecho en<\/span><\/th>\n<td class=\"data last\"><span dir=\"auto\">Corea del Sur<\/span><\/td>\n<\/tr>\n<tr class=\"odd\">\n<th class=\"label\"><span dir=\"auto\">Mostrar<\/span><\/th>\n<td class=\"data last\"><span dir=\"auto\">\u2030 (por mil BAC)<\/span><\/td>\n<\/tr>\n<\/tbody>\n<\/table>\n","protected":false},"excerpt":{"rendered":"<p>El CA10FS es la \u00faltima incorporaci\u00f3n a nuestra gama de alcohol\u00edmetros equipados con un sensor electroqu\u00edmico. Esto garantiza que siempre pueda realizar una prueba de alcoholemia precisa en cuesti\u00f3n de segundos. El dispositivo se adapta perfectamente a la mano gracias a su dise\u00f1o compacto. Solicite boquillas adicionales para este producto ahora. Caracter\u00edsticas especiales: Sensor Sensor &hellip; <a href=\"https:\/\/itemsind.com\/tienda\/producto\/alcoholimetro-digital-ca10fs\/\" class=\"more-link\">Continue reading <span class=\"screen-reader-text\">Alcohol\u00edmetro digital &#8211; CA10FS<\/span><\/a><\/p>\n","protected":false},"featured_media":17706,"template":"","meta":[],"product_brand":[],"product_cat":[1300,2315,2252],"product_tag":[2422,2424,2423],"class_list":{"0":"post-17705","1":"product","2":"type-product","3":"status-publish","4":"has-post-thumbnail","6":"product_cat-categorias-prodcutos","7":"product_cat-deteccion-gases","8":"product_cat-equipo","9":"product_tag-alcoholimetro","10":"product_tag-alcoholimetro-digital","11":"product_tag-monitoreo-de-alcohol","14":"instock","15":"taxable","16":"shipping-taxable","17":"product-type-simple"},"yoast_head":"<!-- This site is optimized with the Yoast SEO plugin v27.4 - https:\/\/yoast.com\/product\/yoast-seo-wordpress\/ -->\n<title>Alcohol\u00edmetro digital - CA10FS - Items Industriales<\/title>\n<meta name=\"robots\" content=\"index, follow, max-snippet:-1, max-image-preview:large, max-video-preview:-1\" \/>\n<link rel=\"canonical\" href=\"https:\/\/itemsind.com\/tienda\/producto\/alcoholimetro-digital-ca10fs\/\" \/>\n<meta property=\"og:locale\" content=\"es_ES\" \/>\n<meta property=\"og:type\" content=\"article\" \/>\n<meta property=\"og:title\" content=\"Alcohol\u00edmetro digital - CA10FS - Items Industriales\" \/>\n<meta property=\"og:description\" content=\"El CA10FS es la \u00faltima incorporaci\u00f3n a nuestra gama de alcohol\u00edmetros equipados con un sensor electroqu\u00edmico. Esto garantiza que siempre pueda realizar una prueba de alcoholemia precisa en cuesti\u00f3n de segundos. El dispositivo se adapta perfectamente a la mano gracias a su dise\u00f1o compacto. Solicite boquillas adicionales para este producto ahora. Caracter\u00edsticas especiales: Sensor Sensor &hellip; Continue reading Alcohol\u00edmetro digital &#8211; CA10FS\" \/>\n<meta property=\"og:url\" content=\"https:\/\/itemsind.com\/tienda\/producto\/alcoholimetro-digital-ca10fs\/\" \/>\n<meta property=\"og:site_name\" content=\"Items Industriales\" \/>\n<meta property=\"article:publisher\" content=\"https:\/\/www.facebook.com\/itemsind\" \/>\n<meta property=\"article:modified_time\" content=\"2026-03-05T15:44:15+00:00\" \/>\n<meta property=\"og:image\" content=\"https:\/\/itemsind.com\/tienda\/wp-content\/uploads\/2026\/03\/plantilla-productos-WEBSITE-43.png\" \/>\n\t<meta property=\"og:image:width\" content=\"1080\" \/>\n\t<meta property=\"og:image:height\" content=\"1080\" \/>\n\t<meta property=\"og:image:type\" content=\"image\/png\" \/>\n<meta name=\"twitter:card\" content=\"summary_large_image\" \/>\n<meta name=\"twitter:label1\" content=\"Tiempo de lectura\" \/>\n\t<meta name=\"twitter:data1\" content=\"2 minutos\" \/>\n<script type=\"application\/ld+json\" class=\"yoast-schema-graph\">{\"@context\":\"https:\\\/\\\/schema.org\",\"@graph\":[{\"@type\":\"WebPage\",\"@id\":\"https:\\\/\\\/itemsind.com\\\/tienda\\\/producto\\\/alcoholimetro-digital-ca10fs\\\/\",\"url\":\"https:\\\/\\\/itemsind.com\\\/tienda\\\/producto\\\/alcoholimetro-digital-ca10fs\\\/\",\"name\":\"Alcohol\u00edmetro digital - CA10FS - Items Industriales\",\"isPartOf\":{\"@id\":\"https:\\\/\\\/itemsind.com\\\/tienda\\\/#website\"},\"primaryImageOfPage\":{\"@id\":\"https:\\\/\\\/itemsind.com\\\/tienda\\\/producto\\\/alcoholimetro-digital-ca10fs\\\/#primaryimage\"},\"image\":{\"@id\":\"https:\\\/\\\/itemsind.com\\\/tienda\\\/producto\\\/alcoholimetro-digital-ca10fs\\\/#primaryimage\"},\"thumbnailUrl\":\"https:\\\/\\\/itemsind.com\\\/tienda\\\/wp-content\\\/uploads\\\/2026\\\/03\\\/plantilla-productos-WEBSITE-43.png\",\"datePublished\":\"2026-03-05T15:40:29+00:00\",\"dateModified\":\"2026-03-05T15:44:15+00:00\",\"breadcrumb\":{\"@id\":\"https:\\\/\\\/itemsind.com\\\/tienda\\\/producto\\\/alcoholimetro-digital-ca10fs\\\/#breadcrumb\"},\"inLanguage\":\"es\",\"potentialAction\":[{\"@type\":\"ReadAction\",\"target\":[\"https:\\\/\\\/itemsind.com\\\/tienda\\\/producto\\\/alcoholimetro-digital-ca10fs\\\/\"]}]},{\"@type\":\"ImageObject\",\"inLanguage\":\"es\",\"@id\":\"https:\\\/\\\/itemsind.com\\\/tienda\\\/producto\\\/alcoholimetro-digital-ca10fs\\\/#primaryimage\",\"url\":\"https:\\\/\\\/itemsind.com\\\/tienda\\\/wp-content\\\/uploads\\\/2026\\\/03\\\/plantilla-productos-WEBSITE-43.png\",\"contentUrl\":\"https:\\\/\\\/itemsind.com\\\/tienda\\\/wp-content\\\/uploads\\\/2026\\\/03\\\/plantilla-productos-WEBSITE-43.png\",\"width\":1080,\"height\":1080},{\"@type\":\"BreadcrumbList\",\"@id\":\"https:\\\/\\\/itemsind.com\\\/tienda\\\/producto\\\/alcoholimetro-digital-ca10fs\\\/#breadcrumb\",\"itemListElement\":[{\"@type\":\"ListItem\",\"position\":1,\"name\":\"Portada\",\"item\":\"https:\\\/\\\/itemsind.com\\\/tienda\\\/\"},{\"@type\":\"ListItem\",\"position\":2,\"name\":\"Tienda\",\"item\":\"https:\\\/\\\/itemsind.com\\\/tienda\\\/tienda\\\/\"},{\"@type\":\"ListItem\",\"position\":3,\"name\":\"Alcohol\u00edmetro digital &#8211; CA10FS\"}]},{\"@type\":\"WebSite\",\"@id\":\"https:\\\/\\\/itemsind.com\\\/tienda\\\/#website\",\"url\":\"https:\\\/\\\/itemsind.com\\\/tienda\\\/\",\"name\":\"Items Industriales\",\"description\":\"Productos y Servicios para Seguridad Industrial\",\"publisher\":{\"@id\":\"https:\\\/\\\/itemsind.com\\\/tienda\\\/#organization\"},\"potentialAction\":[{\"@type\":\"SearchAction\",\"target\":{\"@type\":\"EntryPoint\",\"urlTemplate\":\"https:\\\/\\\/itemsind.com\\\/tienda\\\/?s={search_term_string}\"},\"query-input\":{\"@type\":\"PropertyValueSpecification\",\"valueRequired\":true,\"valueName\":\"search_term_string\"}}],\"inLanguage\":\"es\"},{\"@type\":\"Organization\",\"@id\":\"https:\\\/\\\/itemsind.com\\\/tienda\\\/#organization\",\"name\":\"Items Industriales\",\"url\":\"https:\\\/\\\/itemsind.com\\\/tienda\\\/\",\"logo\":{\"@type\":\"ImageObject\",\"inLanguage\":\"es\",\"@id\":\"https:\\\/\\\/itemsind.com\\\/tienda\\\/#\\\/schema\\\/logo\\\/image\\\/\",\"url\":\"https:\\\/\\\/itemsind.com\\\/tienda\\\/wp-content\\\/uploads\\\/2023\\\/11\\\/items-logo-principal.jpg\",\"contentUrl\":\"https:\\\/\\\/itemsind.com\\\/tienda\\\/wp-content\\\/uploads\\\/2023\\\/11\\\/items-logo-principal.jpg\",\"width\":2120,\"height\":793,\"caption\":\"Items Industriales\"},\"image\":{\"@id\":\"https:\\\/\\\/itemsind.com\\\/tienda\\\/#\\\/schema\\\/logo\\\/image\\\/\"},\"sameAs\":[\"https:\\\/\\\/www.facebook.com\\\/itemsind\",\"https:\\\/\\\/www.instagram.com\\\/itemsind\\\/\"]}]}<\/script>\n<!-- \/ Yoast SEO plugin. -->","yoast_head_json":{"title":"Alcohol\u00edmetro digital - CA10FS - Items Industriales","robots":{"index":"index","follow":"follow","max-snippet":"max-snippet:-1","max-image-preview":"max-image-preview:large","max-video-preview":"max-video-preview:-1"},"canonical":"https:\/\/itemsind.com\/tienda\/producto\/alcoholimetro-digital-ca10fs\/","og_locale":"es_ES","og_type":"article","og_title":"Alcohol\u00edmetro digital - CA10FS - Items Industriales","og_description":"El CA10FS es la \u00faltima incorporaci\u00f3n a nuestra gama de alcohol\u00edmetros equipados con un sensor electroqu\u00edmico. Esto garantiza que siempre pueda realizar una prueba de alcoholemia precisa en cuesti\u00f3n de segundos. El dispositivo se adapta perfectamente a la mano gracias a su dise\u00f1o compacto. Solicite boquillas adicionales para este producto ahora. Caracter\u00edsticas especiales: Sensor Sensor &hellip; Continue reading Alcohol\u00edmetro digital &#8211; CA10FS","og_url":"https:\/\/itemsind.com\/tienda\/producto\/alcoholimetro-digital-ca10fs\/","og_site_name":"Items Industriales","article_publisher":"https:\/\/www.facebook.com\/itemsind","article_modified_time":"2026-03-05T15:44:15+00:00","og_image":[{"width":1080,"height":1080,"url":"https:\/\/itemsind.com\/tienda\/wp-content\/uploads\/2026\/03\/plantilla-productos-WEBSITE-43.png","type":"image\/png"}],"twitter_card":"summary_large_image","twitter_misc":{"Tiempo de lectura":"2 minutos"},"schema":{"@context":"https:\/\/schema.org","@graph":[{"@type":"WebPage","@id":"https:\/\/itemsind.com\/tienda\/producto\/alcoholimetro-digital-ca10fs\/","url":"https:\/\/itemsind.com\/tienda\/producto\/alcoholimetro-digital-ca10fs\/","name":"Alcohol\u00edmetro digital - CA10FS - Items Industriales","isPartOf":{"@id":"https:\/\/itemsind.com\/tienda\/#website"},"primaryImageOfPage":{"@id":"https:\/\/itemsind.com\/tienda\/producto\/alcoholimetro-digital-ca10fs\/#primaryimage"},"image":{"@id":"https:\/\/itemsind.com\/tienda\/producto\/alcoholimetro-digital-ca10fs\/#primaryimage"},"thumbnailUrl":"https:\/\/itemsind.com\/tienda\/wp-content\/uploads\/2026\/03\/plantilla-productos-WEBSITE-43.png","datePublished":"2026-03-05T15:40:29+00:00","dateModified":"2026-03-05T15:44:15+00:00","breadcrumb":{"@id":"https:\/\/itemsind.com\/tienda\/producto\/alcoholimetro-digital-ca10fs\/#breadcrumb"},"inLanguage":"es","potentialAction":[{"@type":"ReadAction","target":["https:\/\/itemsind.com\/tienda\/producto\/alcoholimetro-digital-ca10fs\/"]}]},{"@type":"ImageObject","inLanguage":"es","@id":"https:\/\/itemsind.com\/tienda\/producto\/alcoholimetro-digital-ca10fs\/#primaryimage","url":"https:\/\/itemsind.com\/tienda\/wp-content\/uploads\/2026\/03\/plantilla-productos-WEBSITE-43.png","contentUrl":"https:\/\/itemsind.com\/tienda\/wp-content\/uploads\/2026\/03\/plantilla-productos-WEBSITE-43.png","width":1080,"height":1080},{"@type":"BreadcrumbList","@id":"https:\/\/itemsind.com\/tienda\/producto\/alcoholimetro-digital-ca10fs\/#breadcrumb","itemListElement":[{"@type":"ListItem","position":1,"name":"Portada","item":"https:\/\/itemsind.com\/tienda\/"},{"@type":"ListItem","position":2,"name":"Tienda","item":"https:\/\/itemsind.com\/tienda\/tienda\/"},{"@type":"ListItem","position":3,"name":"Alcohol\u00edmetro digital &#8211; CA10FS"}]},{"@type":"WebSite","@id":"https:\/\/itemsind.com\/tienda\/#website","url":"https:\/\/itemsind.com\/tienda\/","name":"Items Industriales","description":"Productos y Servicios para Seguridad Industrial","publisher":{"@id":"https:\/\/itemsind.com\/tienda\/#organization"},"potentialAction":[{"@type":"SearchAction","target":{"@type":"EntryPoint","urlTemplate":"https:\/\/itemsind.com\/tienda\/?s={search_term_string}"},"query-input":{"@type":"PropertyValueSpecification","valueRequired":true,"valueName":"search_term_string"}}],"inLanguage":"es"},{"@type":"Organization","@id":"https:\/\/itemsind.com\/tienda\/#organization","name":"Items Industriales","url":"https:\/\/itemsind.com\/tienda\/","logo":{"@type":"ImageObject","inLanguage":"es","@id":"https:\/\/itemsind.com\/tienda\/#\/schema\/logo\/image\/","url":"https:\/\/itemsind.com\/tienda\/wp-content\/uploads\/2023\/11\/items-logo-principal.jpg","contentUrl":"https:\/\/itemsind.com\/tienda\/wp-content\/uploads\/2023\/11\/items-logo-principal.jpg","width":2120,"height":793,"caption":"Items Industriales"},"image":{"@id":"https:\/\/itemsind.com\/tienda\/#\/schema\/logo\/image\/"},"sameAs":["https:\/\/www.facebook.com\/itemsind","https:\/\/www.instagram.com\/itemsind\/"]}]}},"_links":{"self":[{"href":"https:\/\/itemsind.com\/tienda\/wp-json\/wp\/v2\/product\/17705","targetHints":{"allow":["GET"]}}],"collection":[{"href":"https:\/\/itemsind.com\/tienda\/wp-json\/wp\/v2\/product"}],"about":[{"href":"https:\/\/itemsind.com\/tienda\/wp-json\/wp\/v2\/types\/product"}],"wp:featuredmedia":[{"embeddable":true,"href":"https:\/\/itemsind.com\/tienda\/wp-json\/wp\/v2\/media\/17706"}],"wp:attachment":[{"href":"https:\/\/itemsind.com\/tienda\/wp-json\/wp\/v2\/media?parent=17705"}],"wp:term":[{"taxonomy":"product_brand","embeddable":true,"href":"https:\/\/itemsind.com\/tienda\/wp-json\/wp\/v2\/product_brand?post=17705"},{"taxonomy":"product_cat","embeddable":true,"href":"https:\/\/itemsind.com\/tienda\/wp-json\/wp\/v2\/product_cat?post=17705"},{"taxonomy":"product_tag","embeddable":true,"href":"https:\/\/itemsind.com\/tienda\/wp-json\/wp\/v2\/product_tag?post=17705"}],"curies":[{"name":"wp","href":"https:\/\/api.w.org\/{rel}","templated":true}]}}