{"id":17803,"date":"2026-03-09T10:18:10","date_gmt":"2026-03-09T16:18:10","guid":{"rendered":"https:\/\/itemsind.com\/tienda\/?post_type=product&#038;p=17803"},"modified":"2026-03-10T09:56:14","modified_gmt":"2026-03-10T15:56:14","slug":"respirador-de-media-cara-desplegable-9572","status":"publish","type":"product","link":"https:\/\/itemsind.com\/tienda\/producto\/respirador-de-media-cara-desplegable-9572\/","title":{"rendered":"Respirador de media cara desplegable-9572"},"content":{"rendered":"","protected":false},"excerpt":{"rendered":"<h3><span dir=\"auto\">Sistema de confort de dos pasos<\/span><\/h3>\n<p><span dir=\"auto\">El sistema de funci\u00f3n avanzada QuickDrop\u2122 est\u00e1 dise\u00f1ado para quitar f\u00e1cilmente la m\u00e1scara de la cara sin tener que volver a enroscarla o quitarse el casco o las gafas de protecci\u00f3n.<\/span><\/p>\n<h3><span dir=\"auto\">Modo de trabajo<\/span><\/h3>\n<p><span dir=\"auto\">Ajuste las correas para usar la m\u00e1scara durante el funcionamiento normal.<\/span><\/p>\n<h3><span dir=\"auto\">Modo relajado<\/span><\/h3>\n<p><span dir=\"auto\">Baje las correas para bajar la mascarilla al entrar y salir de zonas contaminadas. Bajar la mascarilla facilita la interacci\u00f3n con sus compa\u00f1eros. El clip de ajuste r\u00e1pido permite volver a pon\u00e9rsela f\u00e1cilmente sin quitarse las gafas ni el casco.<\/span><\/p>\n","protected":false},"featured_media":17804,"template":"","meta":[],"product_brand":[2364],"product_cat":[2064,1353],"product_tag":[1456,2449,2453],"class_list":{"0":"post-17803","1":"product","2":"type-product","3":"status-publish","4":"has-post-thumbnail","6":"product_brand-gerson","7":"product_cat-proteccion","8":"product_cat-proteccion-respiratoria","9":"product_tag-respirador","10":"product_tag-respirador-de-media-cara","11":"product_tag-respirador-de-silicona","14":"instock","15":"taxable","16":"shipping-taxable","17":"product-type-simple"},"yoast_head":"<!-- This site is optimized with the Yoast SEO plugin v27.4 - https:\/\/yoast.com\/product\/yoast-seo-wordpress\/ -->\n<title>Respirador de media cara desplegable-9572 - Items Industriales<\/title>\n<meta name=\"robots\" content=\"index, follow, max-snippet:-1, max-image-preview:large, max-video-preview:-1\" \/>\n<link rel=\"canonical\" href=\"https:\/\/itemsind.com\/tienda\/producto\/respirador-de-media-cara-desplegable-9572\/\" \/>\n<meta property=\"og:locale\" content=\"es_ES\" \/>\n<meta property=\"og:type\" content=\"article\" \/>\n<meta property=\"og:title\" content=\"Respirador de media cara desplegable-9572 - Items Industriales\" \/>\n<meta property=\"og:description\" content=\"Sistema de confort de dos pasos El sistema de funci\u00f3n avanzada QuickDrop\u2122 est\u00e1 dise\u00f1ado para quitar f\u00e1cilmente la m\u00e1scara de la cara sin tener que volver a enroscarla o quitarse el casco o las gafas de protecci\u00f3n. Modo de trabajo Ajuste las correas para usar la m\u00e1scara durante el funcionamiento normal. Modo relajado Baje las correas para bajar la mascarilla al entrar y salir de zonas contaminadas. Bajar la mascarilla facilita la interacci\u00f3n con sus compa\u00f1eros. El clip de ajuste r\u00e1pido permite volver a pon\u00e9rsela f\u00e1cilmente sin quitarse las gafas ni el casco.\" \/>\n<meta property=\"og:url\" content=\"https:\/\/itemsind.com\/tienda\/producto\/respirador-de-media-cara-desplegable-9572\/\" \/>\n<meta property=\"og:site_name\" content=\"Items Industriales\" \/>\n<meta property=\"article:publisher\" content=\"https:\/\/www.facebook.com\/itemsind\" \/>\n<meta property=\"article:modified_time\" content=\"2026-03-10T15:56:14+00:00\" \/>\n<meta property=\"og:image\" content=\"https:\/\/itemsind.com\/tienda\/wp-content\/uploads\/2026\/03\/mask-front.jpg\" \/>\n\t<meta property=\"og:image:width\" content=\"800\" \/>\n\t<meta property=\"og:image:height\" content=\"800\" \/>\n\t<meta property=\"og:image:type\" content=\"image\/jpeg\" \/>\n<meta name=\"twitter:card\" content=\"summary_large_image\" \/>\n<meta name=\"twitter:label1\" content=\"Tiempo de lectura\" \/>\n\t<meta name=\"twitter:data1\" content=\"1 minuto\" \/>\n<script type=\"application\/ld+json\" class=\"yoast-schema-graph\">{\"@context\":\"https:\\\/\\\/schema.org\",\"@graph\":[{\"@type\":\"WebPage\",\"@id\":\"https:\\\/\\\/itemsind.com\\\/tienda\\\/producto\\\/respirador-de-media-cara-desplegable-9572\\\/\",\"url\":\"https:\\\/\\\/itemsind.com\\\/tienda\\\/producto\\\/respirador-de-media-cara-desplegable-9572\\\/\",\"name\":\"Respirador de media cara desplegable-9572 - Items Industriales\",\"isPartOf\":{\"@id\":\"https:\\\/\\\/itemsind.com\\\/tienda\\\/#website\"},\"primaryImageOfPage\":{\"@id\":\"https:\\\/\\\/itemsind.com\\\/tienda\\\/producto\\\/respirador-de-media-cara-desplegable-9572\\\/#primaryimage\"},\"image\":{\"@id\":\"https:\\\/\\\/itemsind.com\\\/tienda\\\/producto\\\/respirador-de-media-cara-desplegable-9572\\\/#primaryimage\"},\"thumbnailUrl\":\"https:\\\/\\\/itemsind.com\\\/tienda\\\/wp-content\\\/uploads\\\/2026\\\/03\\\/mask-front.jpg\",\"datePublished\":\"2026-03-09T16:18:10+00:00\",\"dateModified\":\"2026-03-10T15:56:14+00:00\",\"breadcrumb\":{\"@id\":\"https:\\\/\\\/itemsind.com\\\/tienda\\\/producto\\\/respirador-de-media-cara-desplegable-9572\\\/#breadcrumb\"},\"inLanguage\":\"es\",\"potentialAction\":[{\"@type\":\"ReadAction\",\"target\":[\"https:\\\/\\\/itemsind.com\\\/tienda\\\/producto\\\/respirador-de-media-cara-desplegable-9572\\\/\"]}]},{\"@type\":\"ImageObject\",\"inLanguage\":\"es\",\"@id\":\"https:\\\/\\\/itemsind.com\\\/tienda\\\/producto\\\/respirador-de-media-cara-desplegable-9572\\\/#primaryimage\",\"url\":\"https:\\\/\\\/itemsind.com\\\/tienda\\\/wp-content\\\/uploads\\\/2026\\\/03\\\/mask-front.jpg\",\"contentUrl\":\"https:\\\/\\\/itemsind.com\\\/tienda\\\/wp-content\\\/uploads\\\/2026\\\/03\\\/mask-front.jpg\",\"width\":800,\"height\":800},{\"@type\":\"BreadcrumbList\",\"@id\":\"https:\\\/\\\/itemsind.com\\\/tienda\\\/producto\\\/respirador-de-media-cara-desplegable-9572\\\/#breadcrumb\",\"itemListElement\":[{\"@type\":\"ListItem\",\"position\":1,\"name\":\"Portada\",\"item\":\"https:\\\/\\\/itemsind.com\\\/tienda\\\/\"},{\"@type\":\"ListItem\",\"position\":2,\"name\":\"Tienda\",\"item\":\"https:\\\/\\\/itemsind.com\\\/tienda\\\/tienda\\\/\"},{\"@type\":\"ListItem\",\"position\":3,\"name\":\"Respirador de media cara desplegable-9572\"}]},{\"@type\":\"WebSite\",\"@id\":\"https:\\\/\\\/itemsind.com\\\/tienda\\\/#website\",\"url\":\"https:\\\/\\\/itemsind.com\\\/tienda\\\/\",\"name\":\"Items Industriales\",\"description\":\"Productos y Servicios para Seguridad Industrial\",\"publisher\":{\"@id\":\"https:\\\/\\\/itemsind.com\\\/tienda\\\/#organization\"},\"potentialAction\":[{\"@type\":\"SearchAction\",\"target\":{\"@type\":\"EntryPoint\",\"urlTemplate\":\"https:\\\/\\\/itemsind.com\\\/tienda\\\/?s={search_term_string}\"},\"query-input\":{\"@type\":\"PropertyValueSpecification\",\"valueRequired\":true,\"valueName\":\"search_term_string\"}}],\"inLanguage\":\"es\"},{\"@type\":\"Organization\",\"@id\":\"https:\\\/\\\/itemsind.com\\\/tienda\\\/#organization\",\"name\":\"Items Industriales\",\"url\":\"https:\\\/\\\/itemsind.com\\\/tienda\\\/\",\"logo\":{\"@type\":\"ImageObject\",\"inLanguage\":\"es\",\"@id\":\"https:\\\/\\\/itemsind.com\\\/tienda\\\/#\\\/schema\\\/logo\\\/image\\\/\",\"url\":\"https:\\\/\\\/itemsind.com\\\/tienda\\\/wp-content\\\/uploads\\\/2023\\\/11\\\/items-logo-principal.jpg\",\"contentUrl\":\"https:\\\/\\\/itemsind.com\\\/tienda\\\/wp-content\\\/uploads\\\/2023\\\/11\\\/items-logo-principal.jpg\",\"width\":2120,\"height\":793,\"caption\":\"Items Industriales\"},\"image\":{\"@id\":\"https:\\\/\\\/itemsind.com\\\/tienda\\\/#\\\/schema\\\/logo\\\/image\\\/\"},\"sameAs\":[\"https:\\\/\\\/www.facebook.com\\\/itemsind\",\"https:\\\/\\\/www.instagram.com\\\/itemsind\\\/\"]}]}<\/script>\n<!-- \/ Yoast SEO plugin. -->","yoast_head_json":{"title":"Respirador de media cara desplegable-9572 - Items Industriales","robots":{"index":"index","follow":"follow","max-snippet":"max-snippet:-1","max-image-preview":"max-image-preview:large","max-video-preview":"max-video-preview:-1"},"canonical":"https:\/\/itemsind.com\/tienda\/producto\/respirador-de-media-cara-desplegable-9572\/","og_locale":"es_ES","og_type":"article","og_title":"Respirador de media cara desplegable-9572 - Items Industriales","og_description":"Sistema de confort de dos pasos El sistema de funci\u00f3n avanzada QuickDrop\u2122 est\u00e1 dise\u00f1ado para quitar f\u00e1cilmente la m\u00e1scara de la cara sin tener que volver a enroscarla o quitarse el casco o las gafas de protecci\u00f3n. Modo de trabajo Ajuste las correas para usar la m\u00e1scara durante el funcionamiento normal. Modo relajado Baje las correas para bajar la mascarilla al entrar y salir de zonas contaminadas. Bajar la mascarilla facilita la interacci\u00f3n con sus compa\u00f1eros. El clip de ajuste r\u00e1pido permite volver a pon\u00e9rsela f\u00e1cilmente sin quitarse las gafas ni el casco.","og_url":"https:\/\/itemsind.com\/tienda\/producto\/respirador-de-media-cara-desplegable-9572\/","og_site_name":"Items Industriales","article_publisher":"https:\/\/www.facebook.com\/itemsind","article_modified_time":"2026-03-10T15:56:14+00:00","og_image":[{"width":800,"height":800,"url":"https:\/\/itemsind.com\/tienda\/wp-content\/uploads\/2026\/03\/mask-front.jpg","type":"image\/jpeg"}],"twitter_card":"summary_large_image","twitter_misc":{"Tiempo de lectura":"1 minuto"},"schema":{"@context":"https:\/\/schema.org","@graph":[{"@type":"WebPage","@id":"https:\/\/itemsind.com\/tienda\/producto\/respirador-de-media-cara-desplegable-9572\/","url":"https:\/\/itemsind.com\/tienda\/producto\/respirador-de-media-cara-desplegable-9572\/","name":"Respirador de media cara desplegable-9572 - Items Industriales","isPartOf":{"@id":"https:\/\/itemsind.com\/tienda\/#website"},"primaryImageOfPage":{"@id":"https:\/\/itemsind.com\/tienda\/producto\/respirador-de-media-cara-desplegable-9572\/#primaryimage"},"image":{"@id":"https:\/\/itemsind.com\/tienda\/producto\/respirador-de-media-cara-desplegable-9572\/#primaryimage"},"thumbnailUrl":"https:\/\/itemsind.com\/tienda\/wp-content\/uploads\/2026\/03\/mask-front.jpg","datePublished":"2026-03-09T16:18:10+00:00","dateModified":"2026-03-10T15:56:14+00:00","breadcrumb":{"@id":"https:\/\/itemsind.com\/tienda\/producto\/respirador-de-media-cara-desplegable-9572\/#breadcrumb"},"inLanguage":"es","potentialAction":[{"@type":"ReadAction","target":["https:\/\/itemsind.com\/tienda\/producto\/respirador-de-media-cara-desplegable-9572\/"]}]},{"@type":"ImageObject","inLanguage":"es","@id":"https:\/\/itemsind.com\/tienda\/producto\/respirador-de-media-cara-desplegable-9572\/#primaryimage","url":"https:\/\/itemsind.com\/tienda\/wp-content\/uploads\/2026\/03\/mask-front.jpg","contentUrl":"https:\/\/itemsind.com\/tienda\/wp-content\/uploads\/2026\/03\/mask-front.jpg","width":800,"height":800},{"@type":"BreadcrumbList","@id":"https:\/\/itemsind.com\/tienda\/producto\/respirador-de-media-cara-desplegable-9572\/#breadcrumb","itemListElement":[{"@type":"ListItem","position":1,"name":"Portada","item":"https:\/\/itemsind.com\/tienda\/"},{"@type":"ListItem","position":2,"name":"Tienda","item":"https:\/\/itemsind.com\/tienda\/tienda\/"},{"@type":"ListItem","position":3,"name":"Respirador de media cara desplegable-9572"}]},{"@type":"WebSite","@id":"https:\/\/itemsind.com\/tienda\/#website","url":"https:\/\/itemsind.com\/tienda\/","name":"Items Industriales","description":"Productos y Servicios para Seguridad Industrial","publisher":{"@id":"https:\/\/itemsind.com\/tienda\/#organization"},"potentialAction":[{"@type":"SearchAction","target":{"@type":"EntryPoint","urlTemplate":"https:\/\/itemsind.com\/tienda\/?s={search_term_string}"},"query-input":{"@type":"PropertyValueSpecification","valueRequired":true,"valueName":"search_term_string"}}],"inLanguage":"es"},{"@type":"Organization","@id":"https:\/\/itemsind.com\/tienda\/#organization","name":"Items Industriales","url":"https:\/\/itemsind.com\/tienda\/","logo":{"@type":"ImageObject","inLanguage":"es","@id":"https:\/\/itemsind.com\/tienda\/#\/schema\/logo\/image\/","url":"https:\/\/itemsind.com\/tienda\/wp-content\/uploads\/2023\/11\/items-logo-principal.jpg","contentUrl":"https:\/\/itemsind.com\/tienda\/wp-content\/uploads\/2023\/11\/items-logo-principal.jpg","width":2120,"height":793,"caption":"Items Industriales"},"image":{"@id":"https:\/\/itemsind.com\/tienda\/#\/schema\/logo\/image\/"},"sameAs":["https:\/\/www.facebook.com\/itemsind","https:\/\/www.instagram.com\/itemsind\/"]}]}},"_links":{"self":[{"href":"https:\/\/itemsind.com\/tienda\/wp-json\/wp\/v2\/product\/17803","targetHints":{"allow":["GET"]}}],"collection":[{"href":"https:\/\/itemsind.com\/tienda\/wp-json\/wp\/v2\/product"}],"about":[{"href":"https:\/\/itemsind.com\/tienda\/wp-json\/wp\/v2\/types\/product"}],"wp:featuredmedia":[{"embeddable":true,"href":"https:\/\/itemsind.com\/tienda\/wp-json\/wp\/v2\/media\/17804"}],"wp:attachment":[{"href":"https:\/\/itemsind.com\/tienda\/wp-json\/wp\/v2\/media?parent=17803"}],"wp:term":[{"taxonomy":"product_brand","embeddable":true,"href":"https:\/\/itemsind.com\/tienda\/wp-json\/wp\/v2\/product_brand?post=17803"},{"taxonomy":"product_cat","embeddable":true,"href":"https:\/\/itemsind.com\/tienda\/wp-json\/wp\/v2\/product_cat?post=17803"},{"taxonomy":"product_tag","embeddable":true,"href":"https:\/\/itemsind.com\/tienda\/wp-json\/wp\/v2\/product_tag?post=17803"}],"curies":[{"name":"wp","href":"https:\/\/api.w.org\/{rel}","templated":true}]}}

<h3><span dir="auto">Sistema de confort de dos pasos</span></h3>
<p><span dir="auto">El sistema de función avanzada QuickDrop™ está diseñado para quitar fácilmente la máscara de la cara sin tener que volver a enroscarla o quitarse el casco o las gafas de protección.</span></p>
<h3><span dir="auto">Modo de trabajo</span></h3>
<p><span dir="auto">Ajuste las correas para usar la máscara durante el funcionamiento normal.</span></p>
<h3><span dir="auto">Modo relajado</span></h3>
<p><span dir="auto">Baje las correas para bajar la mascarilla al entrar y salir de zonas contaminadas. Bajar la mascarilla facilita la interacción con sus compañeros. El clip de ajuste rápido permite volver a ponérsela fácilmente sin quitarse las gafas ni el casco.</span></p>

<!-- This site is optimized with the Yoast SEO plugin v27.4 - https://yoast.com/product/yoast-seo-wordpress/ -->
<title>Respirador de media cara desplegable-9572 - Items Industriales</title>
<meta name="robots" content="index, follow, max-snippet:-1, max-image-preview:large, max-video-preview:-1" />
<link rel="canonical" href="https://itemsind.com/tienda/producto/respirador-de-media-cara-desplegable-9572/" />
<meta property="og:locale" content="es_ES" />
<meta property="og:type" content="article" />
<meta property="og:title" content="Respirador de media cara desplegable-9572 - Items Industriales" />
<meta property="og:description" content="Sistema de confort de dos pasos El sistema de función avanzada QuickDrop™ está diseñado para quitar fácilmente la máscara de la cara sin tener que volver a enroscarla o quitarse el casco o las gafas de protección. Modo de trabajo Ajuste las correas para usar la máscara durante el funcionamiento normal. Modo relajado Baje las correas para bajar la mascarilla al entrar y salir de zonas contaminadas. Bajar la mascarilla facilita la interacción con sus compañeros. El clip de ajuste rápido permite volver a ponérsela fácilmente sin quitarse las gafas ni el casco." />
<meta property="og:url" content="https://itemsind.com/tienda/producto/respirador-de-media-cara-desplegable-9572/" />
<meta property="og:site_name" content="Items Industriales" />
<meta property="article:publisher" content="https://www.facebook.com/itemsind" />
<meta property="article:modified_time" content="2026-03-10T15:56:14+00:00" />
<meta property="og:image" content="https://itemsind.com/tienda/wp-content/uploads/2026/03/mask-front.jpg" />
	<meta property="og:image:width" content="800" />
	<meta property="og:image:height" content="800" />
	<meta property="og:image:type" content="image/jpeg" />
<meta name="twitter:card" content="summary_large_image" />
<meta name="twitter:label1" content="Tiempo de lectura" />
	<meta name="twitter:data1" content="1 minuto" />
<script type="application/ld+json" class="yoast-schema-graph">{"@context":"https:\/\/schema.org","@graph":[{"@type":"WebPage","@id":"https:\/\/itemsind.com\/tienda\/producto\/respirador-de-media-cara-desplegable-9572\/","url":"https:\/\/itemsind.com\/tienda\/producto\/respirador-de-media-cara-desplegable-9572\/","name":"Respirador de media cara desplegable-9572 - Items Industriales","isPartOf":{"@id":"https:\/\/itemsind.com\/tienda\/#website"},"primaryImageOfPage":{"@id":"https:\/\/itemsind.com\/tienda\/producto\/respirador-de-media-cara-desplegable-9572\/#primaryimage"},"image":{"@id":"https:\/\/itemsind.com\/tienda\/producto\/respirador-de-media-cara-desplegable-9572\/#primaryimage"},"thumbnailUrl":"https:\/\/itemsind.com\/tienda\/wp-content\/uploads\/2026\/03\/mask-front.jpg","datePublished":"2026-03-09T16:18:10+00:00","dateModified":"2026-03-10T15:56:14+00:00","breadcrumb":{"@id":"https:\/\/itemsind.com\/tienda\/producto\/respirador-de-media-cara-desplegable-9572\/#breadcrumb"},"inLanguage":"es","potentialAction":[{"@type":"ReadAction","target":["https:\/\/itemsind.com\/tienda\/producto\/respirador-de-media-cara-desplegable-9572\/"]}]},{"@type":"ImageObject","inLanguage":"es","@id":"https:\/\/itemsind.com\/tienda\/producto\/respirador-de-media-cara-desplegable-9572\/#primaryimage","url":"https:\/\/itemsind.com\/tienda\/wp-content\/uploads\/2026\/03\/mask-front.jpg","contentUrl":"https:\/\/itemsind.com\/tienda\/wp-content\/uploads\/2026\/03\/mask-front.jpg","width":800,"height":800},{"@type":"BreadcrumbList","@id":"https:\/\/itemsind.com\/tienda\/producto\/respirador-de-media-cara-desplegable-9572\/#breadcrumb","itemListElement":[{"@type":"ListItem","position":1,"name":"Portada","item":"https:\/\/itemsind.com\/tienda\/"},{"@type":"ListItem","position":2,"name":"Tienda","item":"https:\/\/itemsind.com\/tienda\/tienda\/"},{"@type":"ListItem","position":3,"name":"Respirador de media cara desplegable-9572"}]},{"@type":"WebSite","@id":"https:\/\/itemsind.com\/tienda\/#website","url":"https:\/\/itemsind.com\/tienda\/","name":"Items Industriales","description":"Productos y Servicios para Seguridad Industrial","publisher":{"@id":"https:\/\/itemsind.com\/tienda\/#organization"},"potentialAction":[{"@type":"SearchAction","target":{"@type":"EntryPoint","urlTemplate":"https:\/\/itemsind.com\/tienda\/?s={search_term_string}"},"query-input":{"@type":"PropertyValueSpecification","valueRequired":true,"valueName":"search_term_string"}}],"inLanguage":"es"},{"@type":"Organization","@id":"https:\/\/itemsind.com\/tienda\/#organization","name":"Items Industriales","url":"https:\/\/itemsind.com\/tienda\/","logo":{"@type":"ImageObject","inLanguage":"es","@id":"https:\/\/itemsind.com\/tienda\/#\/schema\/logo\/image\/","url":"https:\/\/itemsind.com\/tienda\/wp-content\/uploads\/2023\/11\/items-logo-principal.jpg","contentUrl":"https:\/\/itemsind.com\/tienda\/wp-content\/uploads\/2023\/11\/items-logo-principal.jpg","width":2120,"height":793,"caption":"Items Industriales"},"image":{"@id":"https:\/\/itemsind.com\/tienda\/#\/schema\/logo\/image\/"},"sameAs":["https:\/\/www.facebook.com\/itemsind","https:\/\/www.instagram.com\/itemsind\/"]}]}</script>
<!-- / Yoast SEO plugin. -->

Sistema de confort de dos pasos El sistema de función avanzada QuickDrop™ está diseñado para quitar fácilmente la máscara de la cara sin tener que volver a enroscarla o quitarse el casco o las gafas de protección. Modo de trabajo Ajuste las correas para usar la máscara durante el funcionamiento normal. Modo relajado Baje las correas para bajar la mascarilla al entrar y salir de zonas contaminadas. Bajar la mascarilla facilita la interacción con sus compañeros. El clip de ajuste rápido permite volver a ponérsela fácilmente sin quitarse las gafas ni el casco.
