{"id":17950,"date":"2026-03-11T14:22:14","date_gmt":"2026-03-11T20:22:14","guid":{"rendered":"https:\/\/itemsind.com\/tienda\/?post_type=product&#038;p=17950"},"modified":"2026-03-11T14:23:10","modified_gmt":"2026-03-11T20:23:10","slug":"respirador-de-media-cara-moldex-7002","status":"publish","type":"product","link":"https:\/\/itemsind.com\/tienda\/producto\/respirador-de-media-cara-moldex-7002\/","title":{"rendered":"Respirador de media cara  Moldex 7002"},"content":{"rendered":"","protected":false},"excerpt":{"rendered":"<p><span style=\"color: #000000;\">Conozca el respirador reutilizable de media m\u00e1scara Moldex\u00ae Serie 7000. Dise\u00f1ado para la protecci\u00f3n. Fabricado para la comodidad. Dise\u00f1amos la m\u00e1scara 7002 para que sea el respirador m\u00e1s f\u00e1cil de usar del mercado. Este respirador cuenta con menos piezas, un mantenimiento m\u00ednimo y un campo de visi\u00f3n m\u00e1s amplio. F\u00e1cil montaje del cartucho\/filtro con bayoneta. Arn\u00e9s de cabeza ajustable para un ajuste personalizado. Es ultraligero, duradero y econ\u00f3mico. \u00bfEl resultado? Protecci\u00f3n respiratoria sencilla, c\u00f3moda y econ\u00f3mica, simplemente f\u00e1cil de usar.<\/span><\/p>\n","protected":false},"featured_media":17951,"template":"","meta":[],"product_brand":[2370],"product_cat":[2064,1353],"product_tag":[2464,1456,2449],"class_list":{"0":"post-17950","1":"product","2":"type-product","3":"status-publish","4":"has-post-thumbnail","6":"product_brand-moldex","7":"product_cat-proteccion","8":"product_cat-proteccion-respiratoria","9":"product_tag-proteccion-respiratoria","10":"product_tag-respirador","11":"product_tag-respirador-de-media-cara","14":"instock","15":"taxable","16":"shipping-taxable","17":"product-type-simple"},"yoast_head":"<!-- This site is optimized with the Yoast SEO plugin v27.4 - https:\/\/yoast.com\/product\/yoast-seo-wordpress\/ -->\n<title>Respirador de media cara Moldex 7002 - Items Industriales<\/title>\n<meta name=\"robots\" content=\"index, follow, max-snippet:-1, max-image-preview:large, max-video-preview:-1\" \/>\n<link rel=\"canonical\" href=\"https:\/\/itemsind.com\/tienda\/producto\/respirador-de-media-cara-moldex-7002\/\" \/>\n<meta property=\"og:locale\" content=\"es_ES\" \/>\n<meta property=\"og:type\" content=\"article\" \/>\n<meta property=\"og:title\" content=\"Respirador de media cara Moldex 7002 - Items Industriales\" \/>\n<meta property=\"og:description\" content=\"Conozca el respirador reutilizable de media m\u00e1scara Moldex\u00ae Serie 7000. Dise\u00f1ado para la protecci\u00f3n. Fabricado para la comodidad. Dise\u00f1amos la m\u00e1scara 7002 para que sea el respirador m\u00e1s f\u00e1cil de usar del mercado. Este respirador cuenta con menos piezas, un mantenimiento m\u00ednimo y un campo de visi\u00f3n m\u00e1s amplio. F\u00e1cil montaje del cartucho\/filtro con bayoneta. Arn\u00e9s de cabeza ajustable para un ajuste personalizado. Es ultraligero, duradero y econ\u00f3mico. \u00bfEl resultado? Protecci\u00f3n respiratoria sencilla, c\u00f3moda y econ\u00f3mica, simplemente f\u00e1cil de usar.\" \/>\n<meta property=\"og:url\" content=\"https:\/\/itemsind.com\/tienda\/producto\/respirador-de-media-cara-moldex-7002\/\" \/>\n<meta property=\"og:site_name\" content=\"Items Industriales\" \/>\n<meta property=\"article:publisher\" content=\"https:\/\/www.facebook.com\/itemsind\" \/>\n<meta property=\"article:modified_time\" content=\"2026-03-11T20:23:10+00:00\" \/>\n<meta property=\"og:image\" content=\"https:\/\/itemsind.com\/tienda\/wp-content\/uploads\/2026\/03\/33ff4bd2c4ef47e09e319ac4a2010ce5.jpg\" \/>\n\t<meta property=\"og:image:width\" content=\"1800\" \/>\n\t<meta property=\"og:image:height\" content=\"1800\" \/>\n\t<meta property=\"og:image:type\" content=\"image\/jpeg\" \/>\n<meta name=\"twitter:card\" content=\"summary_large_image\" \/>\n<meta name=\"twitter:label1\" content=\"Tiempo de lectura\" \/>\n\t<meta name=\"twitter:data1\" content=\"1 minuto\" \/>\n<script type=\"application\/ld+json\" class=\"yoast-schema-graph\">{\"@context\":\"https:\\\/\\\/schema.org\",\"@graph\":[{\"@type\":\"WebPage\",\"@id\":\"https:\\\/\\\/itemsind.com\\\/tienda\\\/producto\\\/respirador-de-media-cara-moldex-7002\\\/\",\"url\":\"https:\\\/\\\/itemsind.com\\\/tienda\\\/producto\\\/respirador-de-media-cara-moldex-7002\\\/\",\"name\":\"Respirador de media cara Moldex 7002 - Items Industriales\",\"isPartOf\":{\"@id\":\"https:\\\/\\\/itemsind.com\\\/tienda\\\/#website\"},\"primaryImageOfPage\":{\"@id\":\"https:\\\/\\\/itemsind.com\\\/tienda\\\/producto\\\/respirador-de-media-cara-moldex-7002\\\/#primaryimage\"},\"image\":{\"@id\":\"https:\\\/\\\/itemsind.com\\\/tienda\\\/producto\\\/respirador-de-media-cara-moldex-7002\\\/#primaryimage\"},\"thumbnailUrl\":\"https:\\\/\\\/itemsind.com\\\/tienda\\\/wp-content\\\/uploads\\\/2026\\\/03\\\/33ff4bd2c4ef47e09e319ac4a2010ce5.jpg\",\"datePublished\":\"2026-03-11T20:22:14+00:00\",\"dateModified\":\"2026-03-11T20:23:10+00:00\",\"breadcrumb\":{\"@id\":\"https:\\\/\\\/itemsind.com\\\/tienda\\\/producto\\\/respirador-de-media-cara-moldex-7002\\\/#breadcrumb\"},\"inLanguage\":\"es\",\"potentialAction\":[{\"@type\":\"ReadAction\",\"target\":[\"https:\\\/\\\/itemsind.com\\\/tienda\\\/producto\\\/respirador-de-media-cara-moldex-7002\\\/\"]}]},{\"@type\":\"ImageObject\",\"inLanguage\":\"es\",\"@id\":\"https:\\\/\\\/itemsind.com\\\/tienda\\\/producto\\\/respirador-de-media-cara-moldex-7002\\\/#primaryimage\",\"url\":\"https:\\\/\\\/itemsind.com\\\/tienda\\\/wp-content\\\/uploads\\\/2026\\\/03\\\/33ff4bd2c4ef47e09e319ac4a2010ce5.jpg\",\"contentUrl\":\"https:\\\/\\\/itemsind.com\\\/tienda\\\/wp-content\\\/uploads\\\/2026\\\/03\\\/33ff4bd2c4ef47e09e319ac4a2010ce5.jpg\",\"width\":1800,\"height\":1800},{\"@type\":\"BreadcrumbList\",\"@id\":\"https:\\\/\\\/itemsind.com\\\/tienda\\\/producto\\\/respirador-de-media-cara-moldex-7002\\\/#breadcrumb\",\"itemListElement\":[{\"@type\":\"ListItem\",\"position\":1,\"name\":\"Portada\",\"item\":\"https:\\\/\\\/itemsind.com\\\/tienda\\\/\"},{\"@type\":\"ListItem\",\"position\":2,\"name\":\"Tienda\",\"item\":\"https:\\\/\\\/itemsind.com\\\/tienda\\\/tienda\\\/\"},{\"@type\":\"ListItem\",\"position\":3,\"name\":\"Respirador de media cara Moldex 7002\"}]},{\"@type\":\"WebSite\",\"@id\":\"https:\\\/\\\/itemsind.com\\\/tienda\\\/#website\",\"url\":\"https:\\\/\\\/itemsind.com\\\/tienda\\\/\",\"name\":\"Items Industriales\",\"description\":\"Productos y Servicios para Seguridad Industrial\",\"publisher\":{\"@id\":\"https:\\\/\\\/itemsind.com\\\/tienda\\\/#organization\"},\"potentialAction\":[{\"@type\":\"SearchAction\",\"target\":{\"@type\":\"EntryPoint\",\"urlTemplate\":\"https:\\\/\\\/itemsind.com\\\/tienda\\\/?s={search_term_string}\"},\"query-input\":{\"@type\":\"PropertyValueSpecification\",\"valueRequired\":true,\"valueName\":\"search_term_string\"}}],\"inLanguage\":\"es\"},{\"@type\":\"Organization\",\"@id\":\"https:\\\/\\\/itemsind.com\\\/tienda\\\/#organization\",\"name\":\"Items Industriales\",\"url\":\"https:\\\/\\\/itemsind.com\\\/tienda\\\/\",\"logo\":{\"@type\":\"ImageObject\",\"inLanguage\":\"es\",\"@id\":\"https:\\\/\\\/itemsind.com\\\/tienda\\\/#\\\/schema\\\/logo\\\/image\\\/\",\"url\":\"https:\\\/\\\/itemsind.com\\\/tienda\\\/wp-content\\\/uploads\\\/2023\\\/11\\\/items-logo-principal.jpg\",\"contentUrl\":\"https:\\\/\\\/itemsind.com\\\/tienda\\\/wp-content\\\/uploads\\\/2023\\\/11\\\/items-logo-principal.jpg\",\"width\":2120,\"height\":793,\"caption\":\"Items Industriales\"},\"image\":{\"@id\":\"https:\\\/\\\/itemsind.com\\\/tienda\\\/#\\\/schema\\\/logo\\\/image\\\/\"},\"sameAs\":[\"https:\\\/\\\/www.facebook.com\\\/itemsind\",\"https:\\\/\\\/www.instagram.com\\\/itemsind\\\/\"]}]}<\/script>\n<!-- \/ Yoast SEO plugin. -->","yoast_head_json":{"title":"Respirador de media cara Moldex 7002 - Items Industriales","robots":{"index":"index","follow":"follow","max-snippet":"max-snippet:-1","max-image-preview":"max-image-preview:large","max-video-preview":"max-video-preview:-1"},"canonical":"https:\/\/itemsind.com\/tienda\/producto\/respirador-de-media-cara-moldex-7002\/","og_locale":"es_ES","og_type":"article","og_title":"Respirador de media cara Moldex 7002 - Items Industriales","og_description":"Conozca el respirador reutilizable de media m\u00e1scara Moldex\u00ae Serie 7000. Dise\u00f1ado para la protecci\u00f3n. Fabricado para la comodidad. Dise\u00f1amos la m\u00e1scara 7002 para que sea el respirador m\u00e1s f\u00e1cil de usar del mercado. Este respirador cuenta con menos piezas, un mantenimiento m\u00ednimo y un campo de visi\u00f3n m\u00e1s amplio. F\u00e1cil montaje del cartucho\/filtro con bayoneta. Arn\u00e9s de cabeza ajustable para un ajuste personalizado. Es ultraligero, duradero y econ\u00f3mico. \u00bfEl resultado? Protecci\u00f3n respiratoria sencilla, c\u00f3moda y econ\u00f3mica, simplemente f\u00e1cil de usar.","og_url":"https:\/\/itemsind.com\/tienda\/producto\/respirador-de-media-cara-moldex-7002\/","og_site_name":"Items Industriales","article_publisher":"https:\/\/www.facebook.com\/itemsind","article_modified_time":"2026-03-11T20:23:10+00:00","og_image":[{"width":1800,"height":1800,"url":"https:\/\/itemsind.com\/tienda\/wp-content\/uploads\/2026\/03\/33ff4bd2c4ef47e09e319ac4a2010ce5.jpg","type":"image\/jpeg"}],"twitter_card":"summary_large_image","twitter_misc":{"Tiempo de lectura":"1 minuto"},"schema":{"@context":"https:\/\/schema.org","@graph":[{"@type":"WebPage","@id":"https:\/\/itemsind.com\/tienda\/producto\/respirador-de-media-cara-moldex-7002\/","url":"https:\/\/itemsind.com\/tienda\/producto\/respirador-de-media-cara-moldex-7002\/","name":"Respirador de media cara Moldex 7002 - Items Industriales","isPartOf":{"@id":"https:\/\/itemsind.com\/tienda\/#website"},"primaryImageOfPage":{"@id":"https:\/\/itemsind.com\/tienda\/producto\/respirador-de-media-cara-moldex-7002\/#primaryimage"},"image":{"@id":"https:\/\/itemsind.com\/tienda\/producto\/respirador-de-media-cara-moldex-7002\/#primaryimage"},"thumbnailUrl":"https:\/\/itemsind.com\/tienda\/wp-content\/uploads\/2026\/03\/33ff4bd2c4ef47e09e319ac4a2010ce5.jpg","datePublished":"2026-03-11T20:22:14+00:00","dateModified":"2026-03-11T20:23:10+00:00","breadcrumb":{"@id":"https:\/\/itemsind.com\/tienda\/producto\/respirador-de-media-cara-moldex-7002\/#breadcrumb"},"inLanguage":"es","potentialAction":[{"@type":"ReadAction","target":["https:\/\/itemsind.com\/tienda\/producto\/respirador-de-media-cara-moldex-7002\/"]}]},{"@type":"ImageObject","inLanguage":"es","@id":"https:\/\/itemsind.com\/tienda\/producto\/respirador-de-media-cara-moldex-7002\/#primaryimage","url":"https:\/\/itemsind.com\/tienda\/wp-content\/uploads\/2026\/03\/33ff4bd2c4ef47e09e319ac4a2010ce5.jpg","contentUrl":"https:\/\/itemsind.com\/tienda\/wp-content\/uploads\/2026\/03\/33ff4bd2c4ef47e09e319ac4a2010ce5.jpg","width":1800,"height":1800},{"@type":"BreadcrumbList","@id":"https:\/\/itemsind.com\/tienda\/producto\/respirador-de-media-cara-moldex-7002\/#breadcrumb","itemListElement":[{"@type":"ListItem","position":1,"name":"Portada","item":"https:\/\/itemsind.com\/tienda\/"},{"@type":"ListItem","position":2,"name":"Tienda","item":"https:\/\/itemsind.com\/tienda\/tienda\/"},{"@type":"ListItem","position":3,"name":"Respirador de media cara Moldex 7002"}]},{"@type":"WebSite","@id":"https:\/\/itemsind.com\/tienda\/#website","url":"https:\/\/itemsind.com\/tienda\/","name":"Items Industriales","description":"Productos y Servicios para Seguridad Industrial","publisher":{"@id":"https:\/\/itemsind.com\/tienda\/#organization"},"potentialAction":[{"@type":"SearchAction","target":{"@type":"EntryPoint","urlTemplate":"https:\/\/itemsind.com\/tienda\/?s={search_term_string}"},"query-input":{"@type":"PropertyValueSpecification","valueRequired":true,"valueName":"search_term_string"}}],"inLanguage":"es"},{"@type":"Organization","@id":"https:\/\/itemsind.com\/tienda\/#organization","name":"Items Industriales","url":"https:\/\/itemsind.com\/tienda\/","logo":{"@type":"ImageObject","inLanguage":"es","@id":"https:\/\/itemsind.com\/tienda\/#\/schema\/logo\/image\/","url":"https:\/\/itemsind.com\/tienda\/wp-content\/uploads\/2023\/11\/items-logo-principal.jpg","contentUrl":"https:\/\/itemsind.com\/tienda\/wp-content\/uploads\/2023\/11\/items-logo-principal.jpg","width":2120,"height":793,"caption":"Items Industriales"},"image":{"@id":"https:\/\/itemsind.com\/tienda\/#\/schema\/logo\/image\/"},"sameAs":["https:\/\/www.facebook.com\/itemsind","https:\/\/www.instagram.com\/itemsind\/"]}]}},"_links":{"self":[{"href":"https:\/\/itemsind.com\/tienda\/wp-json\/wp\/v2\/product\/17950","targetHints":{"allow":["GET"]}}],"collection":[{"href":"https:\/\/itemsind.com\/tienda\/wp-json\/wp\/v2\/product"}],"about":[{"href":"https:\/\/itemsind.com\/tienda\/wp-json\/wp\/v2\/types\/product"}],"wp:featuredmedia":[{"embeddable":true,"href":"https:\/\/itemsind.com\/tienda\/wp-json\/wp\/v2\/media\/17951"}],"wp:attachment":[{"href":"https:\/\/itemsind.com\/tienda\/wp-json\/wp\/v2\/media?parent=17950"}],"wp:term":[{"taxonomy":"product_brand","embeddable":true,"href":"https:\/\/itemsind.com\/tienda\/wp-json\/wp\/v2\/product_brand?post=17950"},{"taxonomy":"product_cat","embeddable":true,"href":"https:\/\/itemsind.com\/tienda\/wp-json\/wp\/v2\/product_cat?post=17950"},{"taxonomy":"product_tag","embeddable":true,"href":"https:\/\/itemsind.com\/tienda\/wp-json\/wp\/v2\/product_tag?post=17950"}],"curies":[{"name":"wp","href":"https:\/\/api.w.org\/{rel}","templated":true}]}}