{"id":18094,"date":"2026-04-22T15:04:48","date_gmt":"2026-04-22T21:04:48","guid":{"rendered":"https:\/\/itemsind.com\/tienda\/?post_type=product&#038;p=18094"},"modified":"2026-04-22T15:04:49","modified_gmt":"2026-04-22T21:04:49","slug":"bota-de-pvc-hercules-s5","status":"publish","type":"product","link":"https:\/\/itemsind.com\/tienda\/producto\/bota-de-pvc-hercules-s5\/","title":{"rendered":"Bota de PVC-HERCULES S5"},"content":{"rendered":"","protected":false},"excerpt":{"rendered":"<h1 class=\"h5 mb-3\">Bota de seguridad de PVC de alta resistencia a la perforaci\u00f3n<\/h1>\n<div class=\"mb-4\">\n<p class=\"mb-0 font-weight-light\">Entre en el mundo de la seguridad sin igual con las botas de seguridad HERCULES. Fabricadas para los entornos m\u00e1s duros, este calzado ofrece resistencia al deslizamiento, una puntera de acero y una entresuela de acero para la m\u00e1xima protecci\u00f3n. Tanto si trabaja en la industria qu\u00edmica, minera o de la construcci\u00f3n, estas botas impermeables mantendr\u00e1n sus pies secos incluso en las condiciones m\u00e1s h\u00famedas. Adem\u00e1s, su propiedad antiest\u00e1tica le asegura estar a salvo de chispas o cargas est\u00e1ticas. Las caracter\u00edsticas de absorci\u00f3n de energ\u00eda del tal\u00f3n y de alivio del dolor postural del cuerpo garantizan su comodidad durante todo el d\u00eda. En pocas palabras, son los &#8220;H\u00e9rcules&#8221; del calzado de seguridad que ofrecen la m\u00e1xima seguridad sin arruinarse.<\/p>\n<\/div>\n<div class=\"product-details bg-light-gray py-3 mb-3\">\n<ul>\n<li>Prevenci\u00f3n de las chispas o cargas est\u00e1ticas<\/li>\n<li>Tapa de protecci\u00f3n<\/li>\n<li>Anti-deslizante<\/li>\n<li>Resistencia a la penetraci\u00f3n<\/li>\n<li>Impermeable<\/li>\n<li>Protecci\u00f3n de los objetos que caen<\/li>\n<\/ul>\n<\/div>\n","protected":false},"featured_media":18095,"template":"","meta":[],"product_brand":[2362],"product_cat":[2198,2064],"product_tag":[2476,2433,129],"class_list":{"0":"post-18094","1":"product","2":"type-product","3":"status-publish","4":"has-post-thumbnail","6":"product_brand-safety-jogger","7":"product_cat-pies-y-piernas","8":"product_cat-proteccion","9":"product_tag-bota-de-pvc","10":"product_tag-bota-de-seguridad","11":"product_tag-punta-de-acero","14":"instock","15":"taxable","16":"shipping-taxable","17":"product-type-simple"},"yoast_head":"<!-- This site is optimized with the Yoast SEO plugin v27.4 - https:\/\/yoast.com\/product\/yoast-seo-wordpress\/ -->\n<title>Bota de PVC-HERCULES S5 - Items Industriales<\/title>\n<meta name=\"robots\" content=\"index, follow, max-snippet:-1, max-image-preview:large, max-video-preview:-1\" \/>\n<link rel=\"canonical\" href=\"https:\/\/itemsind.com\/tienda\/producto\/bota-de-pvc-hercules-s5\/\" \/>\n<meta property=\"og:locale\" content=\"es_ES\" \/>\n<meta property=\"og:type\" content=\"article\" \/>\n<meta property=\"og:title\" content=\"Bota de PVC-HERCULES S5 - Items Industriales\" \/>\n<meta property=\"og:description\" content=\"Bota de seguridad de PVC de alta resistencia a la perforaci\u00f3n  Entre en el mundo de la seguridad sin igual con las botas de seguridad HERCULES. Fabricadas para los entornos m\u00e1s duros, este calzado ofrece resistencia al deslizamiento, una puntera de acero y una entresuela de acero para la m\u00e1xima protecci\u00f3n. Tanto si trabaja en la industria qu\u00edmica, minera o de la construcci\u00f3n, estas botas impermeables mantendr\u00e1n sus pies secos incluso en las condiciones m\u00e1s h\u00famedas. Adem\u00e1s, su propiedad antiest\u00e1tica le asegura estar a salvo de chispas o cargas est\u00e1ticas. Las caracter\u00edsticas de absorci\u00f3n de energ\u00eda del tal\u00f3n y de alivio del dolor postural del cuerpo garantizan su comodidad durante todo el d\u00eda. En pocas palabras, son los &quot;H\u00e9rcules&quot; del calzado de seguridad que ofrecen la m\u00e1xima seguridad sin arruinarse.      Prevenci\u00f3n de las chispas o cargas est\u00e1ticas  Tapa de protecci\u00f3n  Anti-deslizante  Resistencia a la penetraci\u00f3n  Impermeable  Protecci\u00f3n de los objetos que caen\" \/>\n<meta property=\"og:url\" content=\"https:\/\/itemsind.com\/tienda\/producto\/bota-de-pvc-hercules-s5\/\" \/>\n<meta property=\"og:site_name\" content=\"Items Industriales\" \/>\n<meta property=\"article:publisher\" content=\"https:\/\/www.facebook.com\/itemsind\" \/>\n<meta property=\"article:modified_time\" content=\"2026-04-22T21:04:49+00:00\" \/>\n<meta property=\"og:image\" content=\"https:\/\/itemsind.com\/tienda\/wp-content\/uploads\/2026\/04\/plantilla-productos-WEBSITE-7.png\" \/>\n\t<meta property=\"og:image:width\" content=\"1080\" \/>\n\t<meta property=\"og:image:height\" content=\"1080\" \/>\n\t<meta property=\"og:image:type\" content=\"image\/png\" \/>\n<meta name=\"twitter:card\" content=\"summary_large_image\" \/>\n<meta name=\"twitter:label1\" content=\"Tiempo de lectura\" \/>\n\t<meta name=\"twitter:data1\" content=\"1 minuto\" \/>\n<script type=\"application\/ld+json\" class=\"yoast-schema-graph\">{\"@context\":\"https:\\\/\\\/schema.org\",\"@graph\":[{\"@type\":\"WebPage\",\"@id\":\"https:\\\/\\\/itemsind.com\\\/tienda\\\/producto\\\/bota-de-pvc-hercules-s5\\\/\",\"url\":\"https:\\\/\\\/itemsind.com\\\/tienda\\\/producto\\\/bota-de-pvc-hercules-s5\\\/\",\"name\":\"Bota de PVC-HERCULES S5 - Items Industriales\",\"isPartOf\":{\"@id\":\"https:\\\/\\\/itemsind.com\\\/tienda\\\/#website\"},\"primaryImageOfPage\":{\"@id\":\"https:\\\/\\\/itemsind.com\\\/tienda\\\/producto\\\/bota-de-pvc-hercules-s5\\\/#primaryimage\"},\"image\":{\"@id\":\"https:\\\/\\\/itemsind.com\\\/tienda\\\/producto\\\/bota-de-pvc-hercules-s5\\\/#primaryimage\"},\"thumbnailUrl\":\"https:\\\/\\\/itemsind.com\\\/tienda\\\/wp-content\\\/uploads\\\/2026\\\/04\\\/plantilla-productos-WEBSITE-7.png\",\"datePublished\":\"2026-04-22T21:04:48+00:00\",\"dateModified\":\"2026-04-22T21:04:49+00:00\",\"breadcrumb\":{\"@id\":\"https:\\\/\\\/itemsind.com\\\/tienda\\\/producto\\\/bota-de-pvc-hercules-s5\\\/#breadcrumb\"},\"inLanguage\":\"es\",\"potentialAction\":[{\"@type\":\"ReadAction\",\"target\":[\"https:\\\/\\\/itemsind.com\\\/tienda\\\/producto\\\/bota-de-pvc-hercules-s5\\\/\"]}]},{\"@type\":\"ImageObject\",\"inLanguage\":\"es\",\"@id\":\"https:\\\/\\\/itemsind.com\\\/tienda\\\/producto\\\/bota-de-pvc-hercules-s5\\\/#primaryimage\",\"url\":\"https:\\\/\\\/itemsind.com\\\/tienda\\\/wp-content\\\/uploads\\\/2026\\\/04\\\/plantilla-productos-WEBSITE-7.png\",\"contentUrl\":\"https:\\\/\\\/itemsind.com\\\/tienda\\\/wp-content\\\/uploads\\\/2026\\\/04\\\/plantilla-productos-WEBSITE-7.png\",\"width\":1080,\"height\":1080},{\"@type\":\"BreadcrumbList\",\"@id\":\"https:\\\/\\\/itemsind.com\\\/tienda\\\/producto\\\/bota-de-pvc-hercules-s5\\\/#breadcrumb\",\"itemListElement\":[{\"@type\":\"ListItem\",\"position\":1,\"name\":\"Portada\",\"item\":\"https:\\\/\\\/itemsind.com\\\/tienda\\\/\"},{\"@type\":\"ListItem\",\"position\":2,\"name\":\"Tienda\",\"item\":\"https:\\\/\\\/itemsind.com\\\/tienda\\\/tienda\\\/\"},{\"@type\":\"ListItem\",\"position\":3,\"name\":\"Bota de PVC-HERCULES S5\"}]},{\"@type\":\"WebSite\",\"@id\":\"https:\\\/\\\/itemsind.com\\\/tienda\\\/#website\",\"url\":\"https:\\\/\\\/itemsind.com\\\/tienda\\\/\",\"name\":\"Items Industriales\",\"description\":\"Productos y Servicios para Seguridad Industrial\",\"publisher\":{\"@id\":\"https:\\\/\\\/itemsind.com\\\/tienda\\\/#organization\"},\"potentialAction\":[{\"@type\":\"SearchAction\",\"target\":{\"@type\":\"EntryPoint\",\"urlTemplate\":\"https:\\\/\\\/itemsind.com\\\/tienda\\\/?s={search_term_string}\"},\"query-input\":{\"@type\":\"PropertyValueSpecification\",\"valueRequired\":true,\"valueName\":\"search_term_string\"}}],\"inLanguage\":\"es\"},{\"@type\":\"Organization\",\"@id\":\"https:\\\/\\\/itemsind.com\\\/tienda\\\/#organization\",\"name\":\"Items Industriales\",\"url\":\"https:\\\/\\\/itemsind.com\\\/tienda\\\/\",\"logo\":{\"@type\":\"ImageObject\",\"inLanguage\":\"es\",\"@id\":\"https:\\\/\\\/itemsind.com\\\/tienda\\\/#\\\/schema\\\/logo\\\/image\\\/\",\"url\":\"https:\\\/\\\/itemsind.com\\\/tienda\\\/wp-content\\\/uploads\\\/2023\\\/11\\\/items-logo-principal.jpg\",\"contentUrl\":\"https:\\\/\\\/itemsind.com\\\/tienda\\\/wp-content\\\/uploads\\\/2023\\\/11\\\/items-logo-principal.jpg\",\"width\":2120,\"height\":793,\"caption\":\"Items Industriales\"},\"image\":{\"@id\":\"https:\\\/\\\/itemsind.com\\\/tienda\\\/#\\\/schema\\\/logo\\\/image\\\/\"},\"sameAs\":[\"https:\\\/\\\/www.facebook.com\\\/itemsind\",\"https:\\\/\\\/www.instagram.com\\\/itemsind\\\/\"]}]}<\/script>\n<!-- \/ Yoast SEO plugin. -->","yoast_head_json":{"title":"Bota de PVC-HERCULES S5 - Items Industriales","robots":{"index":"index","follow":"follow","max-snippet":"max-snippet:-1","max-image-preview":"max-image-preview:large","max-video-preview":"max-video-preview:-1"},"canonical":"https:\/\/itemsind.com\/tienda\/producto\/bota-de-pvc-hercules-s5\/","og_locale":"es_ES","og_type":"article","og_title":"Bota de PVC-HERCULES S5 - Items Industriales","og_description":"Bota de seguridad de PVC de alta resistencia a la perforaci\u00f3n  Entre en el mundo de la seguridad sin igual con las botas de seguridad HERCULES. Fabricadas para los entornos m\u00e1s duros, este calzado ofrece resistencia al deslizamiento, una puntera de acero y una entresuela de acero para la m\u00e1xima protecci\u00f3n. Tanto si trabaja en la industria qu\u00edmica, minera o de la construcci\u00f3n, estas botas impermeables mantendr\u00e1n sus pies secos incluso en las condiciones m\u00e1s h\u00famedas. Adem\u00e1s, su propiedad antiest\u00e1tica le asegura estar a salvo de chispas o cargas est\u00e1ticas. Las caracter\u00edsticas de absorci\u00f3n de energ\u00eda del tal\u00f3n y de alivio del dolor postural del cuerpo garantizan su comodidad durante todo el d\u00eda. En pocas palabras, son los \"H\u00e9rcules\" del calzado de seguridad que ofrecen la m\u00e1xima seguridad sin arruinarse.      Prevenci\u00f3n de las chispas o cargas est\u00e1ticas  Tapa de protecci\u00f3n  Anti-deslizante  Resistencia a la penetraci\u00f3n  Impermeable  Protecci\u00f3n de los objetos que caen","og_url":"https:\/\/itemsind.com\/tienda\/producto\/bota-de-pvc-hercules-s5\/","og_site_name":"Items Industriales","article_publisher":"https:\/\/www.facebook.com\/itemsind","article_modified_time":"2026-04-22T21:04:49+00:00","og_image":[{"width":1080,"height":1080,"url":"https:\/\/itemsind.com\/tienda\/wp-content\/uploads\/2026\/04\/plantilla-productos-WEBSITE-7.png","type":"image\/png"}],"twitter_card":"summary_large_image","twitter_misc":{"Tiempo de lectura":"1 minuto"},"schema":{"@context":"https:\/\/schema.org","@graph":[{"@type":"WebPage","@id":"https:\/\/itemsind.com\/tienda\/producto\/bota-de-pvc-hercules-s5\/","url":"https:\/\/itemsind.com\/tienda\/producto\/bota-de-pvc-hercules-s5\/","name":"Bota de PVC-HERCULES S5 - Items Industriales","isPartOf":{"@id":"https:\/\/itemsind.com\/tienda\/#website"},"primaryImageOfPage":{"@id":"https:\/\/itemsind.com\/tienda\/producto\/bota-de-pvc-hercules-s5\/#primaryimage"},"image":{"@id":"https:\/\/itemsind.com\/tienda\/producto\/bota-de-pvc-hercules-s5\/#primaryimage"},"thumbnailUrl":"https:\/\/itemsind.com\/tienda\/wp-content\/uploads\/2026\/04\/plantilla-productos-WEBSITE-7.png","datePublished":"2026-04-22T21:04:48+00:00","dateModified":"2026-04-22T21:04:49+00:00","breadcrumb":{"@id":"https:\/\/itemsind.com\/tienda\/producto\/bota-de-pvc-hercules-s5\/#breadcrumb"},"inLanguage":"es","potentialAction":[{"@type":"ReadAction","target":["https:\/\/itemsind.com\/tienda\/producto\/bota-de-pvc-hercules-s5\/"]}]},{"@type":"ImageObject","inLanguage":"es","@id":"https:\/\/itemsind.com\/tienda\/producto\/bota-de-pvc-hercules-s5\/#primaryimage","url":"https:\/\/itemsind.com\/tienda\/wp-content\/uploads\/2026\/04\/plantilla-productos-WEBSITE-7.png","contentUrl":"https:\/\/itemsind.com\/tienda\/wp-content\/uploads\/2026\/04\/plantilla-productos-WEBSITE-7.png","width":1080,"height":1080},{"@type":"BreadcrumbList","@id":"https:\/\/itemsind.com\/tienda\/producto\/bota-de-pvc-hercules-s5\/#breadcrumb","itemListElement":[{"@type":"ListItem","position":1,"name":"Portada","item":"https:\/\/itemsind.com\/tienda\/"},{"@type":"ListItem","position":2,"name":"Tienda","item":"https:\/\/itemsind.com\/tienda\/tienda\/"},{"@type":"ListItem","position":3,"name":"Bota de PVC-HERCULES S5"}]},{"@type":"WebSite","@id":"https:\/\/itemsind.com\/tienda\/#website","url":"https:\/\/itemsind.com\/tienda\/","name":"Items Industriales","description":"Productos y Servicios para Seguridad Industrial","publisher":{"@id":"https:\/\/itemsind.com\/tienda\/#organization"},"potentialAction":[{"@type":"SearchAction","target":{"@type":"EntryPoint","urlTemplate":"https:\/\/itemsind.com\/tienda\/?s={search_term_string}"},"query-input":{"@type":"PropertyValueSpecification","valueRequired":true,"valueName":"search_term_string"}}],"inLanguage":"es"},{"@type":"Organization","@id":"https:\/\/itemsind.com\/tienda\/#organization","name":"Items Industriales","url":"https:\/\/itemsind.com\/tienda\/","logo":{"@type":"ImageObject","inLanguage":"es","@id":"https:\/\/itemsind.com\/tienda\/#\/schema\/logo\/image\/","url":"https:\/\/itemsind.com\/tienda\/wp-content\/uploads\/2023\/11\/items-logo-principal.jpg","contentUrl":"https:\/\/itemsind.com\/tienda\/wp-content\/uploads\/2023\/11\/items-logo-principal.jpg","width":2120,"height":793,"caption":"Items Industriales"},"image":{"@id":"https:\/\/itemsind.com\/tienda\/#\/schema\/logo\/image\/"},"sameAs":["https:\/\/www.facebook.com\/itemsind","https:\/\/www.instagram.com\/itemsind\/"]}]}},"_links":{"self":[{"href":"https:\/\/itemsind.com\/tienda\/wp-json\/wp\/v2\/product\/18094","targetHints":{"allow":["GET"]}}],"collection":[{"href":"https:\/\/itemsind.com\/tienda\/wp-json\/wp\/v2\/product"}],"about":[{"href":"https:\/\/itemsind.com\/tienda\/wp-json\/wp\/v2\/types\/product"}],"wp:featuredmedia":[{"embeddable":true,"href":"https:\/\/itemsind.com\/tienda\/wp-json\/wp\/v2\/media\/18095"}],"wp:attachment":[{"href":"https:\/\/itemsind.com\/tienda\/wp-json\/wp\/v2\/media?parent=18094"}],"wp:term":[{"taxonomy":"product_brand","embeddable":true,"href":"https:\/\/itemsind.com\/tienda\/wp-json\/wp\/v2\/product_brand?post=18094"},{"taxonomy":"product_cat","embeddable":true,"href":"https:\/\/itemsind.com\/tienda\/wp-json\/wp\/v2\/product_cat?post=18094"},{"taxonomy":"product_tag","embeddable":true,"href":"https:\/\/itemsind.com\/tienda\/wp-json\/wp\/v2\/product_tag?post=18094"}],"curies":[{"name":"wp","href":"https:\/\/api.w.org\/{rel}","templated":true}]}}